{"id":10962,"date":"2022-05-18T15:31:15","date_gmt":"2022-05-18T15:31:15","guid":{"rendered":"https:\/\/ceolawyer.com\/espanol\/?page_id=10962"},"modified":"2025-12-16T13:33:35","modified_gmt":"2025-12-16T13:33:35","slug":"abogado-de-lesiones-personales-georgia","status":"publish","type":"page","link":"https:\/\/ceolawyer.com\/espanol\/abogado-de-lesiones-personales-georgia\/","title":{"rendered":"Abogado de Lesiones Personales de Georgia"},"content":{"rendered":"<p>Nadie empieza su d\u00eda pensando en que va a sufrir un accidente. Sin embargo, basta un instante para que todo cambie: Un choque, una ca\u00edda o un error m\u00e9dico pueden dejarte en el hospital o sin poder trabajar por tiempo indefinido. Y el dolor f\u00edsico no es lo \u00fanico, tambi\u00e9n est\u00e1 la frustraci\u00f3n, la incertidumbre y el miedo de no saber c\u00f3mo vas a salir adelante; adem\u00e1s, si el accidente ocurri\u00f3 por culpa de otra persona, la situaci\u00f3n se vuelve a\u00fan m\u00e1s estresante. En <a href=\"https:\/\/ceolawyer.com\/\">CEO Lawyer, Firma de Abogados para Accidentes de Lesiones Personales<\/a>, sabemos lo dif\u00edcil que puede ser el proceso. Por eso, estamos aqu\u00ed para ayudarte a recuperar lo que te corresponde; nuestro compromiso es velar por tus intereses y los de tu familia para que puedas enfocarte en lo m\u00e1s importante: sanar y retomar tu vida.<\/p>\n<p>Por eso, queremos explicarte, de forma clara y directa, cu\u00e1les son los tipos de demandas m\u00e1s comunes en Georgia en casos de lesiones personales y c\u00f3mo proteger tus derechos o los de un ser querido. Presentar una demanda no es algo que debas enfrentar por tu cuenta. Nosotros nos encargamos de gestionar todo el proceso legal sin que tengas que pagar nada por adelantado, gracias a nuestro sistema de honorarios por contingencia. Ll\u00e1manos al <a href=\"tel:+14708229716\">(470) 822-9716<\/a> y agenda una consulta gratuita y sin compromiso. Haremos una evaluaci\u00f3n de tu caso, te diremos un estimado de su valor y c\u00f3mo podemos ayudarte a recuperar tu tranquilidad.<\/p>\n<h2>En Georgia, cuando alguien se lesiona, acude a CEO Lawyer, Firma de Abogados para Accidentes de Lesiones Personales<\/h2>\n<p>La calidad de vida en Estados Unidos, medida por su <a href=\"https:\/\/datosmacro.expansion.com\/paises\/usa\">PIB per c\u00e1pita y un IDH actualizado en 2024<\/a>, es alta. Sin embargo, esta estabilidad se ve amenazada por imprevistos como accidentes, especialmente considerando que la <a href=\"https:\/\/datosmacro.expansion.com\/paro\/usa\">tasa de desempleo ha aumentado un 0.3% entre 2023 y 2024<\/a>. Un accidente, incluso leve, puede tener un impacto devastador, ya que una estancia hospitalaria de un d\u00eda <a href=\"https:\/\/www.isoa.org\/blog\/cu%C3%A1nto-cuesta-realmente-la-atenci%C3%B3n-m%C3%A9dica-en-los-estados-unidos\">costaba en promedio $2,607 en 2022<\/a>, sin incluir gastos adicionales como ambulancia, pruebas y medicamentos. Por lo tanto, un percance puede alterar por completo la vida de una persona.<\/p>\n<p>Si sufriste un accidente por culpa o negligencia de alguien m\u00e1s, la ley est\u00e1 de tu lado. Nuestra firma analizar\u00e1 tu caso a detalle, reuniremos la evidencia necesaria y construiremos una estrategia s\u00f3lida para ayudarte a obtener la compensaci\u00f3n que mereces. Sabemos c\u00f3mo operan las compa\u00f1\u00edas de seguros: buscan pagar lo menos posible o, incluso, evitar hacerlo. Pero, con un equipo legal de tu lado, podr\u00e1s equilibrar la balanza. Nuestro trabajo es claro: defender tus intereses, proteger tus derechos y ayudarte a recibir lo que necesitas para empezar de nuevo.<\/p>\n<h2>Nuestra firma atiende estos tipos de accidentes<\/h2>\n<p>Cada accidente tiene su historia. Pero, muchas veces, el hilo conductor es el mismo: alguien actu\u00f3 de manera irresponsable. En CEO Lawyer, Firma de Abogados para Accidentes de Lesiones Personales, representamos a las v\u00edctimas de tales casos en una amplia variedad de situaciones, entre ellas:<\/p>\n<ul>\n<li>Accidentes de auto.<\/li>\n<li>Choques con camiones o veh\u00edculos comerciales.<\/li>\n<li>Accidentes en viajes por aplicaci\u00f3n (Uber, Lyft, etc.).<\/li>\n<li>Accidentes en bicicleta o peatonales.<\/li>\n<li>Accidentes causados por conductores ebrios o bajo la influencia de sustancias.<\/li>\n<li>Negligencia m\u00e9dica.<\/li>\n<li>Casos de compensaci\u00f3n laboral.<\/li>\n<li>Muerte por negligencia.<\/li>\n<li>Violaciones a derechos civiles.<\/li>\n<\/ul>\n<p>Cada caso es \u00fanico. Por eso analizamos tus circunstancias espec\u00edficas, el tipo de lesi\u00f3n (o lesiones) que sufriste, y los antecedentes legales del accidente. Con base en eso, dise\u00f1amos una estrategia personalizada que te ayuda a obtener los mejores resultados posibles.<\/p>\n<p><strong>Aviso importante:<\/strong> La informaci\u00f3n en este art\u00edculo es meramente informativa y no debe tomarse como un consejo legal. No existe una garant\u00eda de \u00e9xito para casos futuros. Ponte en <a href=\"https:\/\/ceolawyer.com\/espanol\/contacto-con-nosotros\/\">contacto con nosotros<\/a> para discutir los particulares de tu situaci\u00f3n.<\/p>\n<h2>\u00bfCu\u00e1nto podr\u00eda valer tu caso?<\/h2>\n<p>Determinar el valor de tu demanda por lesiones personales no se trata solo de n\u00fameros. Se trata de reconocer todo lo que perdiste: tu salud, tu tiempo, tus ingresos y, en muchos casos, tu estabilidad mental y emocional. Nuestra firma evaluar\u00e1 cada aspecto de tu caso para calcular una compensaci\u00f3n justa. Dependiendo de tus circunstancias, puedes recibir una indemnizaci\u00f3n por:<\/p>\n<ul>\n<li>Gastos m\u00e9dicos y hospitalarios.<\/li>\n<li>Medicamentos, terapias y rehabilitaci\u00f3n.<\/li>\n<li>Cirug\u00edas o tratamiento a largo plazo.<\/li>\n<li>Transporte para tus citas m\u00e9dicas.<\/li>\n<li>Reparaci\u00f3n o reemplazo de tu auto o pertenencias.<\/li>\n<li>Los ingresos que perdiste por no poder trabajar.<\/li>\n<li>Dolor f\u00edsico y emocional.<\/li>\n<li>Ansiedad, depresi\u00f3n y la p\u00e9rdida en tu calidad de vida.<\/li>\n<\/ul>\n<p>Nos encargaremos de que cada detalle sea considerado para que recibas la compensaci\u00f3n que realmente refleje el impacto que el accidente tuvo en tu vida. Y, as\u00ed tambi\u00e9n recuperes la estabilidad y la seguridad que perdiste.<\/p>\n<h2>\u00bfQu\u00e9 hacer despu\u00e9s de un accidente?<\/h2>\n<p>Los minutos despu\u00e9s de un accidente pueden sentirse como los m\u00e1s ca\u00f3ticos de tu vida, y muchas personas piensan que \u201clas cosas se resolver\u00e1n solas\u201d o que el seguro se encargar\u00e1 de cubrir los gastos. Pero las decisiones que tomes en ese momento pueden marcar una diferencia enorme en tu caso. Aqu\u00ed tienes algunos pasos importantes que te ayudar\u00e1n a protegerse:<\/p>\n<ol>\n<li><strong>Toma fotos y videos del lugar: <\/strong>Documenta los da\u00f1os, tus lesiones y de los que iban contigo, as\u00ed como cualquier detalle que pueda servir como \u00a0.<\/li>\n<li><strong>Busca atenci\u00f3n m\u00e9dica inmediatamente: <\/strong>No solo porque tu salud es lo m\u00e1s importante, sino para crear un registro m\u00e9dico que respalde tu demanda.<\/li>\n<li><strong>Gu\u00e1rdalo todo: <\/strong>Desde recibos, hasta la ropa que llevabas puesta ese d\u00eda. De nuevo, cualquier cosa puede ser \u00fatil para demostrar lo que sucedi\u00f3.<\/li>\n<li><strong>No hables con tu compa\u00f1\u00eda de seguros: <\/strong>Esto puede sonar contradictorio, pero el trabajo de una aseguradora es el de obtener declaraciones que reduzcan tu compensaci\u00f3n. Deja que tu representante legal se encargue de gestionar la comunicaci\u00f3n con ellos.<\/li>\n<li><strong>Busca asesor\u00eda legal: <\/strong>Contar con apoyo legal desde el inici\u00f3 podr\u00e1 evitarte errores que, a la larga, pueden afectar tu caso. Deja que el equipo de nuestra firma se haga cargo de la gesti\u00f3n y los tr\u00e1mites, y enf\u00f3cate en tu recuperaci\u00f3n.<\/li>\n<\/ol>\n<h2>\u00bfQui\u00e9n puede ser legalmente responsable de tu lesi\u00f3n?<\/h2>\n<p>En t\u00e9rminos sencillos, cualquier persona o entidad que haya actuado con negligencia puede ser responsable por tus da\u00f1os. Eso significa que no siempre es obvio qui\u00e9n debe pagar. Nuestro equipo se encargar\u00e1 de investigar a fondo y determinar qui\u00e9n (o qui\u00e9nes) tienen responsabilidad legal. Algunos ejemplos comunes incluyen:<\/p>\n<ul>\n<li>Conductores irresponsables o sin seguro.<\/li>\n<li>Empresas que emplean a conductores negligentes.<\/li>\n<li>Propietarios de locales donde ocurri\u00f3 una ca\u00edda o accidente.<\/li>\n<li>Due\u00f1os de perros que atacan a otras personas.<\/li>\n<li>Fabricantes de productos defectuosos o peligrosos.<\/li>\n<li>M\u00e9dicos, cl\u00ednicas u hospitales que no siguieron el protocolo adecuado.<\/li>\n<li>Compa\u00f1\u00edas de seguros que se encargan de compensaciones laborales.<\/li>\n<li>Personas o empresas responsables de la muerte de un ser querido.<\/li>\n<\/ul>\n<p>Nuestro equipo conoce tanto las leyes estatales de Georgia como las federales, y contamos con una red de expertos a quienes podemos consultar para que brinden su opini\u00f3n y, as\u00ed, construir un argumento s\u00f3lido que demuestre la responsabilidad de los otros involucrados.<\/p>\n<h2>\u00bfQu\u00e9 puede hacer una firma de abogados de lesiones personales por ti?<\/h2>\n<h3>Consultor\u00eda e investigaci\u00f3n jur\u00eddica.<\/h3>\n<p>Todo comienza con escuchar tu historia. Nuestro equipo analizar\u00e1 cuidadosamente los detalles de tu accidente y revisar\u00e1 las leyes aplicables en Georgia, las p\u00f3lizas de seguro involucradas y los resultados de casos similares. El objetivo es encontrar la mejor estrategia para demostrar la responsabilidad de la otra parte y que se reconozcan todos los datos que sufriste \u2014 tanto f\u00edsico como emocionales y econ\u00f3micos.<\/p>\n<h3>Valoraci\u00f3n de tu demanda<\/h3>\n<p>Nos encargamos de evaluar todos los factores para determinar el valor real de tu demanda. Revisaremos a detalle tus gastos m\u00e9dicos, los d\u00edas de trabajo que hayas perdido, los da\u00f1os a tu propiedad o cualquier otra p\u00e9rdida econ\u00f3mica. Tambi\u00e9n consultamos a expertos m\u00e9dicos y economistas para proyectar cu\u00e1nto te costar\u00e1 recuperarte completamente, tanto en tiempo como financieramente. Esta visi\u00f3n integral nos permitir\u00e1 exigir una compensaci\u00f3n que no solo cubra tus p\u00e9rdidas actuales, sino tambi\u00e9n las p\u00e9rdidas que puedas sufrir a futuro.<\/p>\n<h3>Negociaci\u00f3n con aseguradoras y otros abogados<\/h3>\n<p>Una de las partes m\u00e1s complicadas de cualquier caso de lesiones personales es lidiar con las compa\u00f1\u00edas de seguros. Aunque parezcan dispuestas a ayudarte, su prioridad es proteger sus intereses, no los tuyos. Muchas veces intentan reducir sus costos ofreciendo acuerdos r\u00e1pidos por montos que no alcanzan a cubrir tus necesidades. Otras, usan tus propias palabras en tu contra: una simple declaraci\u00f3n puede ser manipulada para sugerir que t\u00fa tuviste la culpa o que tus lesiones no son tan graves. Como tus representantes legales, nuestro objetivo es que los t\u00e9rminos de tu acuerdo sean los m\u00e1s favorables.<\/p>\n<h3>Apoyo en un momento dif\u00edcil<\/h3>\n<p>Adem\u00e1s de representarte legalmente, te ofrecemos una orientaci\u00f3n constante: te ayudamos a entender tus derechos, cu\u00e1les son tus opciones y los pasos a seguir para que sientas que tienes el control de tu caso, incluso si las circunstancias hagan que parezcan contradictorias. Nuestro equipo tambi\u00e9n puede ayudarte a encontrar atenci\u00f3n m\u00e9dica adecuada o especialistas que eval\u00faen tus lesiones, especialmente si necesitas pruebas adicionales para respaldar tu caso.<\/p>\n<h2>Recupera el control de tu vida<\/h2>\n<p>Sabemos que detr\u00e1s de cada caso hay una historia: una familia preocupada, un trabajador que perdi\u00f3 su fuente de ingresos, una persona que solo quiere volver a la normalidad. Por eso, en CEO Lawyer, Firma de Abogados para Accidentes de Lesiones Personales, tratamos cada caso con empat\u00eda, profesionalismo y determinaci\u00f3n. Sabemos que tomar la decisi\u00f3n de hablar con un abogado puede dar miedo, pero es el paso m\u00e1s importante hacia tu recuperaci\u00f3n. D\u00e9janos escuchar tu historia y guiarte con un plan claro. Completa nuestro formulario o ll\u00e1manos al <a href=\"tel:+14708229716\">(470) 822-9716<\/a> para programar una consulta gratuita.<\/p>\n","protected":false},"excerpt":{"rendered":"<p>Nadie empieza su d\u00eda pensando en que va a sufrir un accidente. Sin embargo, basta un instante para que todo cambie: Un choque, una ca\u00edda o un error m\u00e9dico pueden dejarte en el hospital o sin poder trabajar por tiempo indefinido. Y el dolor f\u00edsico no es lo \u00fanico, tambi\u00e9n est\u00e1 la frustraci\u00f3n, la incertidumbre [&hellip;]<\/p>\n","protected":false},"author":22,"featured_media":0,"parent":0,"menu_order":0,"comment_status":"closed","ping_status":"closed","template":"template-geo-pages.php","meta":{"_acf_changed":false,"footnotes":""},"class_list":["post-10962","page","type-page","status-publish","hentry"],"acf":[],"yoast_head":"<!-- This site is optimized with the Yoast SEO plugin v27.2 - https:\/\/yoast.com\/product\/yoast-seo-wordpress\/ -->\n<title>Abogado de Lesiones Personales de Georgia | CEO Lawyer<\/title>\n<meta name=\"description\" content=\"\u00bfEst\u00e1 buscando un abogado de lesiones personales en Georgia que pueda ayudarlo a reclamar la compensaci\u00f3n que merece? No busques m\u00e1s, estamos aqu\u00ed para ayudarte. P\u00f3ngase en contacto con nosotros hoy.\" \/>\n<meta name=\"robots\" content=\"index, follow, max-snippet:-1, max-image-preview:large, max-video-preview:-1\" \/>\n<link rel=\"canonical\" href=\"https:\/\/ceolawyer.com\/espanol\/abogado-de-lesiones-personales-georgia\/\" \/>\n<meta property=\"og:locale\" content=\"en_US\" \/>\n<meta property=\"og:type\" content=\"article\" \/>\n<meta property=\"og:title\" content=\"Abogado de Lesiones Personales de Georgia | CEO Lawyer\" \/>\n<meta property=\"og:description\" content=\"\u00bfEst\u00e1 buscando un abogado de lesiones personales en Georgia que pueda ayudarlo a reclamar la compensaci\u00f3n que merece? No busques m\u00e1s, estamos aqu\u00ed para ayudarte. P\u00f3ngase en contacto con nosotros hoy.\" \/>\n<meta property=\"og:url\" content=\"https:\/\/ceolawyer.com\/espanol\/abogado-de-lesiones-personales-georgia\/\" \/>\n<meta property=\"og:site_name\" content=\"CEO Lawyer\" \/>\n<meta property=\"article:modified_time\" content=\"2025-12-16T13:33:35+00:00\" \/>\n<meta name=\"twitter:card\" content=\"summary_large_image\" \/>\n<meta name=\"twitter:label1\" content=\"Est. reading time\" \/>\n\t<meta name=\"twitter:data1\" content=\"7 minutes\" \/>\n<script type=\"application\/ld+json\" class=\"yoast-schema-graph\">{\"@context\":\"https:\/\/schema.org\",\"@graph\":[{\"@type\":\"WebPage\",\"@id\":\"https:\/\/ceolawyer.com\/espanol\/abogado-de-lesiones-personales-georgia\/\",\"url\":\"https:\/\/ceolawyer.com\/espanol\/abogado-de-lesiones-personales-georgia\/\",\"name\":\"Abogado de Lesiones Personales de Georgia | CEO Lawyer\",\"isPartOf\":{\"@id\":\"https:\/\/ceolawyer.com\/espanol\/#website\"},\"datePublished\":\"2022-05-18T15:31:15+00:00\",\"dateModified\":\"2025-12-16T13:33:35+00:00\",\"description\":\"\u00bfEst\u00e1 buscando un abogado de lesiones personales en Georgia que pueda ayudarlo a reclamar la compensaci\u00f3n que merece? No busques m\u00e1s, estamos aqu\u00ed para ayudarte. P\u00f3ngase en contacto con nosotros hoy.\",\"breadcrumb\":{\"@id\":\"https:\/\/ceolawyer.com\/espanol\/abogado-de-lesiones-personales-georgia\/#breadcrumb\"},\"inLanguage\":\"en-US\",\"potentialAction\":[{\"@type\":\"ReadAction\",\"target\":[\"https:\/\/ceolawyer.com\/espanol\/abogado-de-lesiones-personales-georgia\/\"]}]},{\"@type\":\"BreadcrumbList\",\"@id\":\"https:\/\/ceolawyer.com\/espanol\/abogado-de-lesiones-personales-georgia\/#breadcrumb\",\"itemListElement\":[{\"@type\":\"ListItem\",\"position\":1,\"name\":\"Home\",\"item\":\"https:\/\/ceolawyer.com\/espanol\/\"},{\"@type\":\"ListItem\",\"position\":2,\"name\":\"Abogado de Lesiones Personales de Georgia\"}]},{\"@type\":\"WebSite\",\"@id\":\"https:\/\/ceolawyer.com\/espanol\/#website\",\"url\":\"https:\/\/ceolawyer.com\/espanol\/\",\"name\":\"CEO Lawyer\",\"description\":\"Personal Injury Attorney\",\"publisher\":{\"@id\":\"https:\/\/ceolawyer.com\/espanol\/#organization\"},\"potentialAction\":[{\"@type\":\"SearchAction\",\"target\":{\"@type\":\"EntryPoint\",\"urlTemplate\":\"https:\/\/ceolawyer.com\/espanol\/?s={search_term_string}\"},\"query-input\":{\"@type\":\"PropertyValueSpecification\",\"valueRequired\":true,\"valueName\":\"search_term_string\"}}],\"inLanguage\":\"en-US\"},{\"@type\":\"Organization\",\"@id\":\"https:\/\/ceolawyer.com\/espanol\/#organization\",\"name\":\"CEO Lawyer\",\"url\":\"https:\/\/ceolawyer.com\/espanol\/\",\"logo\":{\"@type\":\"ImageObject\",\"inLanguage\":\"en-US\",\"@id\":\"https:\/\/ceolawyer.com\/espanol\/#\/schema\/logo\/image\/\",\"url\":\"https:\/\/ceolawyer.com\/espanol\/wp-content\/uploads\/sites\/2\/2022\/05\/CEO_Logo.png\",\"contentUrl\":\"https:\/\/ceolawyer.com\/espanol\/wp-content\/uploads\/sites\/2\/2022\/05\/CEO_Logo.png\",\"width\":200,\"height\":108,\"caption\":\"CEO Lawyer\"},\"image\":{\"@id\":\"https:\/\/ceolawyer.com\/espanol\/#\/schema\/logo\/image\/\"}}]}<\/script>\n<!-- \/ Yoast SEO plugin. -->","yoast_head_json":{"title":"Abogado de Lesiones Personales de Georgia | CEO Lawyer","description":"\u00bfEst\u00e1 buscando un abogado de lesiones personales en Georgia que pueda ayudarlo a reclamar la compensaci\u00f3n que merece? No busques m\u00e1s, estamos aqu\u00ed para ayudarte. P\u00f3ngase en contacto con nosotros hoy.","robots":{"index":"index","follow":"follow","max-snippet":"max-snippet:-1","max-image-preview":"max-image-preview:large","max-video-preview":"max-video-preview:-1"},"canonical":"https:\/\/ceolawyer.com\/espanol\/abogado-de-lesiones-personales-georgia\/","og_locale":"en_US","og_type":"article","og_title":"Abogado de Lesiones Personales de Georgia | CEO Lawyer","og_description":"\u00bfEst\u00e1 buscando un abogado de lesiones personales en Georgia que pueda ayudarlo a reclamar la compensaci\u00f3n que merece? No busques m\u00e1s, estamos aqu\u00ed para ayudarte. P\u00f3ngase en contacto con nosotros hoy.","og_url":"https:\/\/ceolawyer.com\/espanol\/abogado-de-lesiones-personales-georgia\/","og_site_name":"CEO Lawyer","article_modified_time":"2025-12-16T13:33:35+00:00","twitter_card":"summary_large_image","twitter_misc":{"Est. reading time":"7 minutes"},"schema":{"@context":"https:\/\/schema.org","@graph":[{"@type":"WebPage","@id":"https:\/\/ceolawyer.com\/espanol\/abogado-de-lesiones-personales-georgia\/","url":"https:\/\/ceolawyer.com\/espanol\/abogado-de-lesiones-personales-georgia\/","name":"Abogado de Lesiones Personales de Georgia | CEO Lawyer","isPartOf":{"@id":"https:\/\/ceolawyer.com\/espanol\/#website"},"datePublished":"2022-05-18T15:31:15+00:00","dateModified":"2025-12-16T13:33:35+00:00","description":"\u00bfEst\u00e1 buscando un abogado de lesiones personales en Georgia que pueda ayudarlo a reclamar la compensaci\u00f3n que merece? No busques m\u00e1s, estamos aqu\u00ed para ayudarte. P\u00f3ngase en contacto con nosotros hoy.","breadcrumb":{"@id":"https:\/\/ceolawyer.com\/espanol\/abogado-de-lesiones-personales-georgia\/#breadcrumb"},"inLanguage":"en-US","potentialAction":[{"@type":"ReadAction","target":["https:\/\/ceolawyer.com\/espanol\/abogado-de-lesiones-personales-georgia\/"]}]},{"@type":"BreadcrumbList","@id":"https:\/\/ceolawyer.com\/espanol\/abogado-de-lesiones-personales-georgia\/#breadcrumb","itemListElement":[{"@type":"ListItem","position":1,"name":"Home","item":"https:\/\/ceolawyer.com\/espanol\/"},{"@type":"ListItem","position":2,"name":"Abogado de Lesiones Personales de Georgia"}]},{"@type":"WebSite","@id":"https:\/\/ceolawyer.com\/espanol\/#website","url":"https:\/\/ceolawyer.com\/espanol\/","name":"CEO Lawyer","description":"Personal Injury Attorney","publisher":{"@id":"https:\/\/ceolawyer.com\/espanol\/#organization"},"potentialAction":[{"@type":"SearchAction","target":{"@type":"EntryPoint","urlTemplate":"https:\/\/ceolawyer.com\/espanol\/?s={search_term_string}"},"query-input":{"@type":"PropertyValueSpecification","valueRequired":true,"valueName":"search_term_string"}}],"inLanguage":"en-US"},{"@type":"Organization","@id":"https:\/\/ceolawyer.com\/espanol\/#organization","name":"CEO Lawyer","url":"https:\/\/ceolawyer.com\/espanol\/","logo":{"@type":"ImageObject","inLanguage":"en-US","@id":"https:\/\/ceolawyer.com\/espanol\/#\/schema\/logo\/image\/","url":"https:\/\/ceolawyer.com\/espanol\/wp-content\/uploads\/sites\/2\/2022\/05\/CEO_Logo.png","contentUrl":"https:\/\/ceolawyer.com\/espanol\/wp-content\/uploads\/sites\/2\/2022\/05\/CEO_Logo.png","width":200,"height":108,"caption":"CEO Lawyer"},"image":{"@id":"https:\/\/ceolawyer.com\/espanol\/#\/schema\/logo\/image\/"}}]}},"_links":{"self":[{"href":"https:\/\/ceolawyer.com\/espanol\/wp-json\/wp\/v2\/pages\/10962","targetHints":{"allow":["GET"]}}],"collection":[{"href":"https:\/\/ceolawyer.com\/espanol\/wp-json\/wp\/v2\/pages"}],"about":[{"href":"https:\/\/ceolawyer.com\/espanol\/wp-json\/wp\/v2\/types\/page"}],"author":[{"embeddable":true,"href":"https:\/\/ceolawyer.com\/espanol\/wp-json\/wp\/v2\/users\/22"}],"replies":[{"embeddable":true,"href":"https:\/\/ceolawyer.com\/espanol\/wp-json\/wp\/v2\/comments?post=10962"}],"version-history":[{"count":0,"href":"https:\/\/ceolawyer.com\/espanol\/wp-json\/wp\/v2\/pages\/10962\/revisions"}],"wp:attachment":[{"href":"https:\/\/ceolawyer.com\/espanol\/wp-json\/wp\/v2\/media?parent=10962"}],"curies":[{"name":"wp","href":"https:\/\/api.w.org\/{rel}","templated":true}]}}