{"id":11014,"date":"2022-05-18T18:55:57","date_gmt":"2022-05-18T18:55:57","guid":{"rendered":"https:\/\/ceolawyer.com\/espanol\/?page_id=11014"},"modified":"2025-12-16T15:20:25","modified_gmt":"2025-12-16T15:20:25","slug":"abogado-de-accidentes-de-motocicleta","status":"publish","type":"page","link":"https:\/\/ceolawyer.com\/espanol\/abogado-de-lesiones-personales-georgia\/abogado-de-accidentes-de-motocicleta\/","title":{"rendered":"Abogado de Accidentes de Motocicleta en Georgia"},"content":{"rendered":"<p><img decoding=\"async\" class=\"alignright size-full wp-image-12669\" src=\"https:\/\/ceolawyer.com\/espanol\/wp-content\/uploads\/sites\/2\/2025\/12\/georgia-motorcycle-accident-lawyer.webp\" alt=\"Accidente de motocicleta en Georgia\" width=\"500\" height=\"333\" srcset=\"https:\/\/ceolawyer.com\/espanol\/wp-content\/uploads\/sites\/2\/2025\/12\/georgia-motorcycle-accident-lawyer.webp 500w, https:\/\/ceolawyer.com\/espanol\/wp-content\/uploads\/sites\/2\/2025\/12\/georgia-motorcycle-accident-lawyer-300x200.webp 300w\" sizes=\"(max-width: 500px) 100vw, 500px\" \/>Subirse a una motocicleta puede ser una experiencia incre\u00edble: sentir el viento en la cara, la emoci\u00f3n de cada ruta, un escape de lo cotidiano. Pero un accidente puede cambiar tu vida en segundos. Los estragos f\u00edsicos, los gastos m\u00e9dicos, las jornadas de trabajo que puedes perder y la ansiedad por lo que viene puede ser agotador. En <a href=\"https:\/\/ceolawyer.com\/espanol\/\">CEO Lawyer, Firma de Abogados para Accidentes de Lesiones Personales<\/a>, sabemos lo que significan este tipo de accidentes: una interrupci\u00f3n de tu vida. Y por eso estamos aqu\u00ed para ayudarte a retomar el camino, con asesor\u00eda que entiende tu situaci\u00f3n, donde te explicaremos tus derechos y empezaremos el proceso para que recibas la compensaci\u00f3n que realmente necesitas.<\/p>\n<p>Comun\u00edcate con nosotros al <a href=\"tel:+14708229411\">(470) 822-9411<\/a> \u2014 la consulta inicial es totalmente gratis y no tienes obligaci\u00f3n de contratar nuestros servicios, pero podr\u00eda marcar la diferencia.<\/p>\n<h3>\u00bfPor qu\u00e9 necesitar\u00e1s a un abogado de accidentes de motocicleta que brinda servicios en Georgia?<\/h3>\n<p>Georgia, con sus rutas que van desde las monta\u00f1as, a los campos y hasta la costa, es un lugar ideal para andar en moto. Y no es sorpresa que se encuentre entre los primeros 20 estados del pa\u00eds con m\u00e1s motocicletas registradas. Pero ese volumen tambi\u00e9n trae riesgos, por ejemplo: seg\u00fan las estad\u00edsticas m\u00e1s recientes de la Oficina del Gobernador de Seguridad en Carreteras, en 2022 los accidentes que involucraron motocicletas tuvieron <a href=\"https:\/\/www.gahighwaysafety.org\/wp-content\/uploads\/2024\/06\/2022-Motorcycles-Georgia-Traffic-Safety-Facts.pdf\">una tasa de 1,910.5 choques por cada 100 mil motos registradas<\/a>.<\/p>\n<p>Aunque las motos puedan tener menor volumen, las consecuencias cuando ocurre un accidente suelen ser mucho m\u00e1s graves. En otras palabras: aunque tu motocicleta forme parte de un peque\u00f1o porcentaje de veh\u00edculos en las carreteras de Georgia, tus riesgos y tus p\u00e9rdidas pueden ser desproporcionadamente grandes. Y en CEO Lawyer, Firma de Abogados para Accidentes de Lesiones personales, nos enfocamos en ayudarte a recuperar esos da\u00f1os.<\/p>\n<p><em>Nota: el contenido incluido en el enlace anterior est\u00e1 en ingl\u00e9s, pero es una fuente oficial del estado de Georgia.<\/em><\/p>\n<h3>\u00bfQu\u00e9 puede hacer un abogado que gestiona accidentes de motocicleta?<\/h3>\n<p>No se trata solo de llenar papeles. Un abogado interviene para protegerte y para que recibas una compensaci\u00f3n justa. Contar con apoyo legal te ayudar\u00e1 a:<\/p>\n<ul>\n<li>Entender claramente cu\u00e1les son tus derechos.<\/li>\n<li>Calcular el valor real de tu demanda, incluyendo p\u00e9rdidas pasadas y futuras.<\/li>\n<li>Delegar toda la comunicaci\u00f3n con las compa\u00f1\u00edas de seguros u otros abogados para que tu puedas enfocarte en sanar.<\/li>\n<li>Obtener servicios complementarios como renta de autos, talleres de reparaci\u00f3n, m\u00e9dicos que no cobren por adelantado.<\/li>\n<li>Estar preparado para ir a juicio si las partes responsables no ofrecen una indemnizaci\u00f3n justa.<\/li>\n<\/ul>\n<p>En CEO Lawyer, Firma de Abogados para Accidentes de Lesiones Personales, sabemos que cualquier compensaci\u00f3n no solo cubre las facturas: tambi\u00e9n es darle a tu vida, a tu rutina y a tu capacidad de disfrutar de las cosas que amabas hacer, un nuevo comienzo.<\/p>\n<h2>\u00bfCu\u00e1les son las causas m\u00e1s comunes de accidentes de motocicleta?<\/h2>\n<p>Como con los autos, existen m\u00faltiples razones por las que puede ocurrir un accidente en moto. Pero a diferencia de un choque menor entre autom\u00f3viles, para los motociclistas no hay margen de error ya que la protecci\u00f3n con la que cuentan es m\u00ednima. Algunas de las causas frecuentes de accidentes son:<\/p>\n<ul>\n<li><strong>Giros a la izquierda. <\/strong>Ocurren cuando un auto da vuelta en esa direcci\u00f3n y \u201cno ve\u201d o no cede el paso al motociclista.<\/li>\n<li><strong>Impactos por detr\u00e1s. <\/strong>Puede desencadenar ca\u00eddas graves o que el motociclista quede bajo las ruedas del otro veh\u00edculo.<\/li>\n<li><strong>Cambios de carril sin ver. <\/strong>Las motos son m\u00e1s peque\u00f1as y pueden quedar en puntos ciegos; si un auto cambia de carril sin verificar primero, el golpe puede ser grave.<\/li>\n<li><strong>Escombros y pavimento en mal estado. <\/strong>Cualquier irregularidad en la v\u00eda puede hacer que pierdas el control de inmediato.<\/li>\n<li><strong>Conducir bajo los efectos del alcohol u otras substancias.<\/strong><\/li>\n<li><strong>Condiciones clim\u00e1ticas adversas. <\/strong>La lluvia, el viento o cambios bruscos hacen que una moto sea mucho m\u00e1s vulnerable que un auto.<\/li>\n<\/ul>\n<h2>Lesiones comunes en accidentes de motocicleta<\/h2>\n<p>Como ya lo discutimos, cuando ocurre un accidente que involucra motocicletas, los da\u00f1os pueden ser devastadores. Las lesiones en este tipo de casos incluyen:<\/p>\n<ul>\n<li>Traumatismo cerebral.<\/li>\n<li>Lesiones en la columna vertebral.<\/li>\n<li>Fracturas m\u00faltiples.<\/li>\n<li>Abrasiones por el asfalto.<\/li>\n<li><\/li>\n<li>Lesiones o discapacidades permanentes.<\/li>\n<\/ul>\n<p>Aunque creas que tus heridas \u201cno fueron para tanto\u201d, es recomendable que busques atenci\u00f3n m\u00e9dica. Muchas veces, las lesiones internas o las secuelas se manifiestan d\u00edas despu\u00e9s, y sin el registro m\u00e9dico adecuado, las compa\u00f1\u00edas de seguro podr\u00edan argumentar que tus lesiones no fueron causadas por el accidente.<\/p>\n<h2>P\u00e9rdidas que puedes reclamar<\/h2>\n<p>Aunque cada caso es \u00fanico, tu accidente puede permitirte solicitar compensaci\u00f3n por:<\/p>\n<ul>\n<li>Facturas m\u00e9dicas pasadas y futuras.<\/li>\n<li>Terapias de rehabilitaci\u00f3n.<\/li>\n<li>Salarios perdidos y compensaci\u00f3n por si no puedes regresar a trabajar.<\/li>\n<li>Da\u00f1os a tu motocicleta y otros bienes.<\/li>\n<li>Dolor y sufrimiento, incluyendo angustia emocional.<\/li>\n<li>Cicatrices, discapacidad y la p\u00e9rdida de la alegr\u00eda de vivir.<\/li>\n<\/ul>\n<p>Nuestro equipo se asegurar\u00e1 de que tu caso se valore correctamente y que recibas la compensaci\u00f3n que refleje la magnitud de tus p\u00e9rdidas.<\/p>\n<p><strong>Aviso importante:<\/strong> La informaci\u00f3n en este art\u00edculo es meramente informativa y no debe tomarse como un consejo legal. No existe una garant\u00eda de \u00e9xito para casos futuros. Ponte en <a href=\"https:\/\/ceolawyer.com\/espanol\/contacto-con-nosotros\/\">contacto con nosotros<\/a> para discutir los particulares de tu situaci\u00f3n.<\/p>\n<h2>Contacta a nuestra firma de abogados de accidentes de motocicleta que brinda servicios en Georgia<\/h2>\n<p>Es normal sentir que el mundo se te vino encima despu\u00e9s de un accidente de motocicleta: ver tu moto destrozada, tu cuerpo lastimado, la incertidumbre sobre lo que va a pasar despu\u00e9s\u2026 pero no est\u00e1s solo. En CEO Lawyer, Firma de Abogados de Accidentes de Lesiones Personales, tu historia nos motiva y tu recuperaci\u00f3n es nuestra prioridad. Llama hoy al <a href=\"tel:+14708229411\">(470) 822-9411<\/a> o completa nuestro formulario para agendar una consulta gratuita y sin compromiso. Queremos ayudarte a que recuperes tu dignidad, a que puedas volver a subirte a tu moto si as\u00ed lo deseas y a que recibas la indemnizaci\u00f3n que te corresponde.<\/p>\n<p>&nbsp;<\/p>\n","protected":false},"excerpt":{"rendered":"<p>Subirse a una motocicleta puede ser una experiencia incre\u00edble: sentir el viento en la cara, la emoci\u00f3n de cada ruta, un escape de lo cotidiano. Pero un accidente puede cambiar tu vida en segundos. Los estragos f\u00edsicos, los gastos m\u00e9dicos, las jornadas de trabajo que puedes perder y la ansiedad por lo que viene puede [&hellip;]<\/p>\n","protected":false},"author":22,"featured_media":12669,"parent":10962,"menu_order":0,"comment_status":"closed","ping_status":"closed","template":"","meta":{"_acf_changed":false,"footnotes":""},"class_list":["post-11014","page","type-page","status-publish","has-post-thumbnail","hentry"],"acf":[],"yoast_head":"<!-- This site is optimized with the Yoast SEO plugin v27.4 - https:\/\/yoast.com\/product\/yoast-seo-wordpress\/ -->\n<title>Abogado de Accidentes de Motocicleta en Georgia | CEO Lawyer<\/title>\n<meta name=\"description\" content=\"\u00bfBusca un abogado de accidentes de motocicleta en Georgia? El abogado CEO puede ayudarlo con sus casos de accidentes de motocicleta. Ll\u00e1menos al (470) 323-8779.\" \/>\n<meta name=\"robots\" content=\"index, follow, max-snippet:-1, max-image-preview:large, max-video-preview:-1\" \/>\n<link rel=\"canonical\" href=\"https:\/\/ceolawyer.com\/espanol\/abogado-de-lesiones-personales-georgia\/abogado-de-accidentes-de-motocicleta\/\" \/>\n<meta property=\"og:locale\" content=\"en_US\" \/>\n<meta property=\"og:type\" content=\"article\" \/>\n<meta property=\"og:title\" content=\"Abogado de Accidentes de Motocicleta en Georgia | CEO Lawyer\" \/>\n<meta property=\"og:description\" content=\"\u00bfBusca un abogado de accidentes de motocicleta en Georgia? El abogado CEO puede ayudarlo con sus casos de accidentes de motocicleta. Ll\u00e1menos al (470) 323-8779.\" \/>\n<meta property=\"og:url\" content=\"https:\/\/ceolawyer.com\/espanol\/abogado-de-lesiones-personales-georgia\/abogado-de-accidentes-de-motocicleta\/\" \/>\n<meta property=\"og:site_name\" content=\"CEO Lawyer\" \/>\n<meta property=\"article:modified_time\" content=\"2025-12-16T15:20:25+00:00\" \/>\n<meta property=\"og:image\" content=\"https:\/\/ceolawyer.com\/espanol\/wp-content\/uploads\/sites\/2\/2025\/12\/georgia-motorcycle-accident-lawyer.webp\" \/>\n\t<meta property=\"og:image:width\" content=\"500\" \/>\n\t<meta property=\"og:image:height\" content=\"333\" \/>\n\t<meta property=\"og:image:type\" content=\"image\/webp\" \/>\n<meta name=\"twitter:card\" content=\"summary_large_image\" \/>\n<meta name=\"twitter:label1\" content=\"Est. reading time\" \/>\n\t<meta name=\"twitter:data1\" content=\"5 minutes\" \/>\n<script type=\"application\/ld+json\" class=\"yoast-schema-graph\">{\"@context\":\"https:\\\/\\\/schema.org\",\"@graph\":[{\"@type\":\"WebPage\",\"@id\":\"https:\\\/\\\/ceolawyer.com\\\/espanol\\\/abogado-de-lesiones-personales-georgia\\\/abogado-de-accidentes-de-motocicleta\\\/\",\"url\":\"https:\\\/\\\/ceolawyer.com\\\/espanol\\\/abogado-de-lesiones-personales-georgia\\\/abogado-de-accidentes-de-motocicleta\\\/\",\"name\":\"Abogado de Accidentes de Motocicleta en Georgia | CEO Lawyer\",\"isPartOf\":{\"@id\":\"https:\\\/\\\/ceolawyer.com\\\/espanol\\\/#website\"},\"primaryImageOfPage\":{\"@id\":\"https:\\\/\\\/ceolawyer.com\\\/espanol\\\/abogado-de-lesiones-personales-georgia\\\/abogado-de-accidentes-de-motocicleta\\\/#primaryimage\"},\"image\":{\"@id\":\"https:\\\/\\\/ceolawyer.com\\\/espanol\\\/abogado-de-lesiones-personales-georgia\\\/abogado-de-accidentes-de-motocicleta\\\/#primaryimage\"},\"thumbnailUrl\":\"https:\\\/\\\/ceolawyer.com\\\/espanol\\\/wp-content\\\/uploads\\\/sites\\\/2\\\/2025\\\/12\\\/georgia-motorcycle-accident-lawyer.webp\",\"datePublished\":\"2022-05-18T18:55:57+00:00\",\"dateModified\":\"2025-12-16T15:20:25+00:00\",\"description\":\"\u00bfBusca un abogado de accidentes de motocicleta en Georgia? El abogado CEO puede ayudarlo con sus casos de accidentes de motocicleta. Ll\u00e1menos al (470) 323-8779.\",\"breadcrumb\":{\"@id\":\"https:\\\/\\\/ceolawyer.com\\\/espanol\\\/abogado-de-lesiones-personales-georgia\\\/abogado-de-accidentes-de-motocicleta\\\/#breadcrumb\"},\"inLanguage\":\"en-US\",\"potentialAction\":[{\"@type\":\"ReadAction\",\"target\":[\"https:\\\/\\\/ceolawyer.com\\\/espanol\\\/abogado-de-lesiones-personales-georgia\\\/abogado-de-accidentes-de-motocicleta\\\/\"]}]},{\"@type\":\"ImageObject\",\"inLanguage\":\"en-US\",\"@id\":\"https:\\\/\\\/ceolawyer.com\\\/espanol\\\/abogado-de-lesiones-personales-georgia\\\/abogado-de-accidentes-de-motocicleta\\\/#primaryimage\",\"url\":\"https:\\\/\\\/ceolawyer.com\\\/espanol\\\/wp-content\\\/uploads\\\/sites\\\/2\\\/2025\\\/12\\\/georgia-motorcycle-accident-lawyer.webp\",\"contentUrl\":\"https:\\\/\\\/ceolawyer.com\\\/espanol\\\/wp-content\\\/uploads\\\/sites\\\/2\\\/2025\\\/12\\\/georgia-motorcycle-accident-lawyer.webp\",\"width\":500,\"height\":333,\"caption\":\"Accidente de motocicleta en Georgia\"},{\"@type\":\"BreadcrumbList\",\"@id\":\"https:\\\/\\\/ceolawyer.com\\\/espanol\\\/abogado-de-lesiones-personales-georgia\\\/abogado-de-accidentes-de-motocicleta\\\/#breadcrumb\",\"itemListElement\":[{\"@type\":\"ListItem\",\"position\":1,\"name\":\"Home\",\"item\":\"https:\\\/\\\/ceolawyer.com\\\/espanol\\\/\"},{\"@type\":\"ListItem\",\"position\":2,\"name\":\"Abogado de Lesiones Personales de Georgia\",\"item\":\"https:\\\/\\\/ceolawyer.com\\\/espanol\\\/abogado-de-lesiones-personales-georgia\\\/\"},{\"@type\":\"ListItem\",\"position\":3,\"name\":\"Abogado de Accidentes de Motocicleta en Georgia\"}]},{\"@type\":\"WebSite\",\"@id\":\"https:\\\/\\\/ceolawyer.com\\\/espanol\\\/#website\",\"url\":\"https:\\\/\\\/ceolawyer.com\\\/espanol\\\/\",\"name\":\"CEO Lawyer\",\"description\":\"Personal Injury Attorney\",\"publisher\":{\"@id\":\"https:\\\/\\\/ceolawyer.com\\\/espanol\\\/#organization\"},\"potentialAction\":[{\"@type\":\"SearchAction\",\"target\":{\"@type\":\"EntryPoint\",\"urlTemplate\":\"https:\\\/\\\/ceolawyer.com\\\/espanol\\\/?s={search_term_string}\"},\"query-input\":{\"@type\":\"PropertyValueSpecification\",\"valueRequired\":true,\"valueName\":\"search_term_string\"}}],\"inLanguage\":\"en-US\"},{\"@type\":\"Organization\",\"@id\":\"https:\\\/\\\/ceolawyer.com\\\/espanol\\\/#organization\",\"name\":\"CEO Lawyer\",\"url\":\"https:\\\/\\\/ceolawyer.com\\\/espanol\\\/\",\"logo\":{\"@type\":\"ImageObject\",\"inLanguage\":\"en-US\",\"@id\":\"https:\\\/\\\/ceolawyer.com\\\/espanol\\\/#\\\/schema\\\/logo\\\/image\\\/\",\"url\":\"https:\\\/\\\/ceolawyer.com\\\/espanol\\\/wp-content\\\/uploads\\\/sites\\\/2\\\/2022\\\/05\\\/CEO_Logo.png\",\"contentUrl\":\"https:\\\/\\\/ceolawyer.com\\\/espanol\\\/wp-content\\\/uploads\\\/sites\\\/2\\\/2022\\\/05\\\/CEO_Logo.png\",\"width\":200,\"height\":108,\"caption\":\"CEO Lawyer\"},\"image\":{\"@id\":\"https:\\\/\\\/ceolawyer.com\\\/espanol\\\/#\\\/schema\\\/logo\\\/image\\\/\"}}]}<\/script>\n<!-- \/ Yoast SEO plugin. -->","yoast_head_json":{"title":"Abogado de Accidentes de Motocicleta en Georgia | CEO Lawyer","description":"\u00bfBusca un abogado de accidentes de motocicleta en Georgia? El abogado CEO puede ayudarlo con sus casos de accidentes de motocicleta. Ll\u00e1menos al (470) 323-8779.","robots":{"index":"index","follow":"follow","max-snippet":"max-snippet:-1","max-image-preview":"max-image-preview:large","max-video-preview":"max-video-preview:-1"},"canonical":"https:\/\/ceolawyer.com\/espanol\/abogado-de-lesiones-personales-georgia\/abogado-de-accidentes-de-motocicleta\/","og_locale":"en_US","og_type":"article","og_title":"Abogado de Accidentes de Motocicleta en Georgia | CEO Lawyer","og_description":"\u00bfBusca un abogado de accidentes de motocicleta en Georgia? El abogado CEO puede ayudarlo con sus casos de accidentes de motocicleta. Ll\u00e1menos al (470) 323-8779.","og_url":"https:\/\/ceolawyer.com\/espanol\/abogado-de-lesiones-personales-georgia\/abogado-de-accidentes-de-motocicleta\/","og_site_name":"CEO Lawyer","article_modified_time":"2025-12-16T15:20:25+00:00","og_image":[{"width":500,"height":333,"url":"https:\/\/ceolawyer.com\/espanol\/wp-content\/uploads\/sites\/2\/2025\/12\/georgia-motorcycle-accident-lawyer.webp","type":"image\/webp"}],"twitter_card":"summary_large_image","twitter_misc":{"Est. reading time":"5 minutes"},"schema":{"@context":"https:\/\/schema.org","@graph":[{"@type":"WebPage","@id":"https:\/\/ceolawyer.com\/espanol\/abogado-de-lesiones-personales-georgia\/abogado-de-accidentes-de-motocicleta\/","url":"https:\/\/ceolawyer.com\/espanol\/abogado-de-lesiones-personales-georgia\/abogado-de-accidentes-de-motocicleta\/","name":"Abogado de Accidentes de Motocicleta en Georgia | CEO Lawyer","isPartOf":{"@id":"https:\/\/ceolawyer.com\/espanol\/#website"},"primaryImageOfPage":{"@id":"https:\/\/ceolawyer.com\/espanol\/abogado-de-lesiones-personales-georgia\/abogado-de-accidentes-de-motocicleta\/#primaryimage"},"image":{"@id":"https:\/\/ceolawyer.com\/espanol\/abogado-de-lesiones-personales-georgia\/abogado-de-accidentes-de-motocicleta\/#primaryimage"},"thumbnailUrl":"https:\/\/ceolawyer.com\/espanol\/wp-content\/uploads\/sites\/2\/2025\/12\/georgia-motorcycle-accident-lawyer.webp","datePublished":"2022-05-18T18:55:57+00:00","dateModified":"2025-12-16T15:20:25+00:00","description":"\u00bfBusca un abogado de accidentes de motocicleta en Georgia? El abogado CEO puede ayudarlo con sus casos de accidentes de motocicleta. Ll\u00e1menos al (470) 323-8779.","breadcrumb":{"@id":"https:\/\/ceolawyer.com\/espanol\/abogado-de-lesiones-personales-georgia\/abogado-de-accidentes-de-motocicleta\/#breadcrumb"},"inLanguage":"en-US","potentialAction":[{"@type":"ReadAction","target":["https:\/\/ceolawyer.com\/espanol\/abogado-de-lesiones-personales-georgia\/abogado-de-accidentes-de-motocicleta\/"]}]},{"@type":"ImageObject","inLanguage":"en-US","@id":"https:\/\/ceolawyer.com\/espanol\/abogado-de-lesiones-personales-georgia\/abogado-de-accidentes-de-motocicleta\/#primaryimage","url":"https:\/\/ceolawyer.com\/espanol\/wp-content\/uploads\/sites\/2\/2025\/12\/georgia-motorcycle-accident-lawyer.webp","contentUrl":"https:\/\/ceolawyer.com\/espanol\/wp-content\/uploads\/sites\/2\/2025\/12\/georgia-motorcycle-accident-lawyer.webp","width":500,"height":333,"caption":"Accidente de motocicleta en Georgia"},{"@type":"BreadcrumbList","@id":"https:\/\/ceolawyer.com\/espanol\/abogado-de-lesiones-personales-georgia\/abogado-de-accidentes-de-motocicleta\/#breadcrumb","itemListElement":[{"@type":"ListItem","position":1,"name":"Home","item":"https:\/\/ceolawyer.com\/espanol\/"},{"@type":"ListItem","position":2,"name":"Abogado de Lesiones Personales de Georgia","item":"https:\/\/ceolawyer.com\/espanol\/abogado-de-lesiones-personales-georgia\/"},{"@type":"ListItem","position":3,"name":"Abogado de Accidentes de Motocicleta en Georgia"}]},{"@type":"WebSite","@id":"https:\/\/ceolawyer.com\/espanol\/#website","url":"https:\/\/ceolawyer.com\/espanol\/","name":"CEO Lawyer","description":"Personal Injury Attorney","publisher":{"@id":"https:\/\/ceolawyer.com\/espanol\/#organization"},"potentialAction":[{"@type":"SearchAction","target":{"@type":"EntryPoint","urlTemplate":"https:\/\/ceolawyer.com\/espanol\/?s={search_term_string}"},"query-input":{"@type":"PropertyValueSpecification","valueRequired":true,"valueName":"search_term_string"}}],"inLanguage":"en-US"},{"@type":"Organization","@id":"https:\/\/ceolawyer.com\/espanol\/#organization","name":"CEO Lawyer","url":"https:\/\/ceolawyer.com\/espanol\/","logo":{"@type":"ImageObject","inLanguage":"en-US","@id":"https:\/\/ceolawyer.com\/espanol\/#\/schema\/logo\/image\/","url":"https:\/\/ceolawyer.com\/espanol\/wp-content\/uploads\/sites\/2\/2022\/05\/CEO_Logo.png","contentUrl":"https:\/\/ceolawyer.com\/espanol\/wp-content\/uploads\/sites\/2\/2022\/05\/CEO_Logo.png","width":200,"height":108,"caption":"CEO Lawyer"},"image":{"@id":"https:\/\/ceolawyer.com\/espanol\/#\/schema\/logo\/image\/"}}]}},"_links":{"self":[{"href":"https:\/\/ceolawyer.com\/espanol\/wp-json\/wp\/v2\/pages\/11014","targetHints":{"allow":["GET"]}}],"collection":[{"href":"https:\/\/ceolawyer.com\/espanol\/wp-json\/wp\/v2\/pages"}],"about":[{"href":"https:\/\/ceolawyer.com\/espanol\/wp-json\/wp\/v2\/types\/page"}],"author":[{"embeddable":true,"href":"https:\/\/ceolawyer.com\/espanol\/wp-json\/wp\/v2\/users\/22"}],"replies":[{"embeddable":true,"href":"https:\/\/ceolawyer.com\/espanol\/wp-json\/wp\/v2\/comments?post=11014"}],"version-history":[{"count":0,"href":"https:\/\/ceolawyer.com\/espanol\/wp-json\/wp\/v2\/pages\/11014\/revisions"}],"up":[{"embeddable":true,"href":"https:\/\/ceolawyer.com\/espanol\/wp-json\/wp\/v2\/pages\/10962"}],"wp:featuredmedia":[{"embeddable":true,"href":"https:\/\/ceolawyer.com\/espanol\/wp-json\/wp\/v2\/media\/12669"}],"wp:attachment":[{"href":"https:\/\/ceolawyer.com\/espanol\/wp-json\/wp\/v2\/media?parent=11014"}],"curies":[{"name":"wp","href":"https:\/\/api.w.org\/{rel}","templated":true}]}}