{"id":11042,"date":"2022-05-19T14:51:57","date_gmt":"2022-05-19T14:51:57","guid":{"rendered":"https:\/\/ceolawyer.com\/espanol\/?page_id=11042"},"modified":"2026-04-28T12:34:49","modified_gmt":"2026-04-28T12:34:49","slug":"abogado-de-negligencia-medica","status":"publish","type":"page","link":"https:\/\/ceolawyer.com\/espanol\/abogado-de-lesiones-personales-georgia\/abogado-de-negligencia-medica\/","title":{"rendered":"Abogados de Negligencia M\u00e9dica en Georgia"},"content":{"rendered":"<p><img decoding=\"async\" class=\"alignright size-full wp-image-12683\" src=\"https:\/\/ceolawyer.com\/espanol\/wp-content\/uploads\/sites\/2\/2025\/12\/georgia-medical-malpractice-lawyer.webp\" alt=\"Ley de negligencia m\u00e9dica en Georgia\" width=\"500\" height=\"333\" srcset=\"https:\/\/ceolawyer.com\/espanol\/wp-content\/uploads\/sites\/2\/2025\/12\/georgia-medical-malpractice-lawyer.webp 500w, https:\/\/ceolawyer.com\/espanol\/wp-content\/uploads\/sites\/2\/2025\/12\/georgia-medical-malpractice-lawyer-300x200.webp 300w\" sizes=\"(max-width: 500px) 100vw, 500px\" \/>Cuando buscas atenci\u00f3n m\u00e9dica, desde un chequeo rutinario hasta una intervenci\u00f3n de emergencia, esperas que tu m\u00e9dico y el equipo de salud te brinden el tratamiento adecuado y se preocupen por tu bienestar. Sin embargo, la negligencia m\u00e9dica no es infrecuente en hospitales, consultorios, cl\u00ednicas de urgencias y otros centros de atenci\u00f3n. Cualquier error puede provocar complicaciones graves y consecuencias de por vida.<\/p>\n<p>Si resultaste lesionado por la negligencia de un m\u00e9dico, enfermero u otro profesional de la salud, es crucial conocer tus derechos. Las v\u00edctimas tienen la posibilidad de exigir compensaci\u00f3n por todos los da\u00f1os derivados del incidente. Seguido por millones en redes sociales, el abogado <strong>Ali Awad<\/strong>, fundador de CEO Lawyer, sabe c\u00f3mo llevar el poder legal a las personas y qu\u00e9 factores importan para obtener resultados. Pocas personas tienen el conocimiento jur\u00eddico para enfrentar solas a las aseguradoras, pero con nosotros a tu lado, puedes enfrentarte incluso a grandes compa\u00f1\u00edas.<\/p>\n<p>Comun\u00edcate con el equipo legal de <strong>CEO Lawyer Personal Injury Law Firm<\/strong> en l\u00ednea o llama al <a href=\"tel:+14708229716\"><strong>(470) 822-9716<\/strong><\/a> para comenzar tu caso.<\/p>\n<h2><strong>Por Qu\u00e9 Necesitas un Abogado de Negligencia M\u00e9dica en Georgia<\/strong><\/h2>\n<p>Con <strong>230 hospitales<\/strong> en Georgia, existen muchas oportunidades para que ocurra un error m\u00e9dico. Aunque esperamos que los profesionales act\u00faen con diligencia, no siempre cumplen con el <strong>est\u00e1ndar de cuidado<\/strong> esperado. Cuando esto sucede, el paciente termina lesionado\u2026 y muchas veces tambi\u00e9n endeudado.<\/p>\n<p>Si est\u00e1s herido y no sabes a d\u00f3nde acudir, un abogado de negligencia m\u00e9dica puede luchar por ti. En vez de preocuparte por los costos, deber\u00edas concentrarte en tu recuperaci\u00f3n. Un abogado con sede en Georgia te informar\u00e1 sobre tus derechos, te guiar\u00e1 durante todo el proceso y te ayudar\u00e1 a calcular tus da\u00f1os pasados y futuros para saber exactamente cu\u00e1nto te corresponde.<\/p>\n<p><a href=\"https:\/\/ceolawyer.com\/espanol\/conocer-al-equipo\/\">Nuestro equipo<\/a> conoce profundamente las leyes y precedentes aplicables a la negligencia m\u00e9dica en Georgia, incluyendo todo lo relacionado con el est\u00e1ndar de cuidado. Podemos investigar tu caso, consultar expertos m\u00e9dicos y construir un reclamo s\u00f3lido que demuestre que mereces compensaci\u00f3n por el 100% de tus p\u00e9rdidas.<\/p>\n<p>Nuestros abogados est\u00e1n disponibles para reunirse contigo donde te resulte m\u00e1s conveniente. Entendemos lo debilitante que puede ser una lesi\u00f3n grave, y no dudaremos en reunirnos contigo donde est\u00e9s m\u00e1s c\u00f3modo. Nuestro compromiso es ayudarte a recuperarte en todos los sentidos.<\/p>\n<h2><strong>C\u00f3mo Podemos Ayudarte en CEO Lawyer<\/strong><\/h2>\n<p>Sabemos lo dif\u00edcil que es enfrentar los d\u00edas, semanas y meses posteriores a un caso de negligencia m\u00e9dica. Las v\u00edctimas suelen experimentar dolor f\u00edsico, angustia emocional, impacto psicol\u00f3gico y enormes cargas financieras. El equipo legal de CEO Lawyer Personal Injury Law Firm est\u00e1 aqu\u00ed para ayudarte a reducir esas cargas y <a href=\"https:\/\/dph.georgia.gov\/health-topics\/injury-prevention-program\">darte acceso a los recursos que necesitas<\/a> para retomar tu vida.<\/p>\n<p>Adem\u00e1s de ayudarte a tomar acci\u00f3n legal, podemos apoyarte en aspectos pr\u00e1cticos como:<\/p>\n<ul>\n<li>Encontrar un nuevo m\u00e9dico<\/li>\n<li>Obtener aplazamientos o reducciones en facturas<\/li>\n<\/ul>\n<h2><strong>\u00bfQu\u00e9 Tan Com\u00fan es la Negligencia M\u00e9dica?<\/strong><\/h2>\n<p>Seg\u00fan el <strong>Civil Rights Justice Group (CRJG)<\/strong>:<\/p>\n<ul>\n<li>Cada a\u00f1o mueren entre <strong>25,000 y 120,000<\/strong> pacientes por negligencia m\u00e9dica.<\/li>\n<li>Entre <strong>8% y 1%<\/strong> de los pacientes <a href=\"https:\/\/medicalboard.georgia.gov\/professional-resources\/malpractice-reporting-form\">son v\u00edctimas de mala praxis<\/a>.<\/li>\n<li>Pero menos del <strong>3%<\/strong> presenta un reclamo para exigir compensaci\u00f3n.<\/li>\n<\/ul>\n<p>Las causas m\u00e1s comunes incluyen:<\/p>\n<ul>\n<li>Falta de experiencia<\/li>\n<li>Mala comunicaci\u00f3n<\/li>\n<li>Equipos defectuosos<\/li>\n<li>Negligencia o estado de alteraci\u00f3n del proveedor<\/li>\n<\/ul>\n<p>Si eres v\u00edctima de negligencia, tienes derecho a exigir justicia y recuperar tus p\u00e9rdidas.<\/p>\n<p>Cuando vengas a nosotros, evaluaremos tu caso, determinaremos qu\u00e9 tipo de negligencia estuvo presente, identificamos al proveedor responsable y construiremos el caso necesario para exigir compensaci\u00f3n.<\/p>\n<h2><strong>Tipos de Negligencia M\u00e9dica<\/strong><\/h2>\n<p>Las v\u00edctimas pueden sufrir <a href=\"https:\/\/www.medintensiva.org\/es-factores-riesgo-deterioro-calidad-vida-articulo-S0210569112003178\">distintos tipos de negligencia<\/a>, siendo los m\u00e1s comunes:<\/p>\n<h3><strong>Errores de anestesia<\/strong><\/h3>\n<p>Muy peligrosa cuando se administra incorrectamente.<\/p>\n<ul>\n<li>Exceso: riesgo de da\u00f1o cerebral o paro respiratorio.<\/li>\n<li>Insuficiente: despertar durante la cirug\u00eda o dolor intenso.<\/li>\n<\/ul>\n<h3><strong>Lesiones en el parto<\/strong><\/h3>\n<p>Errores que afectan al beb\u00e9 o a la madre por:<\/p>\n<ul>\n<li>Falta de experiencia<\/li>\n<li>Uso incorrecto de instrumentos<\/li>\n<li>Negligencia durante el embarazo<\/li>\n<\/ul>\n<h3><strong>Falta de tratamiento (Failure to Treat)<\/strong><\/h3>\n<p>Ocurre cuando el m\u00e9dico no escucha, no eval\u00faa adecuadamente o no sigue protocolos diagn\u00f3sticos. Esto retrasa el tratamiento y agrava la condici\u00f3n.<\/p>\n<h3><strong>Errores de medicaci\u00f3n<\/strong><\/h3>\n<p>Incluyen:<\/p>\n<ul>\n<li>Medicamentos incorrectos<\/li>\n<li>Dosis equivocadas<\/li>\n<li>Falta de revisi\u00f3n del historial m\u00e9dico y alergias<\/li>\n<\/ul>\n<h3><strong>Diagn\u00f3stico err\u00f3neo (Misdiagnosis)<\/strong><\/h3>\n<p>Diagnosticar una condici\u00f3n incorrecta por fallas en la evaluaci\u00f3n.<\/p>\n<h3><strong>Errores quir\u00fargicos<\/strong><\/h3>\n<p>Entre los m\u00e1s comunes:<\/p>\n<ul>\n<li>Cirug\u00eda en la parte equivocada del cuerpo<\/li>\n<li>Cirug\u00eda al paciente equivocado<\/li>\n<li>Herramientas olvidadas dentro del paciente<\/li>\n<\/ul>\n<p>No importa qu\u00e9 tipo de negligencia sufriste, mereces una oportunidad justa para recuperarte.<\/p>\n<h2><strong>Negligencia M\u00e9dica y Compa\u00f1\u00edas de Seguros<\/strong><\/h2>\n<p>Las aseguradoras est\u00e1n enfocadas en proteger sus ganancias. Si presentas un reclamo por mala praxis:<\/p>\n<ul>\n<li>Intentar\u00e1n minimizar tu indemnizaci\u00f3n<\/li>\n<li>Buscar\u00e1n argumentos t\u00e9cnicos para rechazar tu caso<\/li>\n<li>El proveedor m\u00e9dico puede tratar de evitar responsabilidad para proteger su reputaci\u00f3n<\/li>\n<\/ul>\n<p>Con un abogado a tu lado, tendr\u00e1s protecci\u00f3n contra estas t\u00e1cticas. Nosotros:<\/p>\n<ul>\n<li>Calculamos tu reclamo de forma completa y justa<\/li>\n<li>Evitamos que la aseguradora te presione o te enga\u00f1e<\/li>\n<li>Defendemos tu derecho a una compensaci\u00f3n m\u00e1xima<\/li>\n<\/ul>\n<h2><strong>Asegurar tu Compensaci\u00f3n<\/strong><\/h2>\n<p>Las v\u00edctimas de negligencia m\u00e9dica pueden recuperar varios tipos de da\u00f1os:<\/p>\n<h3><strong>Gastos m\u00e9dicos<\/strong><\/h3>\n<p>Incluye hospitalizaciones, cirug\u00edas, terapias, medicamentos y cuidados futuros.<\/p>\n<h3><strong>Salarios perdidos<\/strong><\/h3>\n<p>Por el tiempo que no puedes trabajar.<\/p>\n<h3><strong>Dolor y sufrimiento<\/strong><\/h3>\n<p>Dolor f\u00edsico, estr\u00e9s emocional, p\u00e9rdida de disfrute de la vida.<\/p>\n<h3><strong>Atenci\u00f3n m\u00e9dica futura<\/strong><\/h3>\n<p>Rehabilitaci\u00f3n, terapias, cirug\u00edas adicionales, tratamientos continuos.<\/p>\n<h3><strong>Capacidad laboral reducida<\/strong><\/h3>\n<p>Compensaci\u00f3n por las limitaciones permanentes o p\u00e9rdida de carrera.<\/p>\n<p>Cada caso es \u00fanico, y trabajar con un abogado experimentado aumenta tus posibilidades de obtener una compensaci\u00f3n justa. Si la negociaci\u00f3n no funciona, tu abogado puede presentar una demanda por mala praxis m\u00e9dica.<\/p>\n<h2><strong>\u00bfC\u00f3mo se presenta una reclamaci\u00f3n por mala praxis m\u00e9dica?<\/strong><\/h2>\n<p>En Georgia, el proceso legal incluye:<\/p>\n<ol>\n<li><strong>Evaluaci\u00f3n m\u00e9dica independiente<\/strong>: Se requiere un testimonio de un experto que confirme que hubo negligencia.<\/li>\n<li><strong>Presentaci\u00f3n de la demanda<\/strong>: Debe hacerse dentro de los dos a\u00f1os desde que ocurri\u00f3 el da\u00f1o (estatuto de limitaciones).<\/li>\n<li><strong>Negociaci\u00f3n o juicio<\/strong>: El caso puede resolverse mediante acuerdo o llegar a juicio si no hay conciliaci\u00f3n.<\/li>\n<\/ol>\n<p>Es fundamental contar con un abogado que conozca la <strong>ley de mala praxis en Georgia<\/strong> y tenga experiencia en casos similares.<\/p>\n<h2><strong>Contacta Al Equipo Legal de CEO Lawyer Personal Injury Law Firm<\/strong><\/h2>\n<p>La negligencia m\u00e9dica es una de las \u00e1reas m\u00e1s complejas del derecho de lesiones personales. Para asegurar la compensaci\u00f3n total que mereces, necesitas un abogado con experiencia en mala praxis m\u00e9dica en Georgia.<\/p>\n<p>Si t\u00fa o un familiar han sido v\u00edctimas de negligencia m\u00e9dica, no est\u00e1s solo. En CEO Lawyer, Firma de Abogados para Accidentes de Lesiones Personales <strong>prestamos servicios a clientes en Georgia<\/strong> con atenci\u00f3n personalizada y profesional. Agenda tu consulta gratuita hoy mismo a trav\u00e9s de nuestro <a href=\"https:\/\/ceolawyer.com\/espanol\/contacto-con-nosotros\/\">formulario de contacto<\/a> o llama al <a href=\"tel:+14047778800\">(404) 777-8800<\/a>.<\/p>\n","protected":false},"excerpt":{"rendered":"<p>Cuando buscas atenci\u00f3n m\u00e9dica, desde un chequeo rutinario hasta una intervenci\u00f3n de emergencia, esperas que tu m\u00e9dico y el equipo de salud te brinden el tratamiento adecuado y se preocupen por tu bienestar. Sin embargo, la negligencia m\u00e9dica no es infrecuente en hospitales, consultorios, cl\u00ednicas de urgencias y otros centros de atenci\u00f3n. Cualquier error puede [&hellip;]<\/p>\n","protected":false},"author":22,"featured_media":12683,"parent":10962,"menu_order":0,"comment_status":"closed","ping_status":"closed","template":"","meta":{"_acf_changed":false,"footnotes":""},"class_list":["post-11042","page","type-page","status-publish","has-post-thumbnail","hentry"],"acf":[],"yoast_head":"<!-- This site is optimized with the Yoast SEO plugin v27.4 - https:\/\/yoast.com\/product\/yoast-seo-wordpress\/ -->\n<title>Abogados de Negligencia M\u00e9dica en Georgia | CEO Lawyer<\/title>\n<meta name=\"description\" content=\"\u00bfBusca un abogado de negligencia m\u00e9dica en Georgia? Ali Awad Law puede proporcionar consultas de expertos y asistencia legal para su caso legal.\" \/>\n<meta name=\"robots\" content=\"index, follow, max-snippet:-1, max-image-preview:large, max-video-preview:-1\" \/>\n<link rel=\"canonical\" href=\"https:\/\/ceolawyer.com\/espanol\/abogado-de-lesiones-personales-georgia\/abogado-de-negligencia-medica\/\" \/>\n<meta property=\"og:locale\" content=\"en_US\" \/>\n<meta property=\"og:type\" content=\"article\" \/>\n<meta property=\"og:title\" content=\"Abogados de Negligencia M\u00e9dica en Georgia | CEO Lawyer\" \/>\n<meta property=\"og:description\" content=\"\u00bfBusca un abogado de negligencia m\u00e9dica en Georgia? Ali Awad Law puede proporcionar consultas de expertos y asistencia legal para su caso legal.\" \/>\n<meta property=\"og:url\" content=\"https:\/\/ceolawyer.com\/espanol\/abogado-de-lesiones-personales-georgia\/abogado-de-negligencia-medica\/\" \/>\n<meta property=\"og:site_name\" content=\"CEO Lawyer\" \/>\n<meta property=\"article:modified_time\" content=\"2026-04-28T12:34:49+00:00\" \/>\n<meta property=\"og:image\" content=\"https:\/\/ceolawyer.com\/espanol\/wp-content\/uploads\/sites\/2\/2025\/12\/georgia-medical-malpractice-lawyer.webp\" \/>\n\t<meta property=\"og:image:width\" content=\"500\" \/>\n\t<meta property=\"og:image:height\" content=\"333\" \/>\n\t<meta property=\"og:image:type\" content=\"image\/webp\" \/>\n<meta name=\"twitter:card\" content=\"summary_large_image\" \/>\n<meta name=\"twitter:label1\" content=\"Est. reading time\" \/>\n\t<meta name=\"twitter:data1\" content=\"6 minutes\" \/>\n<script type=\"application\/ld+json\" class=\"yoast-schema-graph\">{\"@context\":\"https:\\\/\\\/schema.org\",\"@graph\":[{\"@type\":\"WebPage\",\"@id\":\"https:\\\/\\\/ceolawyer.com\\\/espanol\\\/abogado-de-lesiones-personales-georgia\\\/abogado-de-negligencia-medica\\\/\",\"url\":\"https:\\\/\\\/ceolawyer.com\\\/espanol\\\/abogado-de-lesiones-personales-georgia\\\/abogado-de-negligencia-medica\\\/\",\"name\":\"Abogados de Negligencia M\u00e9dica en Georgia | CEO Lawyer\",\"isPartOf\":{\"@id\":\"https:\\\/\\\/ceolawyer.com\\\/espanol\\\/#website\"},\"primaryImageOfPage\":{\"@id\":\"https:\\\/\\\/ceolawyer.com\\\/espanol\\\/abogado-de-lesiones-personales-georgia\\\/abogado-de-negligencia-medica\\\/#primaryimage\"},\"image\":{\"@id\":\"https:\\\/\\\/ceolawyer.com\\\/espanol\\\/abogado-de-lesiones-personales-georgia\\\/abogado-de-negligencia-medica\\\/#primaryimage\"},\"thumbnailUrl\":\"https:\\\/\\\/ceolawyer.com\\\/espanol\\\/wp-content\\\/uploads\\\/sites\\\/2\\\/2025\\\/12\\\/georgia-medical-malpractice-lawyer.webp\",\"datePublished\":\"2022-05-19T14:51:57+00:00\",\"dateModified\":\"2026-04-28T12:34:49+00:00\",\"description\":\"\u00bfBusca un abogado de negligencia m\u00e9dica en Georgia? Ali Awad Law puede proporcionar consultas de expertos y asistencia legal para su caso legal.\",\"breadcrumb\":{\"@id\":\"https:\\\/\\\/ceolawyer.com\\\/espanol\\\/abogado-de-lesiones-personales-georgia\\\/abogado-de-negligencia-medica\\\/#breadcrumb\"},\"inLanguage\":\"en-US\",\"potentialAction\":[{\"@type\":\"ReadAction\",\"target\":[\"https:\\\/\\\/ceolawyer.com\\\/espanol\\\/abogado-de-lesiones-personales-georgia\\\/abogado-de-negligencia-medica\\\/\"]}]},{\"@type\":\"ImageObject\",\"inLanguage\":\"en-US\",\"@id\":\"https:\\\/\\\/ceolawyer.com\\\/espanol\\\/abogado-de-lesiones-personales-georgia\\\/abogado-de-negligencia-medica\\\/#primaryimage\",\"url\":\"https:\\\/\\\/ceolawyer.com\\\/espanol\\\/wp-content\\\/uploads\\\/sites\\\/2\\\/2025\\\/12\\\/georgia-medical-malpractice-lawyer.webp\",\"contentUrl\":\"https:\\\/\\\/ceolawyer.com\\\/espanol\\\/wp-content\\\/uploads\\\/sites\\\/2\\\/2025\\\/12\\\/georgia-medical-malpractice-lawyer.webp\",\"width\":500,\"height\":333,\"caption\":\"Ley de negligencia m\u00e9dica en Georgia\"},{\"@type\":\"BreadcrumbList\",\"@id\":\"https:\\\/\\\/ceolawyer.com\\\/espanol\\\/abogado-de-lesiones-personales-georgia\\\/abogado-de-negligencia-medica\\\/#breadcrumb\",\"itemListElement\":[{\"@type\":\"ListItem\",\"position\":1,\"name\":\"Home\",\"item\":\"https:\\\/\\\/ceolawyer.com\\\/espanol\\\/\"},{\"@type\":\"ListItem\",\"position\":2,\"name\":\"Abogado de Lesiones Personales de Georgia\",\"item\":\"https:\\\/\\\/ceolawyer.com\\\/espanol\\\/abogado-de-lesiones-personales-georgia\\\/\"},{\"@type\":\"ListItem\",\"position\":3,\"name\":\"Abogados de Negligencia M\u00e9dica en Georgia\"}]},{\"@type\":\"WebSite\",\"@id\":\"https:\\\/\\\/ceolawyer.com\\\/espanol\\\/#website\",\"url\":\"https:\\\/\\\/ceolawyer.com\\\/espanol\\\/\",\"name\":\"CEO Lawyer\",\"description\":\"Personal Injury Attorney\",\"publisher\":{\"@id\":\"https:\\\/\\\/ceolawyer.com\\\/espanol\\\/#organization\"},\"potentialAction\":[{\"@type\":\"SearchAction\",\"target\":{\"@type\":\"EntryPoint\",\"urlTemplate\":\"https:\\\/\\\/ceolawyer.com\\\/espanol\\\/?s={search_term_string}\"},\"query-input\":{\"@type\":\"PropertyValueSpecification\",\"valueRequired\":true,\"valueName\":\"search_term_string\"}}],\"inLanguage\":\"en-US\"},{\"@type\":\"Organization\",\"@id\":\"https:\\\/\\\/ceolawyer.com\\\/espanol\\\/#organization\",\"name\":\"CEO Lawyer\",\"url\":\"https:\\\/\\\/ceolawyer.com\\\/espanol\\\/\",\"logo\":{\"@type\":\"ImageObject\",\"inLanguage\":\"en-US\",\"@id\":\"https:\\\/\\\/ceolawyer.com\\\/espanol\\\/#\\\/schema\\\/logo\\\/image\\\/\",\"url\":\"https:\\\/\\\/ceolawyer.com\\\/espanol\\\/wp-content\\\/uploads\\\/sites\\\/2\\\/2022\\\/05\\\/CEO_Logo.png\",\"contentUrl\":\"https:\\\/\\\/ceolawyer.com\\\/espanol\\\/wp-content\\\/uploads\\\/sites\\\/2\\\/2022\\\/05\\\/CEO_Logo.png\",\"width\":200,\"height\":108,\"caption\":\"CEO Lawyer\"},\"image\":{\"@id\":\"https:\\\/\\\/ceolawyer.com\\\/espanol\\\/#\\\/schema\\\/logo\\\/image\\\/\"}}]}<\/script>\n<!-- \/ Yoast SEO plugin. -->","yoast_head_json":{"title":"Abogados de Negligencia M\u00e9dica en Georgia | CEO Lawyer","description":"\u00bfBusca un abogado de negligencia m\u00e9dica en Georgia? Ali Awad Law puede proporcionar consultas de expertos y asistencia legal para su caso legal.","robots":{"index":"index","follow":"follow","max-snippet":"max-snippet:-1","max-image-preview":"max-image-preview:large","max-video-preview":"max-video-preview:-1"},"canonical":"https:\/\/ceolawyer.com\/espanol\/abogado-de-lesiones-personales-georgia\/abogado-de-negligencia-medica\/","og_locale":"en_US","og_type":"article","og_title":"Abogados de Negligencia M\u00e9dica en Georgia | CEO Lawyer","og_description":"\u00bfBusca un abogado de negligencia m\u00e9dica en Georgia? Ali Awad Law puede proporcionar consultas de expertos y asistencia legal para su caso legal.","og_url":"https:\/\/ceolawyer.com\/espanol\/abogado-de-lesiones-personales-georgia\/abogado-de-negligencia-medica\/","og_site_name":"CEO Lawyer","article_modified_time":"2026-04-28T12:34:49+00:00","og_image":[{"width":500,"height":333,"url":"https:\/\/ceolawyer.com\/espanol\/wp-content\/uploads\/sites\/2\/2025\/12\/georgia-medical-malpractice-lawyer.webp","type":"image\/webp"}],"twitter_card":"summary_large_image","twitter_misc":{"Est. reading time":"6 minutes"},"schema":{"@context":"https:\/\/schema.org","@graph":[{"@type":"WebPage","@id":"https:\/\/ceolawyer.com\/espanol\/abogado-de-lesiones-personales-georgia\/abogado-de-negligencia-medica\/","url":"https:\/\/ceolawyer.com\/espanol\/abogado-de-lesiones-personales-georgia\/abogado-de-negligencia-medica\/","name":"Abogados de Negligencia M\u00e9dica en Georgia | CEO Lawyer","isPartOf":{"@id":"https:\/\/ceolawyer.com\/espanol\/#website"},"primaryImageOfPage":{"@id":"https:\/\/ceolawyer.com\/espanol\/abogado-de-lesiones-personales-georgia\/abogado-de-negligencia-medica\/#primaryimage"},"image":{"@id":"https:\/\/ceolawyer.com\/espanol\/abogado-de-lesiones-personales-georgia\/abogado-de-negligencia-medica\/#primaryimage"},"thumbnailUrl":"https:\/\/ceolawyer.com\/espanol\/wp-content\/uploads\/sites\/2\/2025\/12\/georgia-medical-malpractice-lawyer.webp","datePublished":"2022-05-19T14:51:57+00:00","dateModified":"2026-04-28T12:34:49+00:00","description":"\u00bfBusca un abogado de negligencia m\u00e9dica en Georgia? Ali Awad Law puede proporcionar consultas de expertos y asistencia legal para su caso legal.","breadcrumb":{"@id":"https:\/\/ceolawyer.com\/espanol\/abogado-de-lesiones-personales-georgia\/abogado-de-negligencia-medica\/#breadcrumb"},"inLanguage":"en-US","potentialAction":[{"@type":"ReadAction","target":["https:\/\/ceolawyer.com\/espanol\/abogado-de-lesiones-personales-georgia\/abogado-de-negligencia-medica\/"]}]},{"@type":"ImageObject","inLanguage":"en-US","@id":"https:\/\/ceolawyer.com\/espanol\/abogado-de-lesiones-personales-georgia\/abogado-de-negligencia-medica\/#primaryimage","url":"https:\/\/ceolawyer.com\/espanol\/wp-content\/uploads\/sites\/2\/2025\/12\/georgia-medical-malpractice-lawyer.webp","contentUrl":"https:\/\/ceolawyer.com\/espanol\/wp-content\/uploads\/sites\/2\/2025\/12\/georgia-medical-malpractice-lawyer.webp","width":500,"height":333,"caption":"Ley de negligencia m\u00e9dica en Georgia"},{"@type":"BreadcrumbList","@id":"https:\/\/ceolawyer.com\/espanol\/abogado-de-lesiones-personales-georgia\/abogado-de-negligencia-medica\/#breadcrumb","itemListElement":[{"@type":"ListItem","position":1,"name":"Home","item":"https:\/\/ceolawyer.com\/espanol\/"},{"@type":"ListItem","position":2,"name":"Abogado de Lesiones Personales de Georgia","item":"https:\/\/ceolawyer.com\/espanol\/abogado-de-lesiones-personales-georgia\/"},{"@type":"ListItem","position":3,"name":"Abogados de Negligencia M\u00e9dica en Georgia"}]},{"@type":"WebSite","@id":"https:\/\/ceolawyer.com\/espanol\/#website","url":"https:\/\/ceolawyer.com\/espanol\/","name":"CEO Lawyer","description":"Personal Injury Attorney","publisher":{"@id":"https:\/\/ceolawyer.com\/espanol\/#organization"},"potentialAction":[{"@type":"SearchAction","target":{"@type":"EntryPoint","urlTemplate":"https:\/\/ceolawyer.com\/espanol\/?s={search_term_string}"},"query-input":{"@type":"PropertyValueSpecification","valueRequired":true,"valueName":"search_term_string"}}],"inLanguage":"en-US"},{"@type":"Organization","@id":"https:\/\/ceolawyer.com\/espanol\/#organization","name":"CEO Lawyer","url":"https:\/\/ceolawyer.com\/espanol\/","logo":{"@type":"ImageObject","inLanguage":"en-US","@id":"https:\/\/ceolawyer.com\/espanol\/#\/schema\/logo\/image\/","url":"https:\/\/ceolawyer.com\/espanol\/wp-content\/uploads\/sites\/2\/2022\/05\/CEO_Logo.png","contentUrl":"https:\/\/ceolawyer.com\/espanol\/wp-content\/uploads\/sites\/2\/2022\/05\/CEO_Logo.png","width":200,"height":108,"caption":"CEO Lawyer"},"image":{"@id":"https:\/\/ceolawyer.com\/espanol\/#\/schema\/logo\/image\/"}}]}},"_links":{"self":[{"href":"https:\/\/ceolawyer.com\/espanol\/wp-json\/wp\/v2\/pages\/11042","targetHints":{"allow":["GET"]}}],"collection":[{"href":"https:\/\/ceolawyer.com\/espanol\/wp-json\/wp\/v2\/pages"}],"about":[{"href":"https:\/\/ceolawyer.com\/espanol\/wp-json\/wp\/v2\/types\/page"}],"author":[{"embeddable":true,"href":"https:\/\/ceolawyer.com\/espanol\/wp-json\/wp\/v2\/users\/22"}],"replies":[{"embeddable":true,"href":"https:\/\/ceolawyer.com\/espanol\/wp-json\/wp\/v2\/comments?post=11042"}],"version-history":[{"count":0,"href":"https:\/\/ceolawyer.com\/espanol\/wp-json\/wp\/v2\/pages\/11042\/revisions"}],"up":[{"embeddable":true,"href":"https:\/\/ceolawyer.com\/espanol\/wp-json\/wp\/v2\/pages\/10962"}],"wp:featuredmedia":[{"embeddable":true,"href":"https:\/\/ceolawyer.com\/espanol\/wp-json\/wp\/v2\/media\/12683"}],"wp:attachment":[{"href":"https:\/\/ceolawyer.com\/espanol\/wp-json\/wp\/v2\/media?parent=11042"}],"curies":[{"name":"wp","href":"https:\/\/api.w.org\/{rel}","templated":true}]}}