{"id":11637,"date":"2023-02-23T15:19:09","date_gmt":"2023-02-23T15:19:09","guid":{"rendered":"https:\/\/ceolawyer.com\/espanol\/?page_id=11637"},"modified":"2026-03-18T18:41:47","modified_gmt":"2026-03-18T18:41:47","slug":"que-hago-si-me-veo-envuelto-en-un-accidente-de-transito-donde-la-otra-persona-huye-de-la-escena","status":"publish","type":"page","link":"https:\/\/ceolawyer.com\/espanol\/faq\/ley-de-georgia\/accidente-automovilistico\/que-hago-si-me-veo-envuelto-en-un-accidente-de-transito-donde-la-otra-persona-huye-de-la-escena\/","title":{"rendered":"\u00bfQu\u00e9 Hago Si Me Veo Envuelto en Un Accidente de Tr\u00e1nsito Donde la Otra Persona Huye de la Escena?"},"content":{"rendered":"<p><img decoding=\"async\" class=\"alignright size-full wp-image-11638\" src=\"https:\/\/ceolawyer.com\/espanol\/wp-content\/uploads\/sites\/2\/2023\/02\/que-hago-si-me-veo-envuelto-en-un-accidente-de-transito-donde-la-otra-persona-huye-de-la-escena.jpg\" alt=\"Coche da\u00f1ado despu\u00e9s de un accidente de atropello y fuga\" width=\"500\" height=\"393\" srcset=\"https:\/\/ceolawyer.com\/espanol\/wp-content\/uploads\/sites\/2\/2023\/02\/que-hago-si-me-veo-envuelto-en-un-accidente-de-transito-donde-la-otra-persona-huye-de-la-escena.jpg 500w, https:\/\/ceolawyer.com\/espanol\/wp-content\/uploads\/sites\/2\/2023\/02\/que-hago-si-me-veo-envuelto-en-un-accidente-de-transito-donde-la-otra-persona-huye-de-la-escena-300x236.jpg 300w\" sizes=\"(max-width: 500px) 100vw, 500px\" \/>Los accidentes de tr\u00e1nsito donde tenemos una de las partes huyendo de la escena son eventos desafortunados que generalmente terminan dejando lesiones muy severas o hasta la muerte. Usualmente cuando un conductor huye del accidente es debido principalmente a que no cuenta con un seguro o una licencia de conducir v\u00e1lida. Algunas veces, el conductor responsable del accidente se encuentra ebrio y por eso huye de la escena ya que al estar intoxicado le caer\u00eda toda la culpabilidad. En otras ocasiones, los accidentes donde el conductor huye de la escena son principalmente resultado al temor de afrontar las consecuencias del accidente.<\/p>\n<p>Si un carro lo golpea y el conductor no para y se hace cargo de lo ocurrido, inmediatamente debe contactar un abogado especializado en estos casos en Atlanta. En la firma de Abogados especializados en da\u00f1os personales CEO Lawyer, sabemos muy bien c\u00f3mo funciona el proceso y as\u00ed mismo trabajaremos para que usted reciba la mayor compensaci\u00f3n posible, no dejaremos una roca sin remover buscando proteger sus derechos.<\/p>\n<p>Incluso si no sabes quien es el responsable, investigaremos la escena del accidente, identificamos al responsable y nos encargaremos de que pague lo correspondiente a la compensaci\u00f3n que por ley le corresponde. Entendemos perfectamente lo traum\u00e1tico que es para usted pasar por una situaci\u00f3n como esta, trabajaremos sin descanso para obtener la compensaci\u00f3n que merece as\u00ed usted solo se concentra en recuperarse. Llamanos hoy mismo al <a href=\"tel:+18883073792\">(888) 307-3792<\/a> o complete el registro en nuestra p\u00e1gina en l\u00ednea para que sea revisado por uno de nuestros abogados.<\/p>\n<h2>Leyes Del Estado de Georgia Para Accidentes Vehiculares<\/h2>\n<p>La ley en Georgia requiere que los conductores se detengan en la escena del accidente e intercambien informaci\u00f3n. El conductor debe proporcionar su nombre, direcci\u00f3n, registro, detalles del seguro y n\u00famero de licencia.<\/p>\n<p>De acuerdo a la ley, los conductores que deciden no parar cuando se ven en un accidente de tr\u00e1nsito pueden recibir cargos criminales por esto. El conductor puede recibir un cargo por delito menor si alguien result\u00f3 herido en el accidente o si hay da\u00f1os a la propiedad involucrados. Si hay muertes resultado del accidente, los conductores que no se detengan podr\u00edan enfrentar cargos por delitos graves.<\/p>\n<p>Si fuiste parte de un accidente donde el conductor huy\u00f3 de la escena, aqu\u00ed hay algunos pasos que deber\u00edas seguir:<\/p>\n<ul>\n<li>Llama al 911 inmediatamente. Incluso si le parece que los da\u00f1os fueron m\u00ednimos, llame a la polic\u00eda y reporte el accidente. Si hay heridas o muertos de por medio, este paso es muy importante puesto que la polic\u00eda debe documentar todo lo ocurrido en un reporte. El reporte policial es esencial a la hora de hacer un reclamo a su compa\u00f1\u00eda de seguros o a la aseguradora de la otra persona involucrada.<\/li>\n<li>No se retire de la escena del accidente. Esto es importante porque se considera que usted huye de la escena si decide retirarse antes de que la polic\u00eda haga su llegada. Y esto es muy cierto, incluso si el otro conductor le dice que se puede ir. Abandonar la escena del accidente es ilegal y le puede causar problemas en el futuro.<\/li>\n<li>Reciba atenci\u00f3n m\u00e9dica tan pronto como sea posible, despu\u00e9s de que ocurra un accidente. Es muy com\u00fan no sentir dolores o s\u00edntomas inmediatamente despu\u00e9s del accidente, pero m\u00e1s adelante es posible que si los sienta. Esto se debe a que como humanos es normal despu\u00e9s de un accidente presentar estados de shock o descargas de adrenalina en nuestro cuerpo. Si iba con pasajeros, aseg\u00farese de que todos se encuentren bien.<\/li>\n<li>Si es posible, tome fotos de la escena del accidente. Escriba cualquier recuerdo que tenga del conductor que se dio a la fuga, incluya la fecha y hora del accidente, n\u00fameros de placa del veh\u00edculo, modelo y color del carro, y cualquier otra informaci\u00f3n que ayude a reconocer al conductor. Si hay testigos o una c\u00e1mara de vigilancia dentro del rango del accidente, aseg\u00farese de conseguir los datos de contacto de los testigos potenciales y copias de las grabaciones de la c\u00e1mara de vigilancia por parte del due\u00f1o del negocio o lugar al que pertenece la c\u00e1mara.<\/li>\n<li>Una vez que haya completado los pasos anteriores, es tiempo de contactar con su compa\u00f1\u00eda aseguradora. Descubra qu\u00e9 tipo de cobertura tiene para situaciones como esta y si esta le va a ayudar o no con los gastos m\u00e9dicos o p\u00e9rdidas producto del accidente con conductor que se dio a la fuga.<\/li>\n<\/ul>\n<h2>La Cobertura Para Conductor Sin Seguro Puede Ayudar<\/h2>\n<p>Usted puede contar con la m\u00ednima cantidad para asegurar su veh\u00edculo requerido por las leyes en Georgia. Sin embargo, es una buena idea asegurarse de que su p\u00f3liza de seguro cubra m\u00e1s del m\u00ednimo. Despu\u00e9s de todo, si haces parte de un accidente donde la aseguradora del otro conductor no cubre por todos sus gastos, tendr\u00e1s que pagar el resto directamente de tu propio bolsillo.<\/p>\n<p><a href=\"https:\/\/oci.georgia.gov\/insurance-resources\/auto\">La cobertura de conductor sin seguro<\/a> no es obligatoria pero es muy recomendable tenerla. Esto lo protege a usted de los conductores que no cuentan con seguro alguno y que golpean su veh\u00edculo o lo lastiman a usted o a sus pasajeros. Y esto tambi\u00e9n incluye a estos conductores que se dan a la fuga. Entonces, si un conductor lo golpea y se niega a intercambiar informaci\u00f3n, la cl\u00e1usula de cobertura de conductores sin seguro en su p\u00f3liza de seguro de autom\u00f3vil cubrir\u00e1 estos gastos asociados al accidente. Es posible que su p\u00f3liza de seguro de autom\u00f3vil ya incluya esta cobertura, pero algunas aseguradoras le exigen agregarla por separado.<\/p>\n<h2>\u00bfCu\u00e1l Es la Importancia de Contratar Un Abogado Especializado en Da\u00f1os Despu\u00e9s de Ser Parte de Un Accidente Con Conductor a la Fuga?<\/h2>\n<p>Ser parte de un accidente donde el conductor se da a la fuga lo puede dejar sinti\u00e9ndose abrumado y vulnerable. Y muchas cosas malas pueden suceder si no sabes qu\u00e9 hacer en estos casos. Por esto, <a href=\"https:\/\/ceolawyer.com\/blog\/is-it-worth-hiring-a-personal-injury-attorney\/\">contratar un abogado asegura que su caso se desarrollara de la mejor manera posible.<\/a><\/p>\n<p>Los casos donde hay conductores fugados pueden ser dif\u00edciles de demostrar. El conductor que huye de la escena no va a admitir culpa alguna e incluso pueden decir que ellos no son culpables de lo que se les acusa, incluso si es el veh\u00edculo de ellos el que hizo parte del accidente. Un abogado puede usar sus recursos y conexiones para comprobar que en efecto la otra persona s\u00ed es responsable del accidente y garantizar que usted reciba compensaci\u00f3n por los da\u00f1os.<\/p>\n<p>Reclamar los beneficios de su aseguradora puede ser demorado y complejo.<\/p>\n<p>Su abogado lo ayudar\u00e1 con el papeleo requerido por su aseguradora, entregarles la evidencia v\u00e1lida y asegurarse de que usted reciba una oferta justa para el cierre del caso.<\/p>\n<h2>\u00bfC\u00f3mo Pueden Serle de Ayuda Los Abogados de CEO Lawyer?<\/h2>\n<p>Ya sea que lo hayan atropellado mientras caminaba por la acera, manejando su bicicleta en la v\u00eda,\u00a0 o si eras pasajero en un carro que result\u00f3 en un accidente con un conductor que se dio a la fuga, le podemos ayudar a recibir la compensaci\u00f3n justa por sus da\u00f1os.<\/p>\n<p>En nuestra firma de abogados especializada en da\u00f1os CEO Lawyer, nuestros abogados de da\u00f1os o accidentes de tr\u00e1nsito tienen una extensa experiencia representando clientes con casos similares. Revisaremos todas sus opciones y le recomendaremos el mejor camino de actuar para maximizar la compensaci\u00f3n en su demanda. Ll\u00e1manos al <a href=\"tel:+18883073792\">(888) 307-3792<\/a> o <a href=\"https:\/\/ceolawyer.com\/espanol\/contacto-con-nosotros\/\">cont\u00e1ctenos en l\u00ednea<\/a> para agendar una consultor\u00eda gratuita.<\/p>\n<p>&nbsp;<\/p>\n","protected":false},"excerpt":{"rendered":"<p>Los accidentes de tr\u00e1nsito donde tenemos una de las partes huyendo de la escena son eventos desafortunados que generalmente terminan dejando lesiones muy severas o hasta la muerte. Usualmente cuando un conductor huye del accidente es debido principalmente a que no cuenta con un seguro o una licencia de conducir v\u00e1lida. Algunas veces, el conductor [&hellip;]<\/p>\n","protected":false},"author":22,"featured_media":11638,"parent":13289,"menu_order":0,"comment_status":"closed","ping_status":"closed","template":"","meta":{"_acf_changed":false,"footnotes":""},"class_list":["post-11637","page","type-page","status-publish","has-post-thumbnail","hentry"],"acf":[],"yoast_head":"<!-- This site is optimized with the Yoast SEO plugin v27.2 - https:\/\/yoast.com\/product\/yoast-seo-wordpress\/ -->\n<title>\u00bfQu\u00e9 Hacer si el Otro Conductor Huye Tras un Accidente? | CEO Lawyer<\/title>\n<meta name=\"description\" content=\"Si tiene un accidente de atropello y fuga, llame al CEO Lawyer Abogados de Accidentes al 833-254-2923.\" \/>\n<meta name=\"robots\" content=\"index, follow, max-snippet:-1, max-image-preview:large, max-video-preview:-1\" \/>\n<link rel=\"canonical\" href=\"https:\/\/ceolawyer.com\/espanol\/faq\/ley-de-georgia\/accidente-automovilistico\/que-hago-si-me-veo-envuelto-en-un-accidente-de-transito-donde-la-otra-persona-huye-de-la-escena\/\" \/>\n<meta property=\"og:locale\" content=\"en_US\" \/>\n<meta property=\"og:type\" content=\"article\" \/>\n<meta property=\"og:title\" content=\"\u00bfQu\u00e9 Hacer si el Otro Conductor Huye Tras un Accidente? | CEO Lawyer\" \/>\n<meta property=\"og:description\" content=\"Si tiene un accidente de atropello y fuga, llame al CEO Lawyer Abogados de Accidentes al 833-254-2923.\" \/>\n<meta property=\"og:url\" content=\"https:\/\/ceolawyer.com\/espanol\/faq\/ley-de-georgia\/accidente-automovilistico\/que-hago-si-me-veo-envuelto-en-un-accidente-de-transito-donde-la-otra-persona-huye-de-la-escena\/\" \/>\n<meta property=\"og:site_name\" content=\"CEO Lawyer\" \/>\n<meta property=\"article:modified_time\" content=\"2026-03-18T18:41:47+00:00\" \/>\n<meta property=\"og:image\" content=\"https:\/\/ceolawyer.com\/espanol\/wp-content\/uploads\/sites\/2\/2023\/02\/que-hago-si-me-veo-envuelto-en-un-accidente-de-transito-donde-la-otra-persona-huye-de-la-escena.jpg\" \/>\n\t<meta property=\"og:image:width\" content=\"500\" \/>\n\t<meta property=\"og:image:height\" content=\"393\" \/>\n\t<meta property=\"og:image:type\" content=\"image\/jpeg\" \/>\n<meta name=\"twitter:card\" content=\"summary_large_image\" \/>\n<meta name=\"twitter:label1\" content=\"Est. reading time\" \/>\n\t<meta name=\"twitter:data1\" content=\"6 minutes\" \/>\n<script type=\"application\/ld+json\" class=\"yoast-schema-graph\">{\"@context\":\"https:\/\/schema.org\",\"@graph\":[{\"@type\":\"WebPage\",\"@id\":\"https:\/\/ceolawyer.com\/espanol\/faq\/ley-de-georgia\/accidente-automovilistico\/que-hago-si-me-veo-envuelto-en-un-accidente-de-transito-donde-la-otra-persona-huye-de-la-escena\/\",\"url\":\"https:\/\/ceolawyer.com\/espanol\/faq\/ley-de-georgia\/accidente-automovilistico\/que-hago-si-me-veo-envuelto-en-un-accidente-de-transito-donde-la-otra-persona-huye-de-la-escena\/\",\"name\":\"\u00bfQu\u00e9 Hacer si el Otro Conductor Huye Tras un Accidente? | CEO Lawyer\",\"isPartOf\":{\"@id\":\"https:\/\/ceolawyer.com\/espanol\/#website\"},\"primaryImageOfPage\":{\"@id\":\"https:\/\/ceolawyer.com\/espanol\/faq\/ley-de-georgia\/accidente-automovilistico\/que-hago-si-me-veo-envuelto-en-un-accidente-de-transito-donde-la-otra-persona-huye-de-la-escena\/#primaryimage\"},\"image\":{\"@id\":\"https:\/\/ceolawyer.com\/espanol\/faq\/ley-de-georgia\/accidente-automovilistico\/que-hago-si-me-veo-envuelto-en-un-accidente-de-transito-donde-la-otra-persona-huye-de-la-escena\/#primaryimage\"},\"thumbnailUrl\":\"https:\/\/ceolawyer.com\/espanol\/wp-content\/uploads\/sites\/2\/2023\/02\/que-hago-si-me-veo-envuelto-en-un-accidente-de-transito-donde-la-otra-persona-huye-de-la-escena.jpg\",\"datePublished\":\"2023-02-23T15:19:09+00:00\",\"dateModified\":\"2026-03-18T18:41:47+00:00\",\"description\":\"Si tiene un accidente de atropello y fuga, llame al CEO Lawyer Abogados de Accidentes al 833-254-2923.\",\"breadcrumb\":{\"@id\":\"https:\/\/ceolawyer.com\/espanol\/faq\/ley-de-georgia\/accidente-automovilistico\/que-hago-si-me-veo-envuelto-en-un-accidente-de-transito-donde-la-otra-persona-huye-de-la-escena\/#breadcrumb\"},\"inLanguage\":\"en-US\",\"potentialAction\":[{\"@type\":\"ReadAction\",\"target\":[\"https:\/\/ceolawyer.com\/espanol\/faq\/ley-de-georgia\/accidente-automovilistico\/que-hago-si-me-veo-envuelto-en-un-accidente-de-transito-donde-la-otra-persona-huye-de-la-escena\/\"]}]},{\"@type\":\"ImageObject\",\"inLanguage\":\"en-US\",\"@id\":\"https:\/\/ceolawyer.com\/espanol\/faq\/ley-de-georgia\/accidente-automovilistico\/que-hago-si-me-veo-envuelto-en-un-accidente-de-transito-donde-la-otra-persona-huye-de-la-escena\/#primaryimage\",\"url\":\"https:\/\/ceolawyer.com\/espanol\/wp-content\/uploads\/sites\/2\/2023\/02\/que-hago-si-me-veo-envuelto-en-un-accidente-de-transito-donde-la-otra-persona-huye-de-la-escena.jpg\",\"contentUrl\":\"https:\/\/ceolawyer.com\/espanol\/wp-content\/uploads\/sites\/2\/2023\/02\/que-hago-si-me-veo-envuelto-en-un-accidente-de-transito-donde-la-otra-persona-huye-de-la-escena.jpg\",\"width\":500,\"height\":393,\"caption\":\"Coche da\u00f1ado despu\u00e9s de un accidente de atropello y fuga\"},{\"@type\":\"BreadcrumbList\",\"@id\":\"https:\/\/ceolawyer.com\/espanol\/faq\/ley-de-georgia\/accidente-automovilistico\/que-hago-si-me-veo-envuelto-en-un-accidente-de-transito-donde-la-otra-persona-huye-de-la-escena\/#breadcrumb\",\"itemListElement\":[{\"@type\":\"ListItem\",\"position\":1,\"name\":\"Home\",\"item\":\"https:\/\/ceolawyer.com\/espanol\/\"},{\"@type\":\"ListItem\",\"position\":2,\"name\":\"FAQ\",\"item\":\"https:\/\/ceolawyer.com\/espanol\/faq\/\"},{\"@type\":\"ListItem\",\"position\":3,\"name\":\"Lesiones personales en Georgia FAQ\",\"item\":\"https:\/\/ceolawyer.com\/espanol\/faq\/ley-de-georgia\/\"},{\"@type\":\"ListItem\",\"position\":4,\"name\":\"\u00bfQu\u00e9 Hago Si Me Veo Envuelto en Un Accidente de Tr\u00e1nsito Donde la Otra Persona Huye de la Escena?\"}]},{\"@type\":\"WebSite\",\"@id\":\"https:\/\/ceolawyer.com\/espanol\/#website\",\"url\":\"https:\/\/ceolawyer.com\/espanol\/\",\"name\":\"CEO Lawyer\",\"description\":\"Personal Injury Attorney\",\"publisher\":{\"@id\":\"https:\/\/ceolawyer.com\/espanol\/#organization\"},\"potentialAction\":[{\"@type\":\"SearchAction\",\"target\":{\"@type\":\"EntryPoint\",\"urlTemplate\":\"https:\/\/ceolawyer.com\/espanol\/?s={search_term_string}\"},\"query-input\":{\"@type\":\"PropertyValueSpecification\",\"valueRequired\":true,\"valueName\":\"search_term_string\"}}],\"inLanguage\":\"en-US\"},{\"@type\":\"Organization\",\"@id\":\"https:\/\/ceolawyer.com\/espanol\/#organization\",\"name\":\"CEO Lawyer\",\"url\":\"https:\/\/ceolawyer.com\/espanol\/\",\"logo\":{\"@type\":\"ImageObject\",\"inLanguage\":\"en-US\",\"@id\":\"https:\/\/ceolawyer.com\/espanol\/#\/schema\/logo\/image\/\",\"url\":\"https:\/\/ceolawyer.com\/espanol\/wp-content\/uploads\/sites\/2\/2022\/05\/CEO_Logo.png\",\"contentUrl\":\"https:\/\/ceolawyer.com\/espanol\/wp-content\/uploads\/sites\/2\/2022\/05\/CEO_Logo.png\",\"width\":200,\"height\":108,\"caption\":\"CEO Lawyer\"},\"image\":{\"@id\":\"https:\/\/ceolawyer.com\/espanol\/#\/schema\/logo\/image\/\"}}]}<\/script>\n<!-- \/ Yoast SEO plugin. -->","yoast_head_json":{"title":"\u00bfQu\u00e9 Hacer si el Otro Conductor Huye Tras un Accidente? | CEO Lawyer","description":"Si tiene un accidente de atropello y fuga, llame al CEO Lawyer Abogados de Accidentes al 833-254-2923.","robots":{"index":"index","follow":"follow","max-snippet":"max-snippet:-1","max-image-preview":"max-image-preview:large","max-video-preview":"max-video-preview:-1"},"canonical":"https:\/\/ceolawyer.com\/espanol\/faq\/ley-de-georgia\/accidente-automovilistico\/que-hago-si-me-veo-envuelto-en-un-accidente-de-transito-donde-la-otra-persona-huye-de-la-escena\/","og_locale":"en_US","og_type":"article","og_title":"\u00bfQu\u00e9 Hacer si el Otro Conductor Huye Tras un Accidente? | CEO Lawyer","og_description":"Si tiene un accidente de atropello y fuga, llame al CEO Lawyer Abogados de Accidentes al 833-254-2923.","og_url":"https:\/\/ceolawyer.com\/espanol\/faq\/ley-de-georgia\/accidente-automovilistico\/que-hago-si-me-veo-envuelto-en-un-accidente-de-transito-donde-la-otra-persona-huye-de-la-escena\/","og_site_name":"CEO Lawyer","article_modified_time":"2026-03-18T18:41:47+00:00","og_image":[{"width":500,"height":393,"url":"https:\/\/ceolawyer.com\/espanol\/wp-content\/uploads\/sites\/2\/2023\/02\/que-hago-si-me-veo-envuelto-en-un-accidente-de-transito-donde-la-otra-persona-huye-de-la-escena.jpg","type":"image\/jpeg"}],"twitter_card":"summary_large_image","twitter_misc":{"Est. reading time":"6 minutes"},"schema":{"@context":"https:\/\/schema.org","@graph":[{"@type":"WebPage","@id":"https:\/\/ceolawyer.com\/espanol\/faq\/ley-de-georgia\/accidente-automovilistico\/que-hago-si-me-veo-envuelto-en-un-accidente-de-transito-donde-la-otra-persona-huye-de-la-escena\/","url":"https:\/\/ceolawyer.com\/espanol\/faq\/ley-de-georgia\/accidente-automovilistico\/que-hago-si-me-veo-envuelto-en-un-accidente-de-transito-donde-la-otra-persona-huye-de-la-escena\/","name":"\u00bfQu\u00e9 Hacer si el Otro Conductor Huye Tras un Accidente? | CEO Lawyer","isPartOf":{"@id":"https:\/\/ceolawyer.com\/espanol\/#website"},"primaryImageOfPage":{"@id":"https:\/\/ceolawyer.com\/espanol\/faq\/ley-de-georgia\/accidente-automovilistico\/que-hago-si-me-veo-envuelto-en-un-accidente-de-transito-donde-la-otra-persona-huye-de-la-escena\/#primaryimage"},"image":{"@id":"https:\/\/ceolawyer.com\/espanol\/faq\/ley-de-georgia\/accidente-automovilistico\/que-hago-si-me-veo-envuelto-en-un-accidente-de-transito-donde-la-otra-persona-huye-de-la-escena\/#primaryimage"},"thumbnailUrl":"https:\/\/ceolawyer.com\/espanol\/wp-content\/uploads\/sites\/2\/2023\/02\/que-hago-si-me-veo-envuelto-en-un-accidente-de-transito-donde-la-otra-persona-huye-de-la-escena.jpg","datePublished":"2023-02-23T15:19:09+00:00","dateModified":"2026-03-18T18:41:47+00:00","description":"Si tiene un accidente de atropello y fuga, llame al CEO Lawyer Abogados de Accidentes al 833-254-2923.","breadcrumb":{"@id":"https:\/\/ceolawyer.com\/espanol\/faq\/ley-de-georgia\/accidente-automovilistico\/que-hago-si-me-veo-envuelto-en-un-accidente-de-transito-donde-la-otra-persona-huye-de-la-escena\/#breadcrumb"},"inLanguage":"en-US","potentialAction":[{"@type":"ReadAction","target":["https:\/\/ceolawyer.com\/espanol\/faq\/ley-de-georgia\/accidente-automovilistico\/que-hago-si-me-veo-envuelto-en-un-accidente-de-transito-donde-la-otra-persona-huye-de-la-escena\/"]}]},{"@type":"ImageObject","inLanguage":"en-US","@id":"https:\/\/ceolawyer.com\/espanol\/faq\/ley-de-georgia\/accidente-automovilistico\/que-hago-si-me-veo-envuelto-en-un-accidente-de-transito-donde-la-otra-persona-huye-de-la-escena\/#primaryimage","url":"https:\/\/ceolawyer.com\/espanol\/wp-content\/uploads\/sites\/2\/2023\/02\/que-hago-si-me-veo-envuelto-en-un-accidente-de-transito-donde-la-otra-persona-huye-de-la-escena.jpg","contentUrl":"https:\/\/ceolawyer.com\/espanol\/wp-content\/uploads\/sites\/2\/2023\/02\/que-hago-si-me-veo-envuelto-en-un-accidente-de-transito-donde-la-otra-persona-huye-de-la-escena.jpg","width":500,"height":393,"caption":"Coche da\u00f1ado despu\u00e9s de un accidente de atropello y fuga"},{"@type":"BreadcrumbList","@id":"https:\/\/ceolawyer.com\/espanol\/faq\/ley-de-georgia\/accidente-automovilistico\/que-hago-si-me-veo-envuelto-en-un-accidente-de-transito-donde-la-otra-persona-huye-de-la-escena\/#breadcrumb","itemListElement":[{"@type":"ListItem","position":1,"name":"Home","item":"https:\/\/ceolawyer.com\/espanol\/"},{"@type":"ListItem","position":2,"name":"FAQ","item":"https:\/\/ceolawyer.com\/espanol\/faq\/"},{"@type":"ListItem","position":3,"name":"Lesiones personales en Georgia FAQ","item":"https:\/\/ceolawyer.com\/espanol\/faq\/ley-de-georgia\/"},{"@type":"ListItem","position":4,"name":"\u00bfQu\u00e9 Hago Si Me Veo Envuelto en Un Accidente de Tr\u00e1nsito Donde la Otra Persona Huye de la Escena?"}]},{"@type":"WebSite","@id":"https:\/\/ceolawyer.com\/espanol\/#website","url":"https:\/\/ceolawyer.com\/espanol\/","name":"CEO Lawyer","description":"Personal Injury Attorney","publisher":{"@id":"https:\/\/ceolawyer.com\/espanol\/#organization"},"potentialAction":[{"@type":"SearchAction","target":{"@type":"EntryPoint","urlTemplate":"https:\/\/ceolawyer.com\/espanol\/?s={search_term_string}"},"query-input":{"@type":"PropertyValueSpecification","valueRequired":true,"valueName":"search_term_string"}}],"inLanguage":"en-US"},{"@type":"Organization","@id":"https:\/\/ceolawyer.com\/espanol\/#organization","name":"CEO Lawyer","url":"https:\/\/ceolawyer.com\/espanol\/","logo":{"@type":"ImageObject","inLanguage":"en-US","@id":"https:\/\/ceolawyer.com\/espanol\/#\/schema\/logo\/image\/","url":"https:\/\/ceolawyer.com\/espanol\/wp-content\/uploads\/sites\/2\/2022\/05\/CEO_Logo.png","contentUrl":"https:\/\/ceolawyer.com\/espanol\/wp-content\/uploads\/sites\/2\/2022\/05\/CEO_Logo.png","width":200,"height":108,"caption":"CEO Lawyer"},"image":{"@id":"https:\/\/ceolawyer.com\/espanol\/#\/schema\/logo\/image\/"}}]}},"_links":{"self":[{"href":"https:\/\/ceolawyer.com\/espanol\/wp-json\/wp\/v2\/pages\/11637","targetHints":{"allow":["GET"]}}],"collection":[{"href":"https:\/\/ceolawyer.com\/espanol\/wp-json\/wp\/v2\/pages"}],"about":[{"href":"https:\/\/ceolawyer.com\/espanol\/wp-json\/wp\/v2\/types\/page"}],"author":[{"embeddable":true,"href":"https:\/\/ceolawyer.com\/espanol\/wp-json\/wp\/v2\/users\/22"}],"replies":[{"embeddable":true,"href":"https:\/\/ceolawyer.com\/espanol\/wp-json\/wp\/v2\/comments?post=11637"}],"version-history":[{"count":0,"href":"https:\/\/ceolawyer.com\/espanol\/wp-json\/wp\/v2\/pages\/11637\/revisions"}],"up":[{"embeddable":true,"href":"https:\/\/ceolawyer.com\/espanol\/wp-json\/wp\/v2\/pages\/13289"}],"wp:featuredmedia":[{"embeddable":true,"href":"https:\/\/ceolawyer.com\/espanol\/wp-json\/wp\/v2\/media\/11638"}],"wp:attachment":[{"href":"https:\/\/ceolawyer.com\/espanol\/wp-json\/wp\/v2\/media?parent=11637"}],"curies":[{"name":"wp","href":"https:\/\/api.w.org\/{rel}","templated":true}]}}