{"id":11641,"date":"2023-02-23T15:39:54","date_gmt":"2023-02-23T15:39:54","guid":{"rendered":"https:\/\/ceolawyer.com\/espanol\/?page_id=11641"},"modified":"2026-03-18T18:43:55","modified_gmt":"2026-03-18T18:43:55","slug":"quien-tiene-la-culpa-en-una-colision-trasera-en-atlanta","status":"publish","type":"page","link":"https:\/\/ceolawyer.com\/espanol\/faq\/ley-de-georgia\/accidente-automovilistico\/quien-tiene-la-culpa-en-una-colision-trasera-en-atlanta\/","title":{"rendered":"\u00bfQui\u00e9n Tiene la Culpa en Una Colisi\u00f3n Trasera en Atlanta?"},"content":{"rendered":"<p><img decoding=\"async\" class=\"alignright size-medium wp-image-11642\" src=\"https:\/\/ceolawyer.com\/espanol\/wp-content\/uploads\/sites\/2\/2023\/02\/quien-tiene-la-culpa-en-una-colision-trasera-en-atlanta-300x200.jpg\" alt=\"Un auto choca por detr\u00e1s en un accidente en atlanta.\" width=\"300\" height=\"200\" srcset=\"https:\/\/ceolawyer.com\/espanol\/wp-content\/uploads\/sites\/2\/2023\/02\/quien-tiene-la-culpa-en-una-colision-trasera-en-atlanta-300x200.jpg 300w, https:\/\/ceolawyer.com\/espanol\/wp-content\/uploads\/sites\/2\/2023\/02\/quien-tiene-la-culpa-en-una-colision-trasera-en-atlanta-768x512.jpg 768w, https:\/\/ceolawyer.com\/espanol\/wp-content\/uploads\/sites\/2\/2023\/02\/quien-tiene-la-culpa-en-una-colision-trasera-en-atlanta.jpg 1024w\" sizes=\"(max-width: 300px) 100vw, 300px\" \/>Ser impactado por la parte trasera de tu veh\u00edculo conlleva mucho m\u00e1s que dolor y sufrimiento.<\/p>\n<p>Tambi\u00e9n puede resultar en heridas graves que requieren rehabilitaci\u00f3n, atenci\u00f3n m\u00e9dica urgente, o cuidados a largo plazo. Y los costos pueden incrementar r\u00e1pidamente, terminando con mucho estr\u00e9s financiero tanto para usted como para su familia. En la firma de abogados especializados en da\u00f1os personales, CEO Lawyer, nos aseguramos de que sea compensado de manera completa por todos estos gastos adicionales producto de esa colisi\u00f3n vehicular trasera. Contacte nuestra firma hoy mismo al <a href=\"tel:+18883073792\">(888) 307-3792<\/a>. <a href=\"https:\/\/ceolawyer.com\/espanol\/contacto-con-nosotros\/\">Cont\u00e1ctenos<\/a> en l\u00ednea para conocer su caso y ayudarle de manera inmediata.<\/p>\n<p>Muchos conductores en Georgia son conscientes del riesgo de sufrir heridas graves en un accidente de tr\u00e1nsito.\u00a0 Los accidentes de golpe trasero incluyen veh\u00edculos dando reversa por diversos motivos, por ejemplo una frenada sorpresiva, alg\u00fan obst\u00e1culo inesperado en la v\u00eda, o simplemente por agotamiento. Este tipo de accidentes usualmente terminan siendo de un veh\u00edculo que se encuentra en la parte trasera que termina colisionando su frente con la parte trasera de tu veh\u00edculo, teniendo en cuenta que las colisiones trasera en su mayor\u00eda son producto de no tener una distancia prudente frente al veh\u00edculo que se encuentra adelante, o por un acto inesperado donde el tiempo de reacci\u00f3n no fue suficiente, los desenlaces pueden ser nefastos, da\u00f1os de propiedad, heridas graves e incluso la muerte. Entre las heridas m\u00e1s comunes en este tipo de accidente son en la cabeza y cuello puesto que el impacto produce un movimiento similar al de un l\u00e1tigo que usualmente termina en da\u00f1os graves dado el movimiento brusco en la cabeza por parte del impacto entre los veh\u00edculos.<\/p>\n<h2>Causas de Colisiones Traseras<\/h2>\n<p>Las colisiones traseras conforman f\u00e1cilmente el 90% de todos los accidentes en Estados Unidos. Bien sea como conductor o como pasajero, los resultados de una colisi\u00f3n de este tipo pueden ser severos y hasta pueden cambiarte la vida. A continuaci\u00f3n algunas de las razones por las cuales tenemos colisiones traseras:<\/p>\n<h3>1. Conductores Distra\u00eddos<\/h3>\n<p>Los conductores distra\u00eddos son una realidad y una amenaza en las rutas. Se estima que la mitad de los accidentes son producto de una distracci\u00f3n dentro del veh\u00edculo. Las distracciones vienen en muchas formas, pero casi siempre tienen algo en com\u00fan: no tienen nada que ver con conducir. Entre las distracciones m\u00e1s comunes tenemos el use de celulares pero no es nuestra \u00fanica distracci\u00f3n, usar el GPS, conversar con pasajeros, comer o beber estando al volante, ver videos en celular o tableta, mascotas dentro del veh\u00edculo, <i>beepers<\/i>, buscar objetos dentro del veh\u00edculo, acicalarse, fumar, o\u00a0 leer el peri\u00f3dico.<\/p>\n<h3>2. Intoxicaci\u00f3n<\/h3>\n<p>Hay una enorme variedad de drogas y alcohol que pueden afectar la capacidad de conducir del veh\u00edculo, estas sustancias pueden ser desde medicamentos con prescripci\u00f3n de un m\u00e9dico, medicamentos vencidos, o drogas ilegales. No importa si consumiste la sustancia legalmente, si la recibiste de alguien m\u00e1s, o decidiste conducir despu\u00e9s de haber tomado alcohol. Hay un peligro mucho mayor cuando haces parte de un accidente de golpe trasero si est\u00e1s en una situaci\u00f3n como las mencionadas.<\/p>\n<h3>3. Condiciones Clim\u00e1ticas<\/h3>\n<p>Un clima sin clemencia hace muy dif\u00edcil controlar o detener un veh\u00edculo. Si vives en un clima fr\u00edo donde hay nieve, sabes lo dif\u00edcil que es conducir durante el invierno que dura meses. Los conductores no est\u00e1n preparados para perder tracci\u00f3n cuando ya no hay nieve o hielo en la v\u00eda \u2013 esto causa que frenen de manera fuerte o se salgan del camino. Las condiciones lluviosas tambi\u00e9n son complejas a la hora de manejar a trav\u00e9s del tr\u00e1fico pesado de la ciudad.<\/p>\n<h3>4. Equivocaci<b>\u00f3<\/b>n<\/h3>\n<p>La distancia entre veh\u00edculos parece ser un problema para todos y es la ra\u00edz de la mayor\u00eda de accidentes de impacto trasero. La mayor\u00eda de conductores no son conscientes de la distancia que requiere frenar o cu\u00e1nta distancia debe haber entre ellos y el carro de enfrente. Puede ser peligroso que el conductor que se encuentra tras de ti acorta distancia y entre los veh\u00edculos.<\/p>\n<p>Manejar un veh\u00edculo conlleva una enorme responsabilidad con el p\u00fablico en general. Por esto tenemos normas de tr\u00e1nsito, para proteger a las personas de los individuos que conducen de manera poco responsable o que puedan distraerse cuando deber\u00edan estar pendientes del camino. En t\u00e9rminos de leyes del estado de Georgia no necesariamente implica que el conductor fue negligente cuando la colisi\u00f3n es por la parte trasera. Sin embargo, s\u00ed puede afectar el proceso de la demanda.\u00a0 Si causaste una colisi\u00f3n trasera, la cantidad de culpabilidad depender\u00e1 de que <b>violaci\u00f3n<\/b> a la norma de tr\u00e1nsito de Georgia contribuy\u00f3 para el accidente.<\/p>\n<h2>Heridas Producto de Accidentes Con Colisi\u00f3n Trasera<\/h2>\n<p>Los accidentes por colisi\u00f3n trasera pueden resultar con una serie de heridas muy amplias. Despu\u00e9s de todo, el impacto causa que la cabeza golpee el volante y el parabrisas porque choc\u00f3 por detr\u00e1s con un cami\u00f3n de plataforma que estaba muy cerca de su veh\u00edculo. Las heridas m\u00e1s comunes en los pasajeros de accidentes de esta naturaleza incluyen:<\/p>\n<ul>\n<li>El efecto l\u00e1tigo es una de las heridas m\u00e1s comunes cuando tenemos colisiones traseras. Esto ocurre porque la cabeza es disparada de manera inesperada hacia el frente y despu\u00e9s de vuelta hacia atr\u00e1s. Cuando la cabeza va hacia adelante, causa que los tejidos blandos del cuello se estiren. Cuando la cabeza hace el movimiento de vuelta hacia atr\u00e1s, estos tejidos siguen el trayecto y causan la lesi\u00f3n. El frenar de manera repentina causa heridas a los ligamentos y tejidos del cuello. La severidad de la herida depende de qu\u00e9 tan fuerte fue el golpe, que tanto se movi\u00f3 la cabeza de la persona, y la fuerza del impacto. Esto puede causar mucho dolor y molestia durante incluso semanas despu\u00e9s de ocurrido el accidente. Tambi\u00e9n puede terminar en problemas a largo plazo, como dolores de cabeza cr\u00f3nicos, debilidad en los hombros, y debilidad en los brazos.<\/li>\n<li>Dolor en la espalda baja. La fuerza de la colisi\u00f3n trasera tambi\u00e9n puede causar dolor en la espalda baja, incluso en personas j\u00f3venes y sanas. La fuerza del impacto se desplaza por tu cuerpo cuando haces parte de una colisi\u00f3n trasera, lo que puede resultar en m\u00fasculos atrofiados o lastimados e incluso da\u00f1o en las v\u00e9rtebras de tu espalda baja.<\/li>\n<li>Huesos rotos \u2013 Si no llevabas puesto el cintur\u00f3n de seguridad, la frenada del veh\u00edculo tan repentina iba a lanzar tu cuerpo bien sea hacia el volante o hacia el panel frontal del veh\u00edculo. Por otro lado, si estabas usando el cintur\u00f3n adecuadamente, puede salvarte de ser expulsado hacia el frente, pero no va a proteger tu columna vertebral de el jalonazo que causa el cintur\u00f3n cuando llega a su l\u00edmite. Esa fuerza repentina puede romper tu cuello, espalda o costillas en cualquier caso.<\/li>\n<li>Contusiones \u2013 un golpe en tu cabeza puede lastimar tu cerebro. Este tipo de herida es m\u00e1s com\u00fan si fuiste arrojado hacia el parabrisas o alguna otra superficie dura dentro del veh\u00edculo. Las contusiones pueden terminar en da\u00f1os neurol\u00f3gicos graves que puede que no se manifiesten sino semanas, meses e incluso a\u00f1os despu\u00e9s del accidente.<\/li>\n<li>Da\u00f1o en la m\u00e9dula espinal. Un impacto en la m\u00e9dula espinal por el impacto de una colisi\u00f3n trasera puede causar da\u00f1os entre los discos de las v\u00e9rtebras. Imagine que empez\u00f3 a sentir sus brazos adormecidos o con sensaciones fuera de lo com\u00fan luego de haber recibido un impacto en un accidente de colisi\u00f3n trasera. En ese caso, podr\u00eda ser el indicador de da\u00f1os en su espina dorsal que eventualmente podr\u00eda agravarse al punto de convertirse en una par\u00e1lisis.<\/li>\n<\/ul>\n<h2>Demostrando Culpabilidad en Un Choque Vehicular Trasero en Atlanta<\/h2>\n<p>Cuando 2 veh\u00edculos chocan desde atr\u00e1s, es dif\u00edcil descubrir el culpable. Alguno de los conductores pudo frenar de manera inesperada, por ejemplo, para evitar atropellar a un peat\u00f3n. Pero generalmente, el primer conductor tiene la culpa por no acelerar o frenar de manera que evite colisionar con el veh\u00edculo que tiene delante.<\/p>\n<p>Puedes pensar que tu accidente lo caus\u00f3 otra persona, como el otro conductor o la persona que hizo una maniobra peligrosa en frente tuyo. Pero en algunos estados, no necesitas demostrar quien tuvo la culpa para obtener compensaci\u00f3n por tus heridas. Estos estados son denominados como estados de no-culpabilidad, y puede aun as\u00ed recibir beneficios por parte de su compa\u00f1\u00eda de seguros para cubrir sus gastos m\u00e9dicos y p\u00e9rdidas si fuiste lastimado en un accidente donde no tuviste nada de culpa.<\/p>\n<p>En Georgia se sigue la doctrina de\u00a0 culpa comparativa. Esto significa que todos los conductores que participaron en el accidente ser\u00e1n encontrados culpables dependiendo del porcentaje de culpabilidad que se determine para cada uno analizando quien contribuy\u00f3 de mayor manera al accidente. Esos porcentajes de culpabilidad determinados ser\u00e1n luego usados para negociar entre las parte involucradas<\/p>\n<h2>\u00bfC\u00f3mo Puede Ayudarte Un Abogado de Lesiones Personales?<\/h2>\n<p>Los accidentes de tr\u00e1nsito son comunes en Atlanta, Georgia. Algunos son directamente relacionados con negligencia o conductores descuidados que quebrantan la ley, cuando otros son simplemente una serie de eventos desafortunados donde realmente no hay un culpable claro. Muchas veces estos accidentes son menores, pero tambi\u00e9n podr\u00edan causar estragos en tu vida.<\/p>\n<p>Las colisiones vehiculares traseras pueden desencadenar heridas graves que pueden afectar tu vida de forma permanente. Ya sea que el accidente ocurra en la autopista, una v\u00eda rural, o incluso en un parqueadero, las colisiones traseras pueden conllevar heridas muy graves. Frecuentemente la culpa es de quien golpea por detr\u00e1s, y nuestros abogados especializados en lesiones de la firma CEO Lawyer le ayudar\u00e1n a entender cu\u00e1les opciones legales tiene disponibles.<\/p>\n<p>Las compa\u00f1\u00edas aseguradoras pueden negarle su demanda, o hacer contraofertas muy bajas, o pueden exigirte que vayas a trabajar cuando no puedes hacerlo. Es aqu\u00ed donde los abogados especializados en este tipo de accidentes en Ali Awad lo ayudar\u00e1n. Nosotros sabemos como operan las compa\u00f1\u00edas aseguradoras y c\u00f3mo tratar con ellas de manera efectiva. Siempre hay que decir la verdad, pero no les permita enga\u00f1arlo dici\u00e9ndole que usted no merece la compensaci\u00f3n que por ley le corresponde. Ponga nuestra experiencia a su disposici\u00f3n llam\u00e1ndonos al <a href=\"tel:+18883073792\">(888) 307-3792<\/a> o <a href=\"https:\/\/ceolawyer.com\/espanol\/contacto-con-nosotros\/\">contactenos online<\/a>. Nuestros abogados de lesiones y accidentes lo guiar\u00e1n por el proceso legal y le explicaran sus derechos dependiendo el estado y las leyes federales.<\/p>\n","protected":false},"excerpt":{"rendered":"<p>Ser impactado por la parte trasera de tu veh\u00edculo conlleva mucho m\u00e1s que dolor y sufrimiento. Tambi\u00e9n puede resultar en heridas graves que requieren rehabilitaci\u00f3n, atenci\u00f3n m\u00e9dica urgente, o cuidados a largo plazo. Y los costos pueden incrementar r\u00e1pidamente, terminando con mucho estr\u00e9s financiero tanto para usted como para su familia. En la firma de [&hellip;]<\/p>\n","protected":false},"author":22,"featured_media":11642,"parent":13289,"menu_order":0,"comment_status":"closed","ping_status":"closed","template":"","meta":{"_acf_changed":false,"footnotes":""},"class_list":["post-11641","page","type-page","status-publish","has-post-thumbnail","hentry"],"acf":[],"yoast_head":"<!-- This site is optimized with the Yoast SEO plugin v27.4 - https:\/\/yoast.com\/product\/yoast-seo-wordpress\/ -->\n<title>\u00bfQui\u00e9n Tiene la Culpa en Una Colisi\u00f3n Trasera en Atlanta? | CEO Lawyer<\/title>\n<meta name=\"description\" content=\"\u00bfQui\u00e9n Tiene la Culpa en Una Colisi\u00f3n Trasera en Atlanta? Llame al CEO Lawyer Abogados de Accidentes al 833-254-2923.\" \/>\n<meta name=\"robots\" content=\"index, follow, max-snippet:-1, max-image-preview:large, max-video-preview:-1\" \/>\n<link rel=\"canonical\" href=\"https:\/\/ceolawyer.com\/espanol\/faq\/ley-de-georgia\/accidente-automovilistico\/quien-tiene-la-culpa-en-una-colision-trasera-en-atlanta\/\" \/>\n<meta property=\"og:locale\" content=\"en_US\" \/>\n<meta property=\"og:type\" content=\"article\" \/>\n<meta property=\"og:title\" content=\"\u00bfQui\u00e9n Tiene la Culpa en Una Colisi\u00f3n Trasera en Atlanta? | CEO Lawyer\" \/>\n<meta property=\"og:description\" content=\"\u00bfQui\u00e9n Tiene la Culpa en Una Colisi\u00f3n Trasera en Atlanta? Llame al CEO Lawyer Abogados de Accidentes al 833-254-2923.\" \/>\n<meta property=\"og:url\" content=\"https:\/\/ceolawyer.com\/espanol\/faq\/ley-de-georgia\/accidente-automovilistico\/quien-tiene-la-culpa-en-una-colision-trasera-en-atlanta\/\" \/>\n<meta property=\"og:site_name\" content=\"CEO Lawyer\" \/>\n<meta property=\"article:modified_time\" content=\"2026-03-18T18:43:55+00:00\" \/>\n<meta property=\"og:image\" content=\"https:\/\/ceolawyer.com\/espanol\/wp-content\/uploads\/sites\/2\/2023\/02\/quien-tiene-la-culpa-en-una-colision-trasera-en-atlanta.jpg\" \/>\n\t<meta property=\"og:image:width\" content=\"1024\" \/>\n\t<meta property=\"og:image:height\" content=\"683\" \/>\n\t<meta property=\"og:image:type\" content=\"image\/jpeg\" \/>\n<meta name=\"twitter:card\" content=\"summary_large_image\" \/>\n<meta name=\"twitter:label1\" content=\"Est. reading time\" \/>\n\t<meta name=\"twitter:data1\" content=\"8 minutes\" \/>\n<script type=\"application\/ld+json\" class=\"yoast-schema-graph\">{\"@context\":\"https:\\\/\\\/schema.org\",\"@graph\":[{\"@type\":\"WebPage\",\"@id\":\"https:\\\/\\\/ceolawyer.com\\\/espanol\\\/faq\\\/ley-de-georgia\\\/accidente-automovilistico\\\/quien-tiene-la-culpa-en-una-colision-trasera-en-atlanta\\\/\",\"url\":\"https:\\\/\\\/ceolawyer.com\\\/espanol\\\/faq\\\/ley-de-georgia\\\/accidente-automovilistico\\\/quien-tiene-la-culpa-en-una-colision-trasera-en-atlanta\\\/\",\"name\":\"\u00bfQui\u00e9n Tiene la Culpa en Una Colisi\u00f3n Trasera en Atlanta? | CEO Lawyer\",\"isPartOf\":{\"@id\":\"https:\\\/\\\/ceolawyer.com\\\/espanol\\\/#website\"},\"primaryImageOfPage\":{\"@id\":\"https:\\\/\\\/ceolawyer.com\\\/espanol\\\/faq\\\/ley-de-georgia\\\/accidente-automovilistico\\\/quien-tiene-la-culpa-en-una-colision-trasera-en-atlanta\\\/#primaryimage\"},\"image\":{\"@id\":\"https:\\\/\\\/ceolawyer.com\\\/espanol\\\/faq\\\/ley-de-georgia\\\/accidente-automovilistico\\\/quien-tiene-la-culpa-en-una-colision-trasera-en-atlanta\\\/#primaryimage\"},\"thumbnailUrl\":\"https:\\\/\\\/ceolawyer.com\\\/espanol\\\/wp-content\\\/uploads\\\/sites\\\/2\\\/2023\\\/02\\\/quien-tiene-la-culpa-en-una-colision-trasera-en-atlanta.jpg\",\"datePublished\":\"2023-02-23T15:39:54+00:00\",\"dateModified\":\"2026-03-18T18:43:55+00:00\",\"description\":\"\u00bfQui\u00e9n Tiene la Culpa en Una Colisi\u00f3n Trasera en Atlanta? Llame al CEO Lawyer Abogados de Accidentes al 833-254-2923.\",\"breadcrumb\":{\"@id\":\"https:\\\/\\\/ceolawyer.com\\\/espanol\\\/faq\\\/ley-de-georgia\\\/accidente-automovilistico\\\/quien-tiene-la-culpa-en-una-colision-trasera-en-atlanta\\\/#breadcrumb\"},\"inLanguage\":\"en-US\",\"potentialAction\":[{\"@type\":\"ReadAction\",\"target\":[\"https:\\\/\\\/ceolawyer.com\\\/espanol\\\/faq\\\/ley-de-georgia\\\/accidente-automovilistico\\\/quien-tiene-la-culpa-en-una-colision-trasera-en-atlanta\\\/\"]}]},{\"@type\":\"ImageObject\",\"inLanguage\":\"en-US\",\"@id\":\"https:\\\/\\\/ceolawyer.com\\\/espanol\\\/faq\\\/ley-de-georgia\\\/accidente-automovilistico\\\/quien-tiene-la-culpa-en-una-colision-trasera-en-atlanta\\\/#primaryimage\",\"url\":\"https:\\\/\\\/ceolawyer.com\\\/espanol\\\/wp-content\\\/uploads\\\/sites\\\/2\\\/2023\\\/02\\\/quien-tiene-la-culpa-en-una-colision-trasera-en-atlanta.jpg\",\"contentUrl\":\"https:\\\/\\\/ceolawyer.com\\\/espanol\\\/wp-content\\\/uploads\\\/sites\\\/2\\\/2023\\\/02\\\/quien-tiene-la-culpa-en-una-colision-trasera-en-atlanta.jpg\",\"width\":1024,\"height\":683,\"caption\":\"Un auto choca por detr\u00e1s en un accidente en atlanta.\"},{\"@type\":\"BreadcrumbList\",\"@id\":\"https:\\\/\\\/ceolawyer.com\\\/espanol\\\/faq\\\/ley-de-georgia\\\/accidente-automovilistico\\\/quien-tiene-la-culpa-en-una-colision-trasera-en-atlanta\\\/#breadcrumb\",\"itemListElement\":[{\"@type\":\"ListItem\",\"position\":1,\"name\":\"Home\",\"item\":\"https:\\\/\\\/ceolawyer.com\\\/espanol\\\/\"},{\"@type\":\"ListItem\",\"position\":2,\"name\":\"FAQ\",\"item\":\"https:\\\/\\\/ceolawyer.com\\\/espanol\\\/faq\\\/\"},{\"@type\":\"ListItem\",\"position\":3,\"name\":\"Lesiones personales en Georgia FAQ\",\"item\":\"https:\\\/\\\/ceolawyer.com\\\/espanol\\\/faq\\\/ley-de-georgia\\\/\"},{\"@type\":\"ListItem\",\"position\":4,\"name\":\"\u00bfQui\u00e9n Tiene la Culpa en Una Colisi\u00f3n Trasera en Atlanta?\"}]},{\"@type\":\"WebSite\",\"@id\":\"https:\\\/\\\/ceolawyer.com\\\/espanol\\\/#website\",\"url\":\"https:\\\/\\\/ceolawyer.com\\\/espanol\\\/\",\"name\":\"CEO Lawyer\",\"description\":\"Personal Injury Attorney\",\"publisher\":{\"@id\":\"https:\\\/\\\/ceolawyer.com\\\/espanol\\\/#organization\"},\"potentialAction\":[{\"@type\":\"SearchAction\",\"target\":{\"@type\":\"EntryPoint\",\"urlTemplate\":\"https:\\\/\\\/ceolawyer.com\\\/espanol\\\/?s={search_term_string}\"},\"query-input\":{\"@type\":\"PropertyValueSpecification\",\"valueRequired\":true,\"valueName\":\"search_term_string\"}}],\"inLanguage\":\"en-US\"},{\"@type\":\"Organization\",\"@id\":\"https:\\\/\\\/ceolawyer.com\\\/espanol\\\/#organization\",\"name\":\"CEO Lawyer\",\"url\":\"https:\\\/\\\/ceolawyer.com\\\/espanol\\\/\",\"logo\":{\"@type\":\"ImageObject\",\"inLanguage\":\"en-US\",\"@id\":\"https:\\\/\\\/ceolawyer.com\\\/espanol\\\/#\\\/schema\\\/logo\\\/image\\\/\",\"url\":\"https:\\\/\\\/ceolawyer.com\\\/espanol\\\/wp-content\\\/uploads\\\/sites\\\/2\\\/2022\\\/05\\\/CEO_Logo.png\",\"contentUrl\":\"https:\\\/\\\/ceolawyer.com\\\/espanol\\\/wp-content\\\/uploads\\\/sites\\\/2\\\/2022\\\/05\\\/CEO_Logo.png\",\"width\":200,\"height\":108,\"caption\":\"CEO Lawyer\"},\"image\":{\"@id\":\"https:\\\/\\\/ceolawyer.com\\\/espanol\\\/#\\\/schema\\\/logo\\\/image\\\/\"}}]}<\/script>\n<!-- \/ Yoast SEO plugin. -->","yoast_head_json":{"title":"\u00bfQui\u00e9n Tiene la Culpa en Una Colisi\u00f3n Trasera en Atlanta? | CEO Lawyer","description":"\u00bfQui\u00e9n Tiene la Culpa en Una Colisi\u00f3n Trasera en Atlanta? Llame al CEO Lawyer Abogados de Accidentes al 833-254-2923.","robots":{"index":"index","follow":"follow","max-snippet":"max-snippet:-1","max-image-preview":"max-image-preview:large","max-video-preview":"max-video-preview:-1"},"canonical":"https:\/\/ceolawyer.com\/espanol\/faq\/ley-de-georgia\/accidente-automovilistico\/quien-tiene-la-culpa-en-una-colision-trasera-en-atlanta\/","og_locale":"en_US","og_type":"article","og_title":"\u00bfQui\u00e9n Tiene la Culpa en Una Colisi\u00f3n Trasera en Atlanta? | CEO Lawyer","og_description":"\u00bfQui\u00e9n Tiene la Culpa en Una Colisi\u00f3n Trasera en Atlanta? Llame al CEO Lawyer Abogados de Accidentes al 833-254-2923.","og_url":"https:\/\/ceolawyer.com\/espanol\/faq\/ley-de-georgia\/accidente-automovilistico\/quien-tiene-la-culpa-en-una-colision-trasera-en-atlanta\/","og_site_name":"CEO Lawyer","article_modified_time":"2026-03-18T18:43:55+00:00","og_image":[{"width":1024,"height":683,"url":"https:\/\/ceolawyer.com\/espanol\/wp-content\/uploads\/sites\/2\/2023\/02\/quien-tiene-la-culpa-en-una-colision-trasera-en-atlanta.jpg","type":"image\/jpeg"}],"twitter_card":"summary_large_image","twitter_misc":{"Est. reading time":"8 minutes"},"schema":{"@context":"https:\/\/schema.org","@graph":[{"@type":"WebPage","@id":"https:\/\/ceolawyer.com\/espanol\/faq\/ley-de-georgia\/accidente-automovilistico\/quien-tiene-la-culpa-en-una-colision-trasera-en-atlanta\/","url":"https:\/\/ceolawyer.com\/espanol\/faq\/ley-de-georgia\/accidente-automovilistico\/quien-tiene-la-culpa-en-una-colision-trasera-en-atlanta\/","name":"\u00bfQui\u00e9n Tiene la Culpa en Una Colisi\u00f3n Trasera en Atlanta? | CEO Lawyer","isPartOf":{"@id":"https:\/\/ceolawyer.com\/espanol\/#website"},"primaryImageOfPage":{"@id":"https:\/\/ceolawyer.com\/espanol\/faq\/ley-de-georgia\/accidente-automovilistico\/quien-tiene-la-culpa-en-una-colision-trasera-en-atlanta\/#primaryimage"},"image":{"@id":"https:\/\/ceolawyer.com\/espanol\/faq\/ley-de-georgia\/accidente-automovilistico\/quien-tiene-la-culpa-en-una-colision-trasera-en-atlanta\/#primaryimage"},"thumbnailUrl":"https:\/\/ceolawyer.com\/espanol\/wp-content\/uploads\/sites\/2\/2023\/02\/quien-tiene-la-culpa-en-una-colision-trasera-en-atlanta.jpg","datePublished":"2023-02-23T15:39:54+00:00","dateModified":"2026-03-18T18:43:55+00:00","description":"\u00bfQui\u00e9n Tiene la Culpa en Una Colisi\u00f3n Trasera en Atlanta? Llame al CEO Lawyer Abogados de Accidentes al 833-254-2923.","breadcrumb":{"@id":"https:\/\/ceolawyer.com\/espanol\/faq\/ley-de-georgia\/accidente-automovilistico\/quien-tiene-la-culpa-en-una-colision-trasera-en-atlanta\/#breadcrumb"},"inLanguage":"en-US","potentialAction":[{"@type":"ReadAction","target":["https:\/\/ceolawyer.com\/espanol\/faq\/ley-de-georgia\/accidente-automovilistico\/quien-tiene-la-culpa-en-una-colision-trasera-en-atlanta\/"]}]},{"@type":"ImageObject","inLanguage":"en-US","@id":"https:\/\/ceolawyer.com\/espanol\/faq\/ley-de-georgia\/accidente-automovilistico\/quien-tiene-la-culpa-en-una-colision-trasera-en-atlanta\/#primaryimage","url":"https:\/\/ceolawyer.com\/espanol\/wp-content\/uploads\/sites\/2\/2023\/02\/quien-tiene-la-culpa-en-una-colision-trasera-en-atlanta.jpg","contentUrl":"https:\/\/ceolawyer.com\/espanol\/wp-content\/uploads\/sites\/2\/2023\/02\/quien-tiene-la-culpa-en-una-colision-trasera-en-atlanta.jpg","width":1024,"height":683,"caption":"Un auto choca por detr\u00e1s en un accidente en atlanta."},{"@type":"BreadcrumbList","@id":"https:\/\/ceolawyer.com\/espanol\/faq\/ley-de-georgia\/accidente-automovilistico\/quien-tiene-la-culpa-en-una-colision-trasera-en-atlanta\/#breadcrumb","itemListElement":[{"@type":"ListItem","position":1,"name":"Home","item":"https:\/\/ceolawyer.com\/espanol\/"},{"@type":"ListItem","position":2,"name":"FAQ","item":"https:\/\/ceolawyer.com\/espanol\/faq\/"},{"@type":"ListItem","position":3,"name":"Lesiones personales en Georgia FAQ","item":"https:\/\/ceolawyer.com\/espanol\/faq\/ley-de-georgia\/"},{"@type":"ListItem","position":4,"name":"\u00bfQui\u00e9n Tiene la Culpa en Una Colisi\u00f3n Trasera en Atlanta?"}]},{"@type":"WebSite","@id":"https:\/\/ceolawyer.com\/espanol\/#website","url":"https:\/\/ceolawyer.com\/espanol\/","name":"CEO Lawyer","description":"Personal Injury Attorney","publisher":{"@id":"https:\/\/ceolawyer.com\/espanol\/#organization"},"potentialAction":[{"@type":"SearchAction","target":{"@type":"EntryPoint","urlTemplate":"https:\/\/ceolawyer.com\/espanol\/?s={search_term_string}"},"query-input":{"@type":"PropertyValueSpecification","valueRequired":true,"valueName":"search_term_string"}}],"inLanguage":"en-US"},{"@type":"Organization","@id":"https:\/\/ceolawyer.com\/espanol\/#organization","name":"CEO Lawyer","url":"https:\/\/ceolawyer.com\/espanol\/","logo":{"@type":"ImageObject","inLanguage":"en-US","@id":"https:\/\/ceolawyer.com\/espanol\/#\/schema\/logo\/image\/","url":"https:\/\/ceolawyer.com\/espanol\/wp-content\/uploads\/sites\/2\/2022\/05\/CEO_Logo.png","contentUrl":"https:\/\/ceolawyer.com\/espanol\/wp-content\/uploads\/sites\/2\/2022\/05\/CEO_Logo.png","width":200,"height":108,"caption":"CEO Lawyer"},"image":{"@id":"https:\/\/ceolawyer.com\/espanol\/#\/schema\/logo\/image\/"}}]}},"_links":{"self":[{"href":"https:\/\/ceolawyer.com\/espanol\/wp-json\/wp\/v2\/pages\/11641","targetHints":{"allow":["GET"]}}],"collection":[{"href":"https:\/\/ceolawyer.com\/espanol\/wp-json\/wp\/v2\/pages"}],"about":[{"href":"https:\/\/ceolawyer.com\/espanol\/wp-json\/wp\/v2\/types\/page"}],"author":[{"embeddable":true,"href":"https:\/\/ceolawyer.com\/espanol\/wp-json\/wp\/v2\/users\/22"}],"replies":[{"embeddable":true,"href":"https:\/\/ceolawyer.com\/espanol\/wp-json\/wp\/v2\/comments?post=11641"}],"version-history":[{"count":0,"href":"https:\/\/ceolawyer.com\/espanol\/wp-json\/wp\/v2\/pages\/11641\/revisions"}],"up":[{"embeddable":true,"href":"https:\/\/ceolawyer.com\/espanol\/wp-json\/wp\/v2\/pages\/13289"}],"wp:featuredmedia":[{"embeddable":true,"href":"https:\/\/ceolawyer.com\/espanol\/wp-json\/wp\/v2\/media\/11642"}],"wp:attachment":[{"href":"https:\/\/ceolawyer.com\/espanol\/wp-json\/wp\/v2\/media?parent=11641"}],"curies":[{"name":"wp","href":"https:\/\/api.w.org\/{rel}","templated":true}]}}