{"id":11646,"date":"2023-02-23T15:49:00","date_gmt":"2023-02-23T15:49:00","guid":{"rendered":"https:\/\/ceolawyer.com\/espanol\/?page_id=11646"},"modified":"2026-03-18T20:47:32","modified_gmt":"2026-03-18T20:47:32","slug":"a-que-se-le-considera-lesion-personal-en-un-accidente-de-autos","status":"publish","type":"page","link":"https:\/\/ceolawyer.com\/espanol\/faq\/ley-de-georgia\/accidente-automovilistico\/a-que-se-le-considera-lesion-personal-en-un-accidente-de-autos\/","title":{"rendered":"\u00bfa Que Se Le Considera Lesi\u00f3n Personal en Un Accidente de Autos?"},"content":{"rendered":"<p><img decoding=\"async\" class=\"alignright wp-image-11647 size-full\" src=\"https:\/\/ceolawyer.com\/espanol\/wp-content\/uploads\/sites\/2\/2023\/02\/a-que-se-le-considera-lesion-personal-en-un-accidente-de-autos.jpg\" alt=\"Un hombre se frota el cuello despu\u00e9s de sufrir una lesi\u00f3n corporal en un accidente automovil\u00edstico\" width=\"500\" height=\"333\" srcset=\"https:\/\/ceolawyer.com\/espanol\/wp-content\/uploads\/sites\/2\/2023\/02\/a-que-se-le-considera-lesion-personal-en-un-accidente-de-autos.jpg 500w, https:\/\/ceolawyer.com\/espanol\/wp-content\/uploads\/sites\/2\/2023\/02\/a-que-se-le-considera-lesion-personal-en-un-accidente-de-autos-300x200.jpg 300w\" sizes=\"(max-width: 500px) 100vw, 500px\" \/>Es posible que hayas escuchado el t\u00e9rmino \u201clesiones personales\u201d al hacer referencia a un accidente de tr\u00e1nsito o a una demanda por da\u00f1os tras un accidente. Pero, \u00bfqu\u00e9 es lo que realmente implica este t\u00e9rmino, y a que se le considera lesi\u00f3n personal en un accidente de tr\u00e1nsito? Simplemente, lesi\u00f3n personal hace referencia a cualquier da\u00f1o f\u00edsico ocurrido en el cuerpo de un individuo, a la cual tambi\u00e9n se le puede denominar lesi\u00f3n f\u00edsica.<\/p>\n<p>Si te ves envuelto en un accidente entre veh\u00edculos, independientemente de la severidad de sus heridas, Ali Awad y su equipo de abogados de lesiones personales te ayudar\u00e1n. La firma de abogados especializada en lesiones personales CEO Lawyer, le ayudar\u00e1 a elegir el mejor camino y desarrollar su demanda de manera efectiva garantizando que obtenga la indemnizaci\u00f3n que le corresponde. El abogado Ali Awad cre\u00f3 la firma de abogados especializada en lesiones personales \u201cCEO Lawyer&#8221; y desde entonces r\u00e1pidamente se convirti\u00f3 en una de las firmas ascendentes del pa\u00eds. Cuando requiera de asistencia por un accidente de tr\u00e1nsito, nuestra firma \u201cCEO Lawyer\u201d le ofrece asesor\u00eda gratis con su caso, y si es el caso que decide firmar con nosotros, usted no tiene que preocuparse por pagarnos anticipadamente porque primero nosotros tenemos que ganar su caso.<\/p>\n<p>Ali Awad, \u201cThe CEO Lawyer\u201d, es un experimentado abogado especializado en lesiones personales y un orador en p\u00fablico nato, que cuenta con poco m\u00e1s de 1 mill\u00f3n de seguidores en redes sociales. Se dedica a compartir consejos legales de manera gratuita al p\u00fablico para darles herramientas que en alg\u00fan momento puede servir para que reciban la indemnizaci\u00f3n adecuada. Para obtener los mejores acuerdos posibles despu\u00e9s de ser parte de un accidente de carros, es imperativo seguir ciertos pasos para mantener una demanda \u00edntegra. Entender los procesos legales y saber qu\u00e9 hacer cuando se encuentra en la escena del accidente es cr\u00edtico al momento de asegurar su derecho a la indemnizaci\u00f3n en caso de que usted se vea en medio de un accidente de tr\u00e1nsito.<\/p>\n<p>Algunos ejemplos de lesiones personales que una persona puede padecer despu\u00e9s de un accidente incluyen:<\/p>\n<ul>\n<li>Dolor f\u00edsico<\/li>\n<li>Fracturas o huesos rotos.<\/li>\n<li>Cortaduras, contusiones, laceraciones, moretones, y raspaduras<\/li>\n<li>Quemaduras<\/li>\n<li>Desfiguramiento<\/li>\n<li>P\u00e9rdida de extremidades<\/li>\n<li>\u00d3rganos o partes del cuerpo que ya no funcionan adecuadamente.<\/li>\n<li>Problemas en las facultades mentales<\/li>\n<li>Sangrado interno<\/li>\n<li>Enfermedad<\/li>\n<li>Y mas<\/li>\n<\/ul>\n<p>De hecho, cualquier herida en el cuerpo, incluso temporal o menos grave, es considerada una lesi\u00f3n personal. Las lesiones personales tambi\u00e9n son conformadas por enfermedades y dolencias. Las lesiones personales graves son conformadas por las heridas que son severas por naturaleza, como desfiguramiento, p\u00e9rdida o mal funcionamiento de un \u00f3rgano o extremidad, o cualquier herida que implique sustancialmente el riesgo de morir. Una herida superficial o menor no se considera una lesi\u00f3n personal grave.<\/p>\n<h2>\u00bfQu\u00e9 Cubre Una Lesi\u00f3n Personal?<\/h2>\n<p>Bajo las leyes de Georgia, cada conductor debe contar con un cubrimiento por lesiones personales. Si te encuentran culpable por un accidente, el cubrimiento por culpabilidad de lesi\u00f3n personal va a encargarse de las expensas de la persona afectada en el accidente esto incluye conductores, pasajeros o peatones, dependiendo de cu\u00e1nto cubre el seguro.<\/p>\n<p><a href=\"https:\/\/oci.georgia.gov\/insurance-resources\/auto\">Los l\u00edmites m\u00ednimos que se requieren de acuerdo a las leyes de Georgia son:<\/a><\/p>\n<ul>\n<li>Culpabilidad por lesi\u00f3n personal \u2013 $25,000 por persona y $50,000 por incidente<\/li>\n<li>Culpabilidad por da\u00f1os en propiedad \u2013 $25,000 por incidente<\/li>\n<\/ul>\n<p>Sin embargo Georgia requiere de un seguro por culpabilidad, este puede que no cubra todo los da\u00f1os relacionados al accidente, lo que terminar\u00e1 significando que a usted le tocar\u00e1 pagar por el resto de gastos.<\/p>\n<p>M\u00e1s adelante, si ha experimentado alguna lesi\u00f3n personal despu\u00e9s de un accidente, puede que tenga la posibilidad de demandar el conductor culpable por:<\/p>\n<ul>\n<li>Gastos medicos<\/li>\n<li>Perdidas de valor<\/li>\n<li>Dolor y sufrimiento<\/li>\n<\/ul>\n<p><a href=\"https:\/\/legaldesire.com\/what-is-the-average-settlement-for-a-personal-injury-case-in-georgia\/\">En promedio de una demanda por lesiones personales en Georgia<\/a> es alrededor de $53,000.00. Sin embargo, como mencionamos anteriormente, los acuerdos por accidentes de tr\u00e1nsito var\u00edan mucho de caso en caso. Usted recibe indemnizaci\u00f3n solamente si ha recibido lesiones personales por motivo del accidente. Nuestra firma de abogados luchar\u00e1 por sus derechos para garantizar la indemnizaci\u00f3n justa que se merece.<\/p>\n<h2>\u00bfC\u00f3mo Funciona Una Demanda Por Lesiones Personales?<\/h2>\n<p>Despu\u00e9s del accidente de tr\u00e1nsito, una v\u00edctima de colisi\u00f3n automovil\u00edstica que ha sufrido una lesi\u00f3n corporal puede presentar un reclamo contra la aseguradora del autom\u00f3vil de la parte culpable. Al presentar un reclamo para asegurarse de obtener una compensaci\u00f3n justa por sus da\u00f1os, debe estar preparado para proporcionar:<\/p>\n<ul>\n<li>Una copia del reporte policial<\/li>\n<li>Fotos de la escena del accidente y cualquier herida resultado del mismo<\/li>\n<li>Facturas m\u00e9dicas que discriminen los gastos<\/li>\n<li>Historial m\u00e9dico y hallazgos tras examinaciones<\/li>\n<li>Recibos de todos los gastos relacionados al accidente<\/li>\n<li>Documentaci\u00f3n reportando las p\u00e9rdidas de valor<\/li>\n<\/ul>\n<p>Despu\u00e9s de componer la demanda, usted puede esperar:<\/p>\n<ul>\n<li>El recibir una respuesta dentro del tiempo establecido<\/li>\n<li>Prep\u00e1rese para hablar sobre el accidente m\u00faltiples veces y aclarar cualquier informaci\u00f3n relacionada en su demanda.<\/li>\n<li>Hay un tiempo l\u00edmite (o estatuto de limitaciones) en su derecho de recibir indemnizaci\u00f3n por su demanda<\/li>\n<li>Para recibir un acuerdo. Solo acepte una oferta o firme alg\u00fan documento despu\u00e9s de que su abogado haya revisado su caso para as\u00ed garantizar que lo que se le ofrece es justo y as\u00ed garantizar una compensaci\u00f3n adecuada. Las aseguradoras generalmente intentan resolver con cantidades lo m\u00e1s m\u00ednimas posible por su demanda, incluso desde antes de que se le haga un an\u00e1lisis extenuante de los da\u00f1os a futuro.<\/li>\n<\/ul>\n<h2>Abogado Especializado en Accidentes<\/h2>\n<p>Si tienes un accidente de tr\u00e1nsito, es vital contactar un abogado especializado en esta \u00e1rea para asegurarse de que ser\u00e1 representado de manera justa y reciba la mayor remuneraci\u00f3n posible por su demanda. Un abogado especializado en lesiones personales se asegurar\u00e1 de que el acuerdo que usted reciba sea adecuado tanto para sus da\u00f1os inmediatos como los gastos a futuro producto de haber participado en el accidente.<\/p>\n<p>El equipo de la firma CEO Lawyer compuesto de <a href=\"https:\/\/ceolawyer.com\/personal-injury\/car-accident-lawyer\/\">abogados experimentados en accidentes de tr\u00e1nsito y lesiones personales<\/a> est\u00e1n dedicados a luchar por los derechos civiles en Georgia. Con una firma que crece en porcentajes cercanos al 99% en tiempo record, usted puede descansar y recuperarse tranquilo mientras nosotros nos encargamos de obtener el mejor acuerdo posible en su caso. Llame a CEO Lawyer y su equipo de abogados al <a href=\"tel:+18883073792\">(888) 307-3792<\/a><\/p>\n<p>O en l\u00ednea para obtener una evaluaci\u00f3n gratuita de su caso.<\/p>\n","protected":false},"excerpt":{"rendered":"<p>Es posible que hayas escuchado el t\u00e9rmino \u201clesiones personales\u201d al hacer referencia a un accidente de tr\u00e1nsito o a una demanda por da\u00f1os tras un accidente. Pero, \u00bfqu\u00e9 es lo que realmente implica este t\u00e9rmino, y a que se le considera lesi\u00f3n personal en un accidente de tr\u00e1nsito? Simplemente, lesi\u00f3n personal hace referencia a cualquier [&hellip;]<\/p>\n","protected":false},"author":22,"featured_media":11647,"parent":13289,"menu_order":0,"comment_status":"closed","ping_status":"closed","template":"","meta":{"_acf_changed":false,"footnotes":""},"class_list":["post-11646","page","type-page","status-publish","has-post-thumbnail","hentry"],"acf":[],"yoast_head":"<!-- This site is optimized with the Yoast SEO plugin v27.4 - https:\/\/yoast.com\/product\/yoast-seo-wordpress\/ -->\n<title>\u00bfQu\u00e9 se considera una lesi\u00f3n personal en un accidente de auto? | CEO Lawyer<\/title>\n<meta name=\"description\" content=\"\u00bfa Que Se Le Considera Lesi\u00f3n Personal en Un Accidente de Autos? Llame al CEO Lawyer Abogados de Accidentes al 833-254-2923.\" \/>\n<meta name=\"robots\" content=\"index, follow, max-snippet:-1, max-image-preview:large, max-video-preview:-1\" \/>\n<link rel=\"canonical\" href=\"https:\/\/ceolawyer.com\/espanol\/faq\/ley-de-georgia\/accidente-automovilistico\/a-que-se-le-considera-lesion-personal-en-un-accidente-de-autos\/\" \/>\n<meta property=\"og:locale\" content=\"en_US\" \/>\n<meta property=\"og:type\" content=\"article\" \/>\n<meta property=\"og:title\" content=\"\u00bfQu\u00e9 se considera una lesi\u00f3n personal en un accidente de auto? | CEO Lawyer\" \/>\n<meta property=\"og:description\" content=\"\u00bfa Que Se Le Considera Lesi\u00f3n Personal en Un Accidente de Autos? Llame al CEO Lawyer Abogados de Accidentes al 833-254-2923.\" \/>\n<meta property=\"og:url\" content=\"https:\/\/ceolawyer.com\/espanol\/faq\/ley-de-georgia\/accidente-automovilistico\/a-que-se-le-considera-lesion-personal-en-un-accidente-de-autos\/\" \/>\n<meta property=\"og:site_name\" content=\"CEO Lawyer\" \/>\n<meta property=\"article:modified_time\" content=\"2026-03-18T20:47:32+00:00\" \/>\n<meta property=\"og:image\" content=\"https:\/\/ceolawyer.com\/espanol\/wp-content\/uploads\/sites\/2\/2023\/02\/a-que-se-le-considera-lesion-personal-en-un-accidente-de-autos.jpg\" \/>\n\t<meta property=\"og:image:width\" content=\"500\" \/>\n\t<meta property=\"og:image:height\" content=\"333\" \/>\n\t<meta property=\"og:image:type\" content=\"image\/jpeg\" \/>\n<meta name=\"twitter:card\" content=\"summary_large_image\" \/>\n<meta name=\"twitter:label1\" content=\"Est. reading time\" \/>\n\t<meta name=\"twitter:data1\" content=\"5 minutes\" \/>\n<script type=\"application\/ld+json\" class=\"yoast-schema-graph\">{\"@context\":\"https:\\\/\\\/schema.org\",\"@graph\":[{\"@type\":\"WebPage\",\"@id\":\"https:\\\/\\\/ceolawyer.com\\\/espanol\\\/faq\\\/ley-de-georgia\\\/accidente-automovilistico\\\/a-que-se-le-considera-lesion-personal-en-un-accidente-de-autos\\\/\",\"url\":\"https:\\\/\\\/ceolawyer.com\\\/espanol\\\/faq\\\/ley-de-georgia\\\/accidente-automovilistico\\\/a-que-se-le-considera-lesion-personal-en-un-accidente-de-autos\\\/\",\"name\":\"\u00bfQu\u00e9 se considera una lesi\u00f3n personal en un accidente de auto? | CEO Lawyer\",\"isPartOf\":{\"@id\":\"https:\\\/\\\/ceolawyer.com\\\/espanol\\\/#website\"},\"primaryImageOfPage\":{\"@id\":\"https:\\\/\\\/ceolawyer.com\\\/espanol\\\/faq\\\/ley-de-georgia\\\/accidente-automovilistico\\\/a-que-se-le-considera-lesion-personal-en-un-accidente-de-autos\\\/#primaryimage\"},\"image\":{\"@id\":\"https:\\\/\\\/ceolawyer.com\\\/espanol\\\/faq\\\/ley-de-georgia\\\/accidente-automovilistico\\\/a-que-se-le-considera-lesion-personal-en-un-accidente-de-autos\\\/#primaryimage\"},\"thumbnailUrl\":\"https:\\\/\\\/ceolawyer.com\\\/espanol\\\/wp-content\\\/uploads\\\/sites\\\/2\\\/2023\\\/02\\\/a-que-se-le-considera-lesion-personal-en-un-accidente-de-autos.jpg\",\"datePublished\":\"2023-02-23T15:49:00+00:00\",\"dateModified\":\"2026-03-18T20:47:32+00:00\",\"description\":\"\u00bfa Que Se Le Considera Lesi\u00f3n Personal en Un Accidente de Autos? Llame al CEO Lawyer Abogados de Accidentes al 833-254-2923.\",\"breadcrumb\":{\"@id\":\"https:\\\/\\\/ceolawyer.com\\\/espanol\\\/faq\\\/ley-de-georgia\\\/accidente-automovilistico\\\/a-que-se-le-considera-lesion-personal-en-un-accidente-de-autos\\\/#breadcrumb\"},\"inLanguage\":\"en-US\",\"potentialAction\":[{\"@type\":\"ReadAction\",\"target\":[\"https:\\\/\\\/ceolawyer.com\\\/espanol\\\/faq\\\/ley-de-georgia\\\/accidente-automovilistico\\\/a-que-se-le-considera-lesion-personal-en-un-accidente-de-autos\\\/\"]}]},{\"@type\":\"ImageObject\",\"inLanguage\":\"en-US\",\"@id\":\"https:\\\/\\\/ceolawyer.com\\\/espanol\\\/faq\\\/ley-de-georgia\\\/accidente-automovilistico\\\/a-que-se-le-considera-lesion-personal-en-un-accidente-de-autos\\\/#primaryimage\",\"url\":\"https:\\\/\\\/ceolawyer.com\\\/espanol\\\/wp-content\\\/uploads\\\/sites\\\/2\\\/2023\\\/02\\\/a-que-se-le-considera-lesion-personal-en-un-accidente-de-autos.jpg\",\"contentUrl\":\"https:\\\/\\\/ceolawyer.com\\\/espanol\\\/wp-content\\\/uploads\\\/sites\\\/2\\\/2023\\\/02\\\/a-que-se-le-considera-lesion-personal-en-un-accidente-de-autos.jpg\",\"width\":500,\"height\":333,\"caption\":\"Un hombre se frota el cuello despu\u00e9s de sufrir una lesi\u00f3n corporal en un accidente automovil\u00edstico\"},{\"@type\":\"BreadcrumbList\",\"@id\":\"https:\\\/\\\/ceolawyer.com\\\/espanol\\\/faq\\\/ley-de-georgia\\\/accidente-automovilistico\\\/a-que-se-le-considera-lesion-personal-en-un-accidente-de-autos\\\/#breadcrumb\",\"itemListElement\":[{\"@type\":\"ListItem\",\"position\":1,\"name\":\"Home\",\"item\":\"https:\\\/\\\/ceolawyer.com\\\/espanol\\\/\"},{\"@type\":\"ListItem\",\"position\":2,\"name\":\"FAQ\",\"item\":\"https:\\\/\\\/ceolawyer.com\\\/espanol\\\/faq\\\/\"},{\"@type\":\"ListItem\",\"position\":3,\"name\":\"Lesiones personales en Georgia FAQ\",\"item\":\"https:\\\/\\\/ceolawyer.com\\\/espanol\\\/faq\\\/ley-de-georgia\\\/\"},{\"@type\":\"ListItem\",\"position\":4,\"name\":\"\u00bfa Que Se Le Considera Lesi\u00f3n Personal en Un Accidente de Autos?\"}]},{\"@type\":\"WebSite\",\"@id\":\"https:\\\/\\\/ceolawyer.com\\\/espanol\\\/#website\",\"url\":\"https:\\\/\\\/ceolawyer.com\\\/espanol\\\/\",\"name\":\"CEO Lawyer\",\"description\":\"Personal Injury Attorney\",\"publisher\":{\"@id\":\"https:\\\/\\\/ceolawyer.com\\\/espanol\\\/#organization\"},\"potentialAction\":[{\"@type\":\"SearchAction\",\"target\":{\"@type\":\"EntryPoint\",\"urlTemplate\":\"https:\\\/\\\/ceolawyer.com\\\/espanol\\\/?s={search_term_string}\"},\"query-input\":{\"@type\":\"PropertyValueSpecification\",\"valueRequired\":true,\"valueName\":\"search_term_string\"}}],\"inLanguage\":\"en-US\"},{\"@type\":\"Organization\",\"@id\":\"https:\\\/\\\/ceolawyer.com\\\/espanol\\\/#organization\",\"name\":\"CEO Lawyer\",\"url\":\"https:\\\/\\\/ceolawyer.com\\\/espanol\\\/\",\"logo\":{\"@type\":\"ImageObject\",\"inLanguage\":\"en-US\",\"@id\":\"https:\\\/\\\/ceolawyer.com\\\/espanol\\\/#\\\/schema\\\/logo\\\/image\\\/\",\"url\":\"https:\\\/\\\/ceolawyer.com\\\/espanol\\\/wp-content\\\/uploads\\\/sites\\\/2\\\/2022\\\/05\\\/CEO_Logo.png\",\"contentUrl\":\"https:\\\/\\\/ceolawyer.com\\\/espanol\\\/wp-content\\\/uploads\\\/sites\\\/2\\\/2022\\\/05\\\/CEO_Logo.png\",\"width\":200,\"height\":108,\"caption\":\"CEO Lawyer\"},\"image\":{\"@id\":\"https:\\\/\\\/ceolawyer.com\\\/espanol\\\/#\\\/schema\\\/logo\\\/image\\\/\"}}]}<\/script>\n<!-- \/ Yoast SEO plugin. -->","yoast_head_json":{"title":"\u00bfQu\u00e9 se considera una lesi\u00f3n personal en un accidente de auto? | CEO Lawyer","description":"\u00bfa Que Se Le Considera Lesi\u00f3n Personal en Un Accidente de Autos? Llame al CEO Lawyer Abogados de Accidentes al 833-254-2923.","robots":{"index":"index","follow":"follow","max-snippet":"max-snippet:-1","max-image-preview":"max-image-preview:large","max-video-preview":"max-video-preview:-1"},"canonical":"https:\/\/ceolawyer.com\/espanol\/faq\/ley-de-georgia\/accidente-automovilistico\/a-que-se-le-considera-lesion-personal-en-un-accidente-de-autos\/","og_locale":"en_US","og_type":"article","og_title":"\u00bfQu\u00e9 se considera una lesi\u00f3n personal en un accidente de auto? | CEO Lawyer","og_description":"\u00bfa Que Se Le Considera Lesi\u00f3n Personal en Un Accidente de Autos? Llame al CEO Lawyer Abogados de Accidentes al 833-254-2923.","og_url":"https:\/\/ceolawyer.com\/espanol\/faq\/ley-de-georgia\/accidente-automovilistico\/a-que-se-le-considera-lesion-personal-en-un-accidente-de-autos\/","og_site_name":"CEO Lawyer","article_modified_time":"2026-03-18T20:47:32+00:00","og_image":[{"width":500,"height":333,"url":"https:\/\/ceolawyer.com\/espanol\/wp-content\/uploads\/sites\/2\/2023\/02\/a-que-se-le-considera-lesion-personal-en-un-accidente-de-autos.jpg","type":"image\/jpeg"}],"twitter_card":"summary_large_image","twitter_misc":{"Est. reading time":"5 minutes"},"schema":{"@context":"https:\/\/schema.org","@graph":[{"@type":"WebPage","@id":"https:\/\/ceolawyer.com\/espanol\/faq\/ley-de-georgia\/accidente-automovilistico\/a-que-se-le-considera-lesion-personal-en-un-accidente-de-autos\/","url":"https:\/\/ceolawyer.com\/espanol\/faq\/ley-de-georgia\/accidente-automovilistico\/a-que-se-le-considera-lesion-personal-en-un-accidente-de-autos\/","name":"\u00bfQu\u00e9 se considera una lesi\u00f3n personal en un accidente de auto? | CEO Lawyer","isPartOf":{"@id":"https:\/\/ceolawyer.com\/espanol\/#website"},"primaryImageOfPage":{"@id":"https:\/\/ceolawyer.com\/espanol\/faq\/ley-de-georgia\/accidente-automovilistico\/a-que-se-le-considera-lesion-personal-en-un-accidente-de-autos\/#primaryimage"},"image":{"@id":"https:\/\/ceolawyer.com\/espanol\/faq\/ley-de-georgia\/accidente-automovilistico\/a-que-se-le-considera-lesion-personal-en-un-accidente-de-autos\/#primaryimage"},"thumbnailUrl":"https:\/\/ceolawyer.com\/espanol\/wp-content\/uploads\/sites\/2\/2023\/02\/a-que-se-le-considera-lesion-personal-en-un-accidente-de-autos.jpg","datePublished":"2023-02-23T15:49:00+00:00","dateModified":"2026-03-18T20:47:32+00:00","description":"\u00bfa Que Se Le Considera Lesi\u00f3n Personal en Un Accidente de Autos? Llame al CEO Lawyer Abogados de Accidentes al 833-254-2923.","breadcrumb":{"@id":"https:\/\/ceolawyer.com\/espanol\/faq\/ley-de-georgia\/accidente-automovilistico\/a-que-se-le-considera-lesion-personal-en-un-accidente-de-autos\/#breadcrumb"},"inLanguage":"en-US","potentialAction":[{"@type":"ReadAction","target":["https:\/\/ceolawyer.com\/espanol\/faq\/ley-de-georgia\/accidente-automovilistico\/a-que-se-le-considera-lesion-personal-en-un-accidente-de-autos\/"]}]},{"@type":"ImageObject","inLanguage":"en-US","@id":"https:\/\/ceolawyer.com\/espanol\/faq\/ley-de-georgia\/accidente-automovilistico\/a-que-se-le-considera-lesion-personal-en-un-accidente-de-autos\/#primaryimage","url":"https:\/\/ceolawyer.com\/espanol\/wp-content\/uploads\/sites\/2\/2023\/02\/a-que-se-le-considera-lesion-personal-en-un-accidente-de-autos.jpg","contentUrl":"https:\/\/ceolawyer.com\/espanol\/wp-content\/uploads\/sites\/2\/2023\/02\/a-que-se-le-considera-lesion-personal-en-un-accidente-de-autos.jpg","width":500,"height":333,"caption":"Un hombre se frota el cuello despu\u00e9s de sufrir una lesi\u00f3n corporal en un accidente automovil\u00edstico"},{"@type":"BreadcrumbList","@id":"https:\/\/ceolawyer.com\/espanol\/faq\/ley-de-georgia\/accidente-automovilistico\/a-que-se-le-considera-lesion-personal-en-un-accidente-de-autos\/#breadcrumb","itemListElement":[{"@type":"ListItem","position":1,"name":"Home","item":"https:\/\/ceolawyer.com\/espanol\/"},{"@type":"ListItem","position":2,"name":"FAQ","item":"https:\/\/ceolawyer.com\/espanol\/faq\/"},{"@type":"ListItem","position":3,"name":"Lesiones personales en Georgia FAQ","item":"https:\/\/ceolawyer.com\/espanol\/faq\/ley-de-georgia\/"},{"@type":"ListItem","position":4,"name":"\u00bfa Que Se Le Considera Lesi\u00f3n Personal en Un Accidente de Autos?"}]},{"@type":"WebSite","@id":"https:\/\/ceolawyer.com\/espanol\/#website","url":"https:\/\/ceolawyer.com\/espanol\/","name":"CEO Lawyer","description":"Personal Injury Attorney","publisher":{"@id":"https:\/\/ceolawyer.com\/espanol\/#organization"},"potentialAction":[{"@type":"SearchAction","target":{"@type":"EntryPoint","urlTemplate":"https:\/\/ceolawyer.com\/espanol\/?s={search_term_string}"},"query-input":{"@type":"PropertyValueSpecification","valueRequired":true,"valueName":"search_term_string"}}],"inLanguage":"en-US"},{"@type":"Organization","@id":"https:\/\/ceolawyer.com\/espanol\/#organization","name":"CEO Lawyer","url":"https:\/\/ceolawyer.com\/espanol\/","logo":{"@type":"ImageObject","inLanguage":"en-US","@id":"https:\/\/ceolawyer.com\/espanol\/#\/schema\/logo\/image\/","url":"https:\/\/ceolawyer.com\/espanol\/wp-content\/uploads\/sites\/2\/2022\/05\/CEO_Logo.png","contentUrl":"https:\/\/ceolawyer.com\/espanol\/wp-content\/uploads\/sites\/2\/2022\/05\/CEO_Logo.png","width":200,"height":108,"caption":"CEO Lawyer"},"image":{"@id":"https:\/\/ceolawyer.com\/espanol\/#\/schema\/logo\/image\/"}}]}},"_links":{"self":[{"href":"https:\/\/ceolawyer.com\/espanol\/wp-json\/wp\/v2\/pages\/11646","targetHints":{"allow":["GET"]}}],"collection":[{"href":"https:\/\/ceolawyer.com\/espanol\/wp-json\/wp\/v2\/pages"}],"about":[{"href":"https:\/\/ceolawyer.com\/espanol\/wp-json\/wp\/v2\/types\/page"}],"author":[{"embeddable":true,"href":"https:\/\/ceolawyer.com\/espanol\/wp-json\/wp\/v2\/users\/22"}],"replies":[{"embeddable":true,"href":"https:\/\/ceolawyer.com\/espanol\/wp-json\/wp\/v2\/comments?post=11646"}],"version-history":[{"count":0,"href":"https:\/\/ceolawyer.com\/espanol\/wp-json\/wp\/v2\/pages\/11646\/revisions"}],"up":[{"embeddable":true,"href":"https:\/\/ceolawyer.com\/espanol\/wp-json\/wp\/v2\/pages\/13289"}],"wp:featuredmedia":[{"embeddable":true,"href":"https:\/\/ceolawyer.com\/espanol\/wp-json\/wp\/v2\/media\/11647"}],"wp:attachment":[{"href":"https:\/\/ceolawyer.com\/espanol\/wp-json\/wp\/v2\/media?parent=11646"}],"curies":[{"name":"wp","href":"https:\/\/api.w.org\/{rel}","templated":true}]}}