{"id":11654,"date":"2023-02-23T16:19:59","date_gmt":"2023-02-23T16:19:59","guid":{"rendered":"https:\/\/ceolawyer.com\/espanol\/?page_id=11654"},"modified":"2026-03-18T18:37:06","modified_gmt":"2026-03-18T18:37:06","slug":"puede-usted-buscar-reportes-de-accidentes-en-linea","status":"publish","type":"page","link":"https:\/\/ceolawyer.com\/espanol\/faq\/ley-de-georgia\/accidente-automovilistico\/puede-usted-buscar-reportes-de-accidentes-en-linea\/","title":{"rendered":"\u00bfPuede Usted Buscar Reportes de Accidentes en L\u00ednea?"},"content":{"rendered":"<p><img decoding=\"async\" class=\"alignright size-full wp-image-11655\" src=\"https:\/\/ceolawyer.com\/espanol\/wp-content\/uploads\/sites\/2\/2023\/02\/puede-usted-buscar-reportes-de-accidentes-en-linea.jpg\" alt=\"Una mujer busca c\u00f3mo reportar un accidente en l\u00ednea.\" width=\"500\" height=\"333\" srcset=\"https:\/\/ceolawyer.com\/espanol\/wp-content\/uploads\/sites\/2\/2023\/02\/puede-usted-buscar-reportes-de-accidentes-en-linea.jpg 500w, https:\/\/ceolawyer.com\/espanol\/wp-content\/uploads\/sites\/2\/2023\/02\/puede-usted-buscar-reportes-de-accidentes-en-linea-300x200.jpg 300w\" sizes=\"(max-width: 500px) 100vw, 500px\" \/>S\u00ed. Usted puede ir al sitio web de la agencia de polic\u00eda que respondi\u00f3 a su accidente y buscar su pol\u00edtica para proporcionar informes policiales. Pueden estar disponibles en l\u00ednea por una peque\u00f1a tarifa. En ocasiones, algunas agencias de aplicaci\u00f3n de la ley m\u00e1s peque\u00f1as requieren recoger el documento en persona, pero esto no sucede con demasiada frecuencia. Si lo hace, tambi\u00e9n puede obtener un informe de accidente de carro en l\u00ednea de BuyCrash.com.<\/p>\n<p>Si usted o un ser querido han sufrido un accidente de tr\u00e1nsito y est\u00e1n tratando de averiguar sus pr\u00f3ximos pasos, obtener una copia de su informe policial es muy \u00fatil. Pero hablando con un abogado con experiencia en accidentes de coche tambi\u00e9n lo es. El Abogado Ali Awad comenz\u00f3 una peque\u00f1a pr\u00e1ctica legal especializada en lesiones personales, CEO Lawyer, y se ha vuelto en una de las empresas de m\u00e1s r\u00e1pido crecimiento en el pa\u00eds en s\u00f3lo unos pocos a\u00f1os. Tambi\u00e9n publica sobre temas legales para m\u00e1s de un mill\u00f3n de seguidores en las redes sociales. La firma de abogados especializados en lesiones personales CEO Lawyer siempre est\u00e1 feliz de ofrecer una consulta gratuita, sin obligaci\u00f3n sobre su reclamaci\u00f3n de accidente de auto.<\/p>\n<h2>\u00bfQu\u00e9 M\u00e1s Usted Debe Hacer Despu\u00e9s de SU Accidente Automovil\u00edstico?<\/h2>\n<p>Usted puede estar confundido y desorientado despu\u00e9s de un accidente automovil\u00edstico, y es dif\u00edcil saber qu\u00e9 hacer. Inmediatamente despu\u00e9s del accidente usted debe llamar al 911 para reportar el accidente y pedir una ambulancia si alguien est\u00e1 herido. Es una buena idea dejar que los param\u00e9dicos lo revisen, incluso si usted se siente bien. A veces las personas se lastiman, pero su dolor y otros s\u00edntomas no aparecen de inmediato. Esto puede suceder debido al estr\u00e9s o un subid\u00f3n de adrenalina por el accidente, o porque las lesiones pueden doler m\u00e1s una vez que el cuerpo tiene la oportunidad de responder y tratar de curarlas.<\/p>\n<p>Si su coche sigue en la carretera y se puede conducir, debe intentar sacarlo de la carretera para evitar m\u00e1s accidentes. Si no, ponga sus luces intermitentes y tenga cuidado con los veh\u00edculos que se aproximan. Mientras espera a que llegue la polic\u00eda, puede tomar fotograf\u00edas de la escena del accidente. Tambi\u00e9n puede hablar con el otro conductor, si es capaz de levantarse y caminar hacia el otro veh\u00edculo. Trate de intercambiar informaci\u00f3n de contacto y de seguros.<\/p>\n<p>Tambi\u00e9n es \u00fatil tomar nota de los testigos. Si puede, consiga sus nombres e informaci\u00f3n de contacto tambi\u00e9n. Cuando esto no sea posible, puede escribir una descripci\u00f3n de ellos. Cuando el tiempo lo permita, anote tambi\u00e9n todo lo que recuerde sobre el accidente, lo antes posible&#8230; Esto puede ser \u00fatil m\u00e1s adelante.<\/p>\n<h2>\u00bfQu\u00e9 Pasa Si Mi Informe Policial No Asigna Culpa Por El Accidente?<\/h2>\n<p>Esto no es inusual. Es dif\u00edcil a menudo para los cuerpos policiales determinar qui\u00e9n ten\u00eda la culpa despu\u00e9s de un accidente, porque pueden estar presionados por tiempo y tener otras escenas de accidentes a las que asistir. A veces la \u00fanica evidencia es dos conductores contando su lado de la historia. Los testigos pueden no estar presentes, incluso si estaban all\u00ed cuando ocurri\u00f3 el accidente. Si la polic\u00eda no ve evidencia inmediata de que alguien viol\u00f3 una ley de tr\u00e1nsito, no puede emitir una citaci\u00f3n o asignar una falla en el reporte policial. En su lugar, escribir\u00e1n los hechos del caso, incluyendo lo que dijo cada parte, d\u00f3nde ocurri\u00f3 el accidente, qu\u00e9 da\u00f1o ocurri\u00f3, etc.<\/p>\n<p>\u00bfC\u00f3mo esto afecta su caso? Depende de la situaci\u00f3n, pero en muchos casos todav\u00eda podemos recuperar la compensaci\u00f3n de la compa\u00f1\u00eda de seguros del otro conductor. Empezaremos por llevar a cabo nuestra propia investigaci\u00f3n. Los investigadores de nuestro despacho de abogados tienen el tiempo y los recursos para investigar m\u00e1s a fondo. Analizaremos todos los datos electr\u00f3nicosdisponibles, desde los registros del smartphone hasta los datos del propio veh\u00edculo. Adem\u00e1s, solicitamos im\u00e1genes de c\u00e1maras de tr\u00e1fico en el \u00e1rea donde ocurri\u00f3 el accidente. Si no hab\u00eda c\u00e1maras de tr\u00e1fico, revisamos alrededor del vecindario para ver si alguien ten\u00eda una c\u00e1mara de timbre que pudiera haber captado el accidente. Al mismo tiempo, buscamos testigos adicionales que podr\u00edan haber abandonado la escena antes de que llegara la polic\u00eda. Con frecuencia, podemos encontrar m\u00e1s evidencia que apoye el caso del cliente. Si est\u00e1 preocupado porque su reporte policial no asigna la culpa, lo mejor que puede hacer es ponerse en contacto con un abogado de accidentes automovil\u00edsticos de Georgia de inmediato.<\/p>\n<h2>\u00bfQu\u00e9 Debo Decirle a la Compa\u00f1\u00eda de Seguros?<\/h2>\n<p>D\u00edgales que les devolver\u00e1 la llamada. Usted debe buscar asesoramiento legal antes de tener una conversaci\u00f3n con la compa\u00f1\u00eda de seguros de la otra parte. Esto es importante por varias razones:<\/p>\n<ul>\n<li>Georgia es un estado de falla comparativa para accidentes automovil\u00edsticos. Eso significa que usted puede todav\u00eda cobrar la compensaci\u00f3n del seguro de la otra parte si usted contribuy\u00f3 al accidente, pero solamente si usted era menos del 50 por ciento culpable. Como resultado, si la compa\u00f1\u00eda de seguros puede presentar un caso de que usted fue m\u00e1s de la mitad responsable, no tiene que pagar nada de su reclamo. Incluso si usted fuera menos del 50 por ciento culpable, su indemnizaci\u00f3n ser\u00e1 reducida en \u00faltima instancia por cualquier porcentaje de culpa que se encuentre que tiene. Eso significa que el inter\u00e9s de la compa\u00f1\u00eda de seguros es demostrar que usted caus\u00f3 el accidente. Incluso hemos conocido a personas que estaban convencidas de que eran todos o la mayor\u00eda responsables despu\u00e9s de hablar con el agente de seguros, y estaban equivocados.<\/li>\n<li>Incluso si est\u00e1 seguro de que no fue culpable, el ajustador de seguros probablemente le har\u00e1 muchas preguntas, y cada una de las respuestas aumenta la posibilidad de que tuerzan sus palabras en una admisi\u00f3n de culpa que nunca hizo. Hemos visto que esto tambi\u00e9n sucede \u2013 el cliente piensa que dej\u00f3 claro que el otro conductor era culpable, y la compa\u00f1\u00eda de seguros interpret\u00f3 sus palabras de manera muy diferente.<\/li>\n<li>Ir\u00f3nicamente, otro problema es que el ajustador de seguros podr\u00eda aceptar que su cliente es el culpable y hacerle una oferta de inmediato. \u00bfPor qu\u00e9 es esto un problema? Porque su primera oferta es frecuentemente demasiado baja para los da\u00f1os del cliente. Su abogado revisar\u00e1 todos sus gastos y los posibles da\u00f1os en su caso, as\u00ed que usted puede ver lo que una oferta razonable ser\u00eda. Tambi\u00e9n es importante tener en cuenta los costes futuros de atenci\u00f3n m\u00e9dica si tiene dificultades continuas a causa del accidente. Adem\u00e1s, su abogado ser\u00e1 experto en la ley de seguros y podr\u00e1 negociar con la compa\u00f1\u00eda de seguros para obtener la compensaci\u00f3n que usted necesita.<\/li>\n<\/ul>\n<h2>Llama a la Firma de Abogados Especializados en Lesiones Personales CEO Lawyer<\/h2>\n<p>Si usted o un ser querido han sido heridos en un accidente de coche causado por la negligencia de otro conductor, usted necesita actuar r\u00e1pidamente para proteger sus derechos legales. Por favor no dude en contactar a la firma de abogados especializados en lesiones personales CEO Lawyer para una consulta gratuita. No hay necesidad de preocuparse por los costos iniciales \u2013 si tomamos su caso, no nos debe nada hasta que ganemos.<\/p>\n","protected":false},"excerpt":{"rendered":"<p>S\u00ed. Usted puede ir al sitio web de la agencia de polic\u00eda que respondi\u00f3 a su accidente y buscar su pol\u00edtica para proporcionar informes policiales. Pueden estar disponibles en l\u00ednea por una peque\u00f1a tarifa. En ocasiones, algunas agencias de aplicaci\u00f3n de la ley m\u00e1s peque\u00f1as requieren recoger el documento en persona, pero esto no sucede [&hellip;]<\/p>\n","protected":false},"author":22,"featured_media":11655,"parent":13289,"menu_order":0,"comment_status":"closed","ping_status":"closed","template":"","meta":{"_acf_changed":false,"footnotes":""},"class_list":["post-11654","page","type-page","status-publish","has-post-thumbnail","hentry"],"acf":[],"yoast_head":"<!-- This site is optimized with the Yoast SEO plugin v27.2 - https:\/\/yoast.com\/product\/yoast-seo-wordpress\/ -->\n<title>\u00bfPuede Usted Buscar Reportes de Accidentes en L\u00ednea? | CEO Lawyer<\/title>\n<meta name=\"description\" content=\"\u00bfPuede Usted Buscar Reportes de Accidentes en L\u00ednea? Llame al CEO Lawyer Abogados de Accidentes al 833-254-2923.\" \/>\n<meta name=\"robots\" content=\"index, follow, max-snippet:-1, max-image-preview:large, max-video-preview:-1\" \/>\n<link rel=\"canonical\" href=\"https:\/\/ceolawyer.com\/espanol\/faq\/ley-de-georgia\/accidente-automovilistico\/puede-usted-buscar-reportes-de-accidentes-en-linea\/\" \/>\n<meta property=\"og:locale\" content=\"en_US\" \/>\n<meta property=\"og:type\" content=\"article\" \/>\n<meta property=\"og:title\" content=\"\u00bfPuede Usted Buscar Reportes de Accidentes en L\u00ednea? | CEO Lawyer\" \/>\n<meta property=\"og:description\" content=\"\u00bfPuede Usted Buscar Reportes de Accidentes en L\u00ednea? Llame al CEO Lawyer Abogados de Accidentes al 833-254-2923.\" \/>\n<meta property=\"og:url\" content=\"https:\/\/ceolawyer.com\/espanol\/faq\/ley-de-georgia\/accidente-automovilistico\/puede-usted-buscar-reportes-de-accidentes-en-linea\/\" \/>\n<meta property=\"og:site_name\" content=\"CEO Lawyer\" \/>\n<meta property=\"article:modified_time\" content=\"2026-03-18T18:37:06+00:00\" \/>\n<meta property=\"og:image\" content=\"https:\/\/ceolawyer.com\/espanol\/wp-content\/uploads\/sites\/2\/2023\/02\/puede-usted-buscar-reportes-de-accidentes-en-linea.jpg\" \/>\n\t<meta property=\"og:image:width\" content=\"500\" \/>\n\t<meta property=\"og:image:height\" content=\"333\" \/>\n\t<meta property=\"og:image:type\" content=\"image\/jpeg\" \/>\n<meta name=\"twitter:card\" content=\"summary_large_image\" \/>\n<meta name=\"twitter:label1\" content=\"Est. reading time\" \/>\n\t<meta name=\"twitter:data1\" content=\"6 minutes\" \/>\n<script type=\"application\/ld+json\" class=\"yoast-schema-graph\">{\"@context\":\"https:\/\/schema.org\",\"@graph\":[{\"@type\":\"WebPage\",\"@id\":\"https:\/\/ceolawyer.com\/espanol\/faq\/ley-de-georgia\/accidente-automovilistico\/puede-usted-buscar-reportes-de-accidentes-en-linea\/\",\"url\":\"https:\/\/ceolawyer.com\/espanol\/faq\/ley-de-georgia\/accidente-automovilistico\/puede-usted-buscar-reportes-de-accidentes-en-linea\/\",\"name\":\"\u00bfPuede Usted Buscar Reportes de Accidentes en L\u00ednea? | CEO Lawyer\",\"isPartOf\":{\"@id\":\"https:\/\/ceolawyer.com\/espanol\/#website\"},\"primaryImageOfPage\":{\"@id\":\"https:\/\/ceolawyer.com\/espanol\/faq\/ley-de-georgia\/accidente-automovilistico\/puede-usted-buscar-reportes-de-accidentes-en-linea\/#primaryimage\"},\"image\":{\"@id\":\"https:\/\/ceolawyer.com\/espanol\/faq\/ley-de-georgia\/accidente-automovilistico\/puede-usted-buscar-reportes-de-accidentes-en-linea\/#primaryimage\"},\"thumbnailUrl\":\"https:\/\/ceolawyer.com\/espanol\/wp-content\/uploads\/sites\/2\/2023\/02\/puede-usted-buscar-reportes-de-accidentes-en-linea.jpg\",\"datePublished\":\"2023-02-23T16:19:59+00:00\",\"dateModified\":\"2026-03-18T18:37:06+00:00\",\"description\":\"\u00bfPuede Usted Buscar Reportes de Accidentes en L\u00ednea? Llame al CEO Lawyer Abogados de Accidentes al 833-254-2923.\",\"breadcrumb\":{\"@id\":\"https:\/\/ceolawyer.com\/espanol\/faq\/ley-de-georgia\/accidente-automovilistico\/puede-usted-buscar-reportes-de-accidentes-en-linea\/#breadcrumb\"},\"inLanguage\":\"en-US\",\"potentialAction\":[{\"@type\":\"ReadAction\",\"target\":[\"https:\/\/ceolawyer.com\/espanol\/faq\/ley-de-georgia\/accidente-automovilistico\/puede-usted-buscar-reportes-de-accidentes-en-linea\/\"]}]},{\"@type\":\"ImageObject\",\"inLanguage\":\"en-US\",\"@id\":\"https:\/\/ceolawyer.com\/espanol\/faq\/ley-de-georgia\/accidente-automovilistico\/puede-usted-buscar-reportes-de-accidentes-en-linea\/#primaryimage\",\"url\":\"https:\/\/ceolawyer.com\/espanol\/wp-content\/uploads\/sites\/2\/2023\/02\/puede-usted-buscar-reportes-de-accidentes-en-linea.jpg\",\"contentUrl\":\"https:\/\/ceolawyer.com\/espanol\/wp-content\/uploads\/sites\/2\/2023\/02\/puede-usted-buscar-reportes-de-accidentes-en-linea.jpg\",\"width\":500,\"height\":333,\"caption\":\"Una mujer busca c\u00f3mo reportar un accidente en l\u00ednea.\"},{\"@type\":\"BreadcrumbList\",\"@id\":\"https:\/\/ceolawyer.com\/espanol\/faq\/ley-de-georgia\/accidente-automovilistico\/puede-usted-buscar-reportes-de-accidentes-en-linea\/#breadcrumb\",\"itemListElement\":[{\"@type\":\"ListItem\",\"position\":1,\"name\":\"Home\",\"item\":\"https:\/\/ceolawyer.com\/espanol\/\"},{\"@type\":\"ListItem\",\"position\":2,\"name\":\"FAQ\",\"item\":\"https:\/\/ceolawyer.com\/espanol\/faq\/\"},{\"@type\":\"ListItem\",\"position\":3,\"name\":\"Lesiones personales en Georgia FAQ\",\"item\":\"https:\/\/ceolawyer.com\/espanol\/faq\/ley-de-georgia\/\"},{\"@type\":\"ListItem\",\"position\":4,\"name\":\"\u00bfPuede Usted Buscar Reportes de Accidentes en L\u00ednea?\"}]},{\"@type\":\"WebSite\",\"@id\":\"https:\/\/ceolawyer.com\/espanol\/#website\",\"url\":\"https:\/\/ceolawyer.com\/espanol\/\",\"name\":\"CEO Lawyer\",\"description\":\"Personal Injury Attorney\",\"publisher\":{\"@id\":\"https:\/\/ceolawyer.com\/espanol\/#organization\"},\"potentialAction\":[{\"@type\":\"SearchAction\",\"target\":{\"@type\":\"EntryPoint\",\"urlTemplate\":\"https:\/\/ceolawyer.com\/espanol\/?s={search_term_string}\"},\"query-input\":{\"@type\":\"PropertyValueSpecification\",\"valueRequired\":true,\"valueName\":\"search_term_string\"}}],\"inLanguage\":\"en-US\"},{\"@type\":\"Organization\",\"@id\":\"https:\/\/ceolawyer.com\/espanol\/#organization\",\"name\":\"CEO Lawyer\",\"url\":\"https:\/\/ceolawyer.com\/espanol\/\",\"logo\":{\"@type\":\"ImageObject\",\"inLanguage\":\"en-US\",\"@id\":\"https:\/\/ceolawyer.com\/espanol\/#\/schema\/logo\/image\/\",\"url\":\"https:\/\/ceolawyer.com\/espanol\/wp-content\/uploads\/sites\/2\/2022\/05\/CEO_Logo.png\",\"contentUrl\":\"https:\/\/ceolawyer.com\/espanol\/wp-content\/uploads\/sites\/2\/2022\/05\/CEO_Logo.png\",\"width\":200,\"height\":108,\"caption\":\"CEO Lawyer\"},\"image\":{\"@id\":\"https:\/\/ceolawyer.com\/espanol\/#\/schema\/logo\/image\/\"}}]}<\/script>\n<!-- \/ Yoast SEO plugin. -->","yoast_head_json":{"title":"\u00bfPuede Usted Buscar Reportes de Accidentes en L\u00ednea? | CEO Lawyer","description":"\u00bfPuede Usted Buscar Reportes de Accidentes en L\u00ednea? Llame al CEO Lawyer Abogados de Accidentes al 833-254-2923.","robots":{"index":"index","follow":"follow","max-snippet":"max-snippet:-1","max-image-preview":"max-image-preview:large","max-video-preview":"max-video-preview:-1"},"canonical":"https:\/\/ceolawyer.com\/espanol\/faq\/ley-de-georgia\/accidente-automovilistico\/puede-usted-buscar-reportes-de-accidentes-en-linea\/","og_locale":"en_US","og_type":"article","og_title":"\u00bfPuede Usted Buscar Reportes de Accidentes en L\u00ednea? | CEO Lawyer","og_description":"\u00bfPuede Usted Buscar Reportes de Accidentes en L\u00ednea? Llame al CEO Lawyer Abogados de Accidentes al 833-254-2923.","og_url":"https:\/\/ceolawyer.com\/espanol\/faq\/ley-de-georgia\/accidente-automovilistico\/puede-usted-buscar-reportes-de-accidentes-en-linea\/","og_site_name":"CEO Lawyer","article_modified_time":"2026-03-18T18:37:06+00:00","og_image":[{"width":500,"height":333,"url":"https:\/\/ceolawyer.com\/espanol\/wp-content\/uploads\/sites\/2\/2023\/02\/puede-usted-buscar-reportes-de-accidentes-en-linea.jpg","type":"image\/jpeg"}],"twitter_card":"summary_large_image","twitter_misc":{"Est. reading time":"6 minutes"},"schema":{"@context":"https:\/\/schema.org","@graph":[{"@type":"WebPage","@id":"https:\/\/ceolawyer.com\/espanol\/faq\/ley-de-georgia\/accidente-automovilistico\/puede-usted-buscar-reportes-de-accidentes-en-linea\/","url":"https:\/\/ceolawyer.com\/espanol\/faq\/ley-de-georgia\/accidente-automovilistico\/puede-usted-buscar-reportes-de-accidentes-en-linea\/","name":"\u00bfPuede Usted Buscar Reportes de Accidentes en L\u00ednea? | CEO Lawyer","isPartOf":{"@id":"https:\/\/ceolawyer.com\/espanol\/#website"},"primaryImageOfPage":{"@id":"https:\/\/ceolawyer.com\/espanol\/faq\/ley-de-georgia\/accidente-automovilistico\/puede-usted-buscar-reportes-de-accidentes-en-linea\/#primaryimage"},"image":{"@id":"https:\/\/ceolawyer.com\/espanol\/faq\/ley-de-georgia\/accidente-automovilistico\/puede-usted-buscar-reportes-de-accidentes-en-linea\/#primaryimage"},"thumbnailUrl":"https:\/\/ceolawyer.com\/espanol\/wp-content\/uploads\/sites\/2\/2023\/02\/puede-usted-buscar-reportes-de-accidentes-en-linea.jpg","datePublished":"2023-02-23T16:19:59+00:00","dateModified":"2026-03-18T18:37:06+00:00","description":"\u00bfPuede Usted Buscar Reportes de Accidentes en L\u00ednea? Llame al CEO Lawyer Abogados de Accidentes al 833-254-2923.","breadcrumb":{"@id":"https:\/\/ceolawyer.com\/espanol\/faq\/ley-de-georgia\/accidente-automovilistico\/puede-usted-buscar-reportes-de-accidentes-en-linea\/#breadcrumb"},"inLanguage":"en-US","potentialAction":[{"@type":"ReadAction","target":["https:\/\/ceolawyer.com\/espanol\/faq\/ley-de-georgia\/accidente-automovilistico\/puede-usted-buscar-reportes-de-accidentes-en-linea\/"]}]},{"@type":"ImageObject","inLanguage":"en-US","@id":"https:\/\/ceolawyer.com\/espanol\/faq\/ley-de-georgia\/accidente-automovilistico\/puede-usted-buscar-reportes-de-accidentes-en-linea\/#primaryimage","url":"https:\/\/ceolawyer.com\/espanol\/wp-content\/uploads\/sites\/2\/2023\/02\/puede-usted-buscar-reportes-de-accidentes-en-linea.jpg","contentUrl":"https:\/\/ceolawyer.com\/espanol\/wp-content\/uploads\/sites\/2\/2023\/02\/puede-usted-buscar-reportes-de-accidentes-en-linea.jpg","width":500,"height":333,"caption":"Una mujer busca c\u00f3mo reportar un accidente en l\u00ednea."},{"@type":"BreadcrumbList","@id":"https:\/\/ceolawyer.com\/espanol\/faq\/ley-de-georgia\/accidente-automovilistico\/puede-usted-buscar-reportes-de-accidentes-en-linea\/#breadcrumb","itemListElement":[{"@type":"ListItem","position":1,"name":"Home","item":"https:\/\/ceolawyer.com\/espanol\/"},{"@type":"ListItem","position":2,"name":"FAQ","item":"https:\/\/ceolawyer.com\/espanol\/faq\/"},{"@type":"ListItem","position":3,"name":"Lesiones personales en Georgia FAQ","item":"https:\/\/ceolawyer.com\/espanol\/faq\/ley-de-georgia\/"},{"@type":"ListItem","position":4,"name":"\u00bfPuede Usted Buscar Reportes de Accidentes en L\u00ednea?"}]},{"@type":"WebSite","@id":"https:\/\/ceolawyer.com\/espanol\/#website","url":"https:\/\/ceolawyer.com\/espanol\/","name":"CEO Lawyer","description":"Personal Injury Attorney","publisher":{"@id":"https:\/\/ceolawyer.com\/espanol\/#organization"},"potentialAction":[{"@type":"SearchAction","target":{"@type":"EntryPoint","urlTemplate":"https:\/\/ceolawyer.com\/espanol\/?s={search_term_string}"},"query-input":{"@type":"PropertyValueSpecification","valueRequired":true,"valueName":"search_term_string"}}],"inLanguage":"en-US"},{"@type":"Organization","@id":"https:\/\/ceolawyer.com\/espanol\/#organization","name":"CEO Lawyer","url":"https:\/\/ceolawyer.com\/espanol\/","logo":{"@type":"ImageObject","inLanguage":"en-US","@id":"https:\/\/ceolawyer.com\/espanol\/#\/schema\/logo\/image\/","url":"https:\/\/ceolawyer.com\/espanol\/wp-content\/uploads\/sites\/2\/2022\/05\/CEO_Logo.png","contentUrl":"https:\/\/ceolawyer.com\/espanol\/wp-content\/uploads\/sites\/2\/2022\/05\/CEO_Logo.png","width":200,"height":108,"caption":"CEO Lawyer"},"image":{"@id":"https:\/\/ceolawyer.com\/espanol\/#\/schema\/logo\/image\/"}}]}},"_links":{"self":[{"href":"https:\/\/ceolawyer.com\/espanol\/wp-json\/wp\/v2\/pages\/11654","targetHints":{"allow":["GET"]}}],"collection":[{"href":"https:\/\/ceolawyer.com\/espanol\/wp-json\/wp\/v2\/pages"}],"about":[{"href":"https:\/\/ceolawyer.com\/espanol\/wp-json\/wp\/v2\/types\/page"}],"author":[{"embeddable":true,"href":"https:\/\/ceolawyer.com\/espanol\/wp-json\/wp\/v2\/users\/22"}],"replies":[{"embeddable":true,"href":"https:\/\/ceolawyer.com\/espanol\/wp-json\/wp\/v2\/comments?post=11654"}],"version-history":[{"count":0,"href":"https:\/\/ceolawyer.com\/espanol\/wp-json\/wp\/v2\/pages\/11654\/revisions"}],"up":[{"embeddable":true,"href":"https:\/\/ceolawyer.com\/espanol\/wp-json\/wp\/v2\/pages\/13289"}],"wp:featuredmedia":[{"embeddable":true,"href":"https:\/\/ceolawyer.com\/espanol\/wp-json\/wp\/v2\/media\/11655"}],"wp:attachment":[{"href":"https:\/\/ceolawyer.com\/espanol\/wp-json\/wp\/v2\/media?parent=11654"}],"curies":[{"name":"wp","href":"https:\/\/api.w.org\/{rel}","templated":true}]}}