{"id":11665,"date":"2023-02-23T17:23:38","date_gmt":"2023-02-23T17:23:38","guid":{"rendered":"https:\/\/ceolawyer.com\/espanol\/?page_id=11665"},"modified":"2026-03-18T18:38:48","modified_gmt":"2026-03-18T18:38:48","slug":"que-debe-saber-sobre-los-accidentes-de-retroceso-en-atlanta","status":"publish","type":"page","link":"https:\/\/ceolawyer.com\/espanol\/faq\/ley-de-georgia\/accidente-automovilistico\/que-debe-saber-sobre-los-accidentes-de-retroceso-en-atlanta\/","title":{"rendered":"\u00bfQu\u00e9 Debe Saber Sobre Los Accidentes de Retroceso en Atlanta?"},"content":{"rendered":"<p><img decoding=\"async\" class=\"alignright size-full wp-image-11666\" src=\"https:\/\/ceolawyer.com\/espanol\/wp-content\/uploads\/sites\/2\/2023\/02\/que-debe-saber-sobre-los-accidentes-de-retroceso-en-atlanta.jpg\" alt=\"La parte trasera de un autom\u00f3vil antes de un accidente de marcha atr\u00e1s.\" width=\"500\" height=\"333\" srcset=\"https:\/\/ceolawyer.com\/espanol\/wp-content\/uploads\/sites\/2\/2023\/02\/que-debe-saber-sobre-los-accidentes-de-retroceso-en-atlanta.jpg 500w, https:\/\/ceolawyer.com\/espanol\/wp-content\/uploads\/sites\/2\/2023\/02\/que-debe-saber-sobre-los-accidentes-de-retroceso-en-atlanta-300x200.jpg 300w\" sizes=\"(max-width: 500px) 100vw, 500px\" \/>Una de las cosas m\u00e1s aterradoras que pueden sucederle a usted es ir conduciendo y lastimar a un ser querido debido a la mala visibilidad. Si usted o alguien que usted ama ha estado involucrado en un accidente de retroceso, estamos aqu\u00ed para servir como sus gu\u00edas legales.<\/p>\n<p>Sabemos la tensi\u00f3n que una lesi\u00f3n hacia un ser querido puede ponerles a los dos. Es por eso que ofrecemos evaluaciones de casos gratuitas y sin obligaci\u00f3n. Trabajamos duro para asegurar que su familia est\u00e9 bien cuidada, independientemente de los desaf\u00edos que puedan surgir. <a href=\"https:\/\/ceolawyer.com\/contact-us\/\">Llame a nuestros abogados de lesiones y accidentes<\/a> hoy mismo al <a href=\"tel:+18883073792\">(888) 307-3792<\/a>, para que podamos empezar a proteger sus derechos legales.<\/p>\n<p>Un accidente de retroceso es un accidente automovil\u00edstico que ocurre cuando un conductor retrocede un veh\u00edculo y choca con un peat\u00f3n o ciclista. Retroceder un coche puede ser un proceso complicado, especialmente si es la primera vez que lo hace. En la mayor\u00eda de las situaciones, cuando el conductor de un veh\u00edculo causa un accidente en un estacionamiento, el accidente es el resultado de la negligencia del conductor. Si un conductor no revisa sus alrededores antes de dar marcha atr\u00e1s, corre el riesgo de verse implicado en un accidente con otro veh\u00edculo o propiedad que haya estado estacionado o desatendido.<\/p>\n<p>En algunos casos, un conductor retrocediendo de un camino de entrada pondr\u00e1 en reversa el veh\u00edculo directamente y acabar\u00eda colisionando en un buz\u00f3n u otro objeto estacionario en la acera. En algunos casos, el conductor puede no darse cuenta de que ha golpeado a un objeto y sigue retrocediendo, causando m\u00e1s destrucci\u00f3n a la propiedad.<\/p>\n<p>En otros casos, el conductor retroceder\u00e1 contra un objeto en movimiento, como una persona montada en bicicleta. La v\u00edctima no tiene tiempo para escapar cuando esto sucede y a menudo queda atrapada entre el veh\u00edculo en movimiento y un objeto fijo o estructura detr\u00e1s de ellos. Al igual que con cualquier actividad que requiera estar alerta y centrado, dar reversa\u00a0 en un veh\u00edculo puede ser peligroso si no se realiza correctamente.<\/p>\n<h2>\u00bfPor Qu\u00e9 Ocurren Los Accidentes de Retroceso?<\/h2>\n<p>Desde lo inesperado hasta lo aparentemente inofensivo, aqu\u00ed hay algunas razones por las cuales pueden ocurrir accidentes automovil\u00edsticos al retroceder.<\/p>\n<ol>\n<li><strong>Confusi\u00f3n entre los pedales<\/strong><\/li>\n<\/ol>\n<p>Los conductores que experimentan confusi\u00f3n entre los pedales en los estacionamientos suelen hacerlo porque olvidan qu\u00e9 pedal es el acelerador y cu\u00e1l es el freno, o porque pisan por error el pedal equivocado. Tambi\u00e9n pueden confundirse con la colocaci\u00f3n de los pedales. Cuando esto sucede, el conductor conmuta los pedales, de modo que accidentalmente retroceden en lugar de moverse lentamente hacia atr\u00e1s, fuera de su estacionamiento o de avanzar de un carril cuando quer\u00edan retroceder. Los conductores que han experienciado confusi\u00f3n entre pedales han retrocedido accidentalmente contra sus amantes, ni\u00f1os o padres ancianos.<\/p>\n<ol start=\"2\">\n<li><strong>Conducci\u00f3n distra\u00edda<\/strong><\/li>\n<\/ol>\n<p>Los conductores deben mirar siempre lo m\u00e1s lejos posible detr\u00e1s de ellos cuando ponen reversa, especialmente porque los ni\u00f1os y otros peatones pueden ser m\u00e1s dif\u00edciles de ver debido a su peque\u00f1o tama\u00f1o. Pero esto no suele suceder. A menudo, los conductores est\u00e1n preocupados con otras preocupaciones como buscando sus tel\u00e9fonos, abroch\u00e1ndose los cinturones de seguridad o realizando otras tareas diarias que ignoran lo que est\u00e1 sucediendo detr\u00e1s de ellos.<\/p>\n<p>Los conductores que est\u00e1n distra\u00eddos por actividades dentro de su veh\u00edculo no pueden ver a peatones, ciclistas u otros veh\u00edculos cruzando o entrando a la carretera. Es posible que los conductores que se distraen por actividades fuera de su veh\u00edculo no eval\u00faan visualmente la velocidad del tr\u00e1fico que se aproxima o la distancia del tr\u00e1fico siguiente, lo que aumenta el riesgo de accidente. Mejorando su conocimiento de la condici\u00f3n de su coche y las cosas alrededor de usted puede aumentar su seguridad detr\u00e1s del volante.<\/p>\n<ol start=\"3\">\n<li><strong>\u00c1ngulos Ciegos<\/strong><\/li>\n<\/ol>\n<p>Todos los veh\u00edculos tienen un \u00e1ngulo ciego directamente detr\u00e1s de \u00e9l, y estos puntos hacen que los conductores no vean lo que hay cuando retroceden. El \u00e1ngulo ciego es una zona del campo de visi\u00f3n trasero de un veh\u00edculo no monitoreado porque no se puede ver desde el asiento del conductor. Esta \u00e1rea invisible incluye avenidas de posible escape y \u00e1reas que camuflan peatones, bicicletas u otro tr\u00e1fico. En muchos casos donde ocurre un choque, el conductor puede no haber podido ver que la persona estaba all\u00ed incluso si hab\u00eda estado mirando en esa direcci\u00f3n.<\/p>\n<h2>Camiones y Accidentes de Retroceso<\/h2>\n<p>Desafortunadamente, no es imposible retroceder sobre peatones o ciclistas mientras se da marcha atr\u00e1s. A menudo, los peatones no son conscientes de que el conductor del cami\u00f3n est\u00e1 retrocediendo o tal vez mirando a otro lugar cuando el conductor quita su vista de ellos. Un problema con los camiones m\u00e1s grandes es que tienen distancias de parada m\u00e1s largas, por lo que pueden retroceder f\u00e1cilmente sobre un peat\u00f3n a menos que el conductor vea a la persona o alguien le avise. Cuando un cami\u00f3n tiene que dar marcha atr\u00e1s para que su carga sea descargada, depende del conductor del cami\u00f3n comprobar de antemano si hay alguien m\u00e1s detr\u00e1s del cami\u00f3n antes de retroceder.<\/p>\n<h2>Ni\u00f1os y Accidentes de Retroceso<\/h2>\n<p>Los ni\u00f1os son las v\u00edctimas m\u00e1s probables de accidentes de retroceso por varias razones:<\/p>\n<ul>\n<li>Los ni\u00f1os son m\u00e1s peque\u00f1os que los adultos y pueden estar completamente ocultos a la vista del conductor por el port\u00f3n trasero.<\/li>\n<li>Los ni\u00f1os tienen m\u00e1s dificultades para comprender el peligro que representa un veh\u00edculo dando la vuelta, principalmente si el ni\u00f1o est\u00e1 jugando o distra\u00eddo.<\/li>\n<li>Es posible que los ni\u00f1os no puedan moverse tan r\u00e1pido como lo har\u00eda un adulto.<\/li>\n<li>La incapacidad de un ni\u00f1o para verbalizar sus lesiones dificulta la documentaci\u00f3n precisa de las lesiones despu\u00e9s de un accidente.<\/li>\n<\/ul>\n<h2>Los Conductores Deben Permanecer Atentos Cada Vez Que Retrocedan. Siga Los Siguientes Consejos Para Evitar Accidentes de Retroceso:<\/h2>\n<ul>\n<li>\u00a0 Cuando usted est\u00e1 dando marcha atr\u00e1s a su veh\u00edculo, es esencial revisar sus alrededores antes de entrar y arrancarlo. Se recomienda dar un paseo por la zona donde est\u00e1 estacionado y mirar debajo para asegurarse de que no hay nadie all\u00ed, como ni\u00f1os jugando detr\u00e1s de su veh\u00edculo o mascotas esperando para escapar.<\/li>\n<li>\u00a0 Es una buena idea comprobar la parte trasera del veh\u00edculo utilizando los espejos retrovisores y laterales. Usted tambi\u00e9n debe confiar en su visi\u00f3n perif\u00e9rica o mirar por una ventana que proporciona una vista hacia atr\u00e1s. Siempre que sea posible, retroceda lentamente y aseg\u00farese de comprobar si hay obst\u00e1culos y personas antes de cambiar a marcha atr\u00e1s.<\/li>\n<li>\u00a0 Considere bajar el volumen del radio y abrir las ventanas mientras conduce marcha atr\u00e1s. Esto le permitir\u00e1 escuchar lo que sucede a su alrededor y disminuir el riesgo de un accidente.<\/li>\n<li>\u00a0 Los veh\u00edculos de hoy son m\u00e1s silenciosos que nunca. Si es seguro hacerlo (es decir, no en una carretera o autopista), intente encender las luces de advertencia de su veh\u00edculo mientras da marcha atr\u00e1s, de modo que la gente a su alrededor sea m\u00e1s probable que note su veh\u00edculo.<\/li>\n<li>\u00a0 Disminuya el acelerador y evite el uso del control de crucero u otros sistemas autom\u00e1ticos que le permitan conducir sin tener las manos en el volante ni los ojos en la carretera, como estos pueden distraerlo de mantener un ojo hacia fuera para los ni\u00f1os peque\u00f1os que podr\u00edan correr en la calle. La mejor manera de evitar distracciones es utilizar un extensor de espejo retrovisor. Aunque estos dispositivos no eliminan el riesgo, pueden reducirlo.<\/li>\n<\/ul>\n<h2>Empleo de la Tecnolog\u00eda Para Disminuir Los Accidentes de Retroceso<\/h2>\n<p>Los accidentes de retroceso son causados por maniobras incorrectas del veh\u00edculo, que a menudo se deben a la falta de atenci\u00f3n o a la distracci\u00f3n del conductor. Sin embargo, dado que no es posible prevenir todos los tipos de accidentes, los avances t\u00e9cnicos han reducido el n\u00famero de accidentes de retroceso.<\/p>\n<p>Las c\u00e1maras de visi\u00f3n trasera est\u00e1n dise\u00f1adas para evitar accidentes. Proyectan la ruta del coche en una pantalla en la parte delantera del veh\u00edculo. Los coches con sensores emiten una alarma si alg\u00fan objeto se desplaza en la misma direcci\u00f3n. Estos sistemas controlan activamente la parte trasera del veh\u00edculo y env\u00edan un aviso al conductor si hay un peat\u00f3n u otro objeto detr\u00e1s de ellos.<\/p>\n<p>La tecnolog\u00eda de c\u00e1mara de retroceso est\u00e1 dise\u00f1ada para ayudar a los conductores a realizar el retroceso de forma segura. Sin embargo, como con cualquier avance tecnol\u00f3gico, a veces los mejoramientos crean una sensaci\u00f3n de seguridad falsa ya que la gente permite que la tecnolog\u00eda haga m\u00e1s trabajo por ellos. Para evitar un tr\u00e1gico accidente debido a este tipo de errores, es vital que los conductores entiendan precisamente lo que las c\u00e1maras de seguridad pueden y no pueden hacer.<\/p>\n<p>La prevenci\u00f3n de accidentes de retroceso requiere diligencia y vigilancia. Todos los conductores deben estar informados de sus alrededores en todo momento. Si usted no est\u00e1 buscando apropiadamente otros veh\u00edculos o est\u00e1 con prisa, la probabilidad de un accidente se aumenta.<\/p>\n<h2>\u00bfPor Qu\u00e9 Buscar Ayuda de la Firma Especializada en Lesiones Personales CEO Lawyer?<\/h2>\n<p>Las complejidades de un accidente de retroceso son numerosas. Pero los abogados de accidentes de auto de la firma\u00a0 de abogados de lesiones personales CEO Lawyer est\u00e1n aqu\u00ed para ayudar a guiarlo a trav\u00e9s de este tiempo despu\u00e9s de un accidente. Nuestros abogados entienden que este es un momento dif\u00edcil para usted, y tomamos el tiempo para conocerlo a usted y su situaci\u00f3n. Podemos contestar todas sus preguntas, preparar documentaci\u00f3n completa para la corte y evaluar evidencia para que usted pueda ser compensado apropiadamente.<\/p>\n<p>En la firma\u00a0 de abogados de lesiones personales CEO Lawyer, cada miembro de nuestro equipo se compromete a proporcionar a cada cliente un asesoramiento jur\u00eddico completo seg\u00fan su situaci\u00f3n \u00fanica. Proporcionamos a nuestros clientes un asesoramiento jur\u00eddico comprensivo a trav\u00e9s de abogados conocedores, con experiencia que est\u00e1n comprometidos a contestar sus preguntas en cualquier momento. Puede <a href=\"https:\/\/ceolawyer.com\/contact-us\/\">contactarnos<\/a> al <a href=\"tel:+18883073792\">(888) 307-3792<\/a> o escribirnos por correo electr\u00f3nico para solicitar una consulta gratuita.<\/p>\n","protected":false},"excerpt":{"rendered":"<p>Una de las cosas m\u00e1s aterradoras que pueden sucederle a usted es ir conduciendo y lastimar a un ser querido debido a la mala visibilidad. Si usted o alguien que usted ama ha estado involucrado en un accidente de retroceso, estamos aqu\u00ed para servir como sus gu\u00edas legales. Sabemos la tensi\u00f3n que una lesi\u00f3n hacia [&hellip;]<\/p>\n","protected":false},"author":22,"featured_media":11666,"parent":13289,"menu_order":0,"comment_status":"closed","ping_status":"closed","template":"","meta":{"_acf_changed":false,"footnotes":""},"class_list":["post-11665","page","type-page","status-publish","has-post-thumbnail","hentry"],"acf":[],"yoast_head":"<!-- This site is optimized with the Yoast SEO plugin v27.4 - https:\/\/yoast.com\/product\/yoast-seo-wordpress\/ -->\n<title>\u00bfQu\u00e9 Debe Saber Sobre Los Accidentes de Retroceso en Atlanta? | CEO Lawyer<\/title>\n<meta name=\"description\" content=\"\u00bfQu\u00e9 Debe Saber Sobre Los Accidentes de Retroceso en Atlanta?Llame al CEO Lawyer Abogados de Accidentes al 833-254-2923.\" \/>\n<meta name=\"robots\" content=\"index, follow, max-snippet:-1, max-image-preview:large, max-video-preview:-1\" \/>\n<link rel=\"canonical\" href=\"https:\/\/ceolawyer.com\/espanol\/faq\/ley-de-georgia\/accidente-automovilistico\/que-debe-saber-sobre-los-accidentes-de-retroceso-en-atlanta\/\" \/>\n<meta property=\"og:locale\" content=\"en_US\" \/>\n<meta property=\"og:type\" content=\"article\" \/>\n<meta property=\"og:title\" content=\"\u00bfQu\u00e9 Debe Saber Sobre Los Accidentes de Retroceso en Atlanta? | CEO Lawyer\" \/>\n<meta property=\"og:description\" content=\"\u00bfQu\u00e9 Debe Saber Sobre Los Accidentes de Retroceso en Atlanta?Llame al CEO Lawyer Abogados de Accidentes al 833-254-2923.\" \/>\n<meta property=\"og:url\" content=\"https:\/\/ceolawyer.com\/espanol\/faq\/ley-de-georgia\/accidente-automovilistico\/que-debe-saber-sobre-los-accidentes-de-retroceso-en-atlanta\/\" \/>\n<meta property=\"og:site_name\" content=\"CEO Lawyer\" \/>\n<meta property=\"article:modified_time\" content=\"2026-03-18T18:38:48+00:00\" \/>\n<meta property=\"og:image\" content=\"https:\/\/ceolawyer.com\/espanol\/wp-content\/uploads\/sites\/2\/2023\/02\/que-debe-saber-sobre-los-accidentes-de-retroceso-en-atlanta.jpg\" \/>\n\t<meta property=\"og:image:width\" content=\"500\" \/>\n\t<meta property=\"og:image:height\" content=\"333\" \/>\n\t<meta property=\"og:image:type\" content=\"image\/jpeg\" \/>\n<meta name=\"twitter:card\" content=\"summary_large_image\" \/>\n<meta name=\"twitter:label1\" content=\"Est. reading time\" \/>\n\t<meta name=\"twitter:data1\" content=\"8 minutes\" \/>\n<script type=\"application\/ld+json\" class=\"yoast-schema-graph\">{\"@context\":\"https:\\\/\\\/schema.org\",\"@graph\":[{\"@type\":\"WebPage\",\"@id\":\"https:\\\/\\\/ceolawyer.com\\\/espanol\\\/faq\\\/ley-de-georgia\\\/accidente-automovilistico\\\/que-debe-saber-sobre-los-accidentes-de-retroceso-en-atlanta\\\/\",\"url\":\"https:\\\/\\\/ceolawyer.com\\\/espanol\\\/faq\\\/ley-de-georgia\\\/accidente-automovilistico\\\/que-debe-saber-sobre-los-accidentes-de-retroceso-en-atlanta\\\/\",\"name\":\"\u00bfQu\u00e9 Debe Saber Sobre Los Accidentes de Retroceso en Atlanta? | CEO Lawyer\",\"isPartOf\":{\"@id\":\"https:\\\/\\\/ceolawyer.com\\\/espanol\\\/#website\"},\"primaryImageOfPage\":{\"@id\":\"https:\\\/\\\/ceolawyer.com\\\/espanol\\\/faq\\\/ley-de-georgia\\\/accidente-automovilistico\\\/que-debe-saber-sobre-los-accidentes-de-retroceso-en-atlanta\\\/#primaryimage\"},\"image\":{\"@id\":\"https:\\\/\\\/ceolawyer.com\\\/espanol\\\/faq\\\/ley-de-georgia\\\/accidente-automovilistico\\\/que-debe-saber-sobre-los-accidentes-de-retroceso-en-atlanta\\\/#primaryimage\"},\"thumbnailUrl\":\"https:\\\/\\\/ceolawyer.com\\\/espanol\\\/wp-content\\\/uploads\\\/sites\\\/2\\\/2023\\\/02\\\/que-debe-saber-sobre-los-accidentes-de-retroceso-en-atlanta.jpg\",\"datePublished\":\"2023-02-23T17:23:38+00:00\",\"dateModified\":\"2026-03-18T18:38:48+00:00\",\"description\":\"\u00bfQu\u00e9 Debe Saber Sobre Los Accidentes de Retroceso en Atlanta?Llame al CEO Lawyer Abogados de Accidentes al 833-254-2923.\",\"breadcrumb\":{\"@id\":\"https:\\\/\\\/ceolawyer.com\\\/espanol\\\/faq\\\/ley-de-georgia\\\/accidente-automovilistico\\\/que-debe-saber-sobre-los-accidentes-de-retroceso-en-atlanta\\\/#breadcrumb\"},\"inLanguage\":\"en-US\",\"potentialAction\":[{\"@type\":\"ReadAction\",\"target\":[\"https:\\\/\\\/ceolawyer.com\\\/espanol\\\/faq\\\/ley-de-georgia\\\/accidente-automovilistico\\\/que-debe-saber-sobre-los-accidentes-de-retroceso-en-atlanta\\\/\"]}]},{\"@type\":\"ImageObject\",\"inLanguage\":\"en-US\",\"@id\":\"https:\\\/\\\/ceolawyer.com\\\/espanol\\\/faq\\\/ley-de-georgia\\\/accidente-automovilistico\\\/que-debe-saber-sobre-los-accidentes-de-retroceso-en-atlanta\\\/#primaryimage\",\"url\":\"https:\\\/\\\/ceolawyer.com\\\/espanol\\\/wp-content\\\/uploads\\\/sites\\\/2\\\/2023\\\/02\\\/que-debe-saber-sobre-los-accidentes-de-retroceso-en-atlanta.jpg\",\"contentUrl\":\"https:\\\/\\\/ceolawyer.com\\\/espanol\\\/wp-content\\\/uploads\\\/sites\\\/2\\\/2023\\\/02\\\/que-debe-saber-sobre-los-accidentes-de-retroceso-en-atlanta.jpg\",\"width\":500,\"height\":333,\"caption\":\"La parte trasera de un autom\u00f3vil antes de un accidente de marcha atr\u00e1s.\"},{\"@type\":\"BreadcrumbList\",\"@id\":\"https:\\\/\\\/ceolawyer.com\\\/espanol\\\/faq\\\/ley-de-georgia\\\/accidente-automovilistico\\\/que-debe-saber-sobre-los-accidentes-de-retroceso-en-atlanta\\\/#breadcrumb\",\"itemListElement\":[{\"@type\":\"ListItem\",\"position\":1,\"name\":\"Home\",\"item\":\"https:\\\/\\\/ceolawyer.com\\\/espanol\\\/\"},{\"@type\":\"ListItem\",\"position\":2,\"name\":\"FAQ\",\"item\":\"https:\\\/\\\/ceolawyer.com\\\/espanol\\\/faq\\\/\"},{\"@type\":\"ListItem\",\"position\":3,\"name\":\"Lesiones personales en Georgia FAQ\",\"item\":\"https:\\\/\\\/ceolawyer.com\\\/espanol\\\/faq\\\/ley-de-georgia\\\/\"},{\"@type\":\"ListItem\",\"position\":4,\"name\":\"\u00bfQu\u00e9 Debe Saber Sobre Los Accidentes de Retroceso en Atlanta?\"}]},{\"@type\":\"WebSite\",\"@id\":\"https:\\\/\\\/ceolawyer.com\\\/espanol\\\/#website\",\"url\":\"https:\\\/\\\/ceolawyer.com\\\/espanol\\\/\",\"name\":\"CEO Lawyer\",\"description\":\"Personal Injury Attorney\",\"publisher\":{\"@id\":\"https:\\\/\\\/ceolawyer.com\\\/espanol\\\/#organization\"},\"potentialAction\":[{\"@type\":\"SearchAction\",\"target\":{\"@type\":\"EntryPoint\",\"urlTemplate\":\"https:\\\/\\\/ceolawyer.com\\\/espanol\\\/?s={search_term_string}\"},\"query-input\":{\"@type\":\"PropertyValueSpecification\",\"valueRequired\":true,\"valueName\":\"search_term_string\"}}],\"inLanguage\":\"en-US\"},{\"@type\":\"Organization\",\"@id\":\"https:\\\/\\\/ceolawyer.com\\\/espanol\\\/#organization\",\"name\":\"CEO Lawyer\",\"url\":\"https:\\\/\\\/ceolawyer.com\\\/espanol\\\/\",\"logo\":{\"@type\":\"ImageObject\",\"inLanguage\":\"en-US\",\"@id\":\"https:\\\/\\\/ceolawyer.com\\\/espanol\\\/#\\\/schema\\\/logo\\\/image\\\/\",\"url\":\"https:\\\/\\\/ceolawyer.com\\\/espanol\\\/wp-content\\\/uploads\\\/sites\\\/2\\\/2022\\\/05\\\/CEO_Logo.png\",\"contentUrl\":\"https:\\\/\\\/ceolawyer.com\\\/espanol\\\/wp-content\\\/uploads\\\/sites\\\/2\\\/2022\\\/05\\\/CEO_Logo.png\",\"width\":200,\"height\":108,\"caption\":\"CEO Lawyer\"},\"image\":{\"@id\":\"https:\\\/\\\/ceolawyer.com\\\/espanol\\\/#\\\/schema\\\/logo\\\/image\\\/\"}}]}<\/script>\n<!-- \/ Yoast SEO plugin. -->","yoast_head_json":{"title":"\u00bfQu\u00e9 Debe Saber Sobre Los Accidentes de Retroceso en Atlanta? | CEO Lawyer","description":"\u00bfQu\u00e9 Debe Saber Sobre Los Accidentes de Retroceso en Atlanta?Llame al CEO Lawyer Abogados de Accidentes al 833-254-2923.","robots":{"index":"index","follow":"follow","max-snippet":"max-snippet:-1","max-image-preview":"max-image-preview:large","max-video-preview":"max-video-preview:-1"},"canonical":"https:\/\/ceolawyer.com\/espanol\/faq\/ley-de-georgia\/accidente-automovilistico\/que-debe-saber-sobre-los-accidentes-de-retroceso-en-atlanta\/","og_locale":"en_US","og_type":"article","og_title":"\u00bfQu\u00e9 Debe Saber Sobre Los Accidentes de Retroceso en Atlanta? | CEO Lawyer","og_description":"\u00bfQu\u00e9 Debe Saber Sobre Los Accidentes de Retroceso en Atlanta?Llame al CEO Lawyer Abogados de Accidentes al 833-254-2923.","og_url":"https:\/\/ceolawyer.com\/espanol\/faq\/ley-de-georgia\/accidente-automovilistico\/que-debe-saber-sobre-los-accidentes-de-retroceso-en-atlanta\/","og_site_name":"CEO Lawyer","article_modified_time":"2026-03-18T18:38:48+00:00","og_image":[{"width":500,"height":333,"url":"https:\/\/ceolawyer.com\/espanol\/wp-content\/uploads\/sites\/2\/2023\/02\/que-debe-saber-sobre-los-accidentes-de-retroceso-en-atlanta.jpg","type":"image\/jpeg"}],"twitter_card":"summary_large_image","twitter_misc":{"Est. reading time":"8 minutes"},"schema":{"@context":"https:\/\/schema.org","@graph":[{"@type":"WebPage","@id":"https:\/\/ceolawyer.com\/espanol\/faq\/ley-de-georgia\/accidente-automovilistico\/que-debe-saber-sobre-los-accidentes-de-retroceso-en-atlanta\/","url":"https:\/\/ceolawyer.com\/espanol\/faq\/ley-de-georgia\/accidente-automovilistico\/que-debe-saber-sobre-los-accidentes-de-retroceso-en-atlanta\/","name":"\u00bfQu\u00e9 Debe Saber Sobre Los Accidentes de Retroceso en Atlanta? | CEO Lawyer","isPartOf":{"@id":"https:\/\/ceolawyer.com\/espanol\/#website"},"primaryImageOfPage":{"@id":"https:\/\/ceolawyer.com\/espanol\/faq\/ley-de-georgia\/accidente-automovilistico\/que-debe-saber-sobre-los-accidentes-de-retroceso-en-atlanta\/#primaryimage"},"image":{"@id":"https:\/\/ceolawyer.com\/espanol\/faq\/ley-de-georgia\/accidente-automovilistico\/que-debe-saber-sobre-los-accidentes-de-retroceso-en-atlanta\/#primaryimage"},"thumbnailUrl":"https:\/\/ceolawyer.com\/espanol\/wp-content\/uploads\/sites\/2\/2023\/02\/que-debe-saber-sobre-los-accidentes-de-retroceso-en-atlanta.jpg","datePublished":"2023-02-23T17:23:38+00:00","dateModified":"2026-03-18T18:38:48+00:00","description":"\u00bfQu\u00e9 Debe Saber Sobre Los Accidentes de Retroceso en Atlanta?Llame al CEO Lawyer Abogados de Accidentes al 833-254-2923.","breadcrumb":{"@id":"https:\/\/ceolawyer.com\/espanol\/faq\/ley-de-georgia\/accidente-automovilistico\/que-debe-saber-sobre-los-accidentes-de-retroceso-en-atlanta\/#breadcrumb"},"inLanguage":"en-US","potentialAction":[{"@type":"ReadAction","target":["https:\/\/ceolawyer.com\/espanol\/faq\/ley-de-georgia\/accidente-automovilistico\/que-debe-saber-sobre-los-accidentes-de-retroceso-en-atlanta\/"]}]},{"@type":"ImageObject","inLanguage":"en-US","@id":"https:\/\/ceolawyer.com\/espanol\/faq\/ley-de-georgia\/accidente-automovilistico\/que-debe-saber-sobre-los-accidentes-de-retroceso-en-atlanta\/#primaryimage","url":"https:\/\/ceolawyer.com\/espanol\/wp-content\/uploads\/sites\/2\/2023\/02\/que-debe-saber-sobre-los-accidentes-de-retroceso-en-atlanta.jpg","contentUrl":"https:\/\/ceolawyer.com\/espanol\/wp-content\/uploads\/sites\/2\/2023\/02\/que-debe-saber-sobre-los-accidentes-de-retroceso-en-atlanta.jpg","width":500,"height":333,"caption":"La parte trasera de un autom\u00f3vil antes de un accidente de marcha atr\u00e1s."},{"@type":"BreadcrumbList","@id":"https:\/\/ceolawyer.com\/espanol\/faq\/ley-de-georgia\/accidente-automovilistico\/que-debe-saber-sobre-los-accidentes-de-retroceso-en-atlanta\/#breadcrumb","itemListElement":[{"@type":"ListItem","position":1,"name":"Home","item":"https:\/\/ceolawyer.com\/espanol\/"},{"@type":"ListItem","position":2,"name":"FAQ","item":"https:\/\/ceolawyer.com\/espanol\/faq\/"},{"@type":"ListItem","position":3,"name":"Lesiones personales en Georgia FAQ","item":"https:\/\/ceolawyer.com\/espanol\/faq\/ley-de-georgia\/"},{"@type":"ListItem","position":4,"name":"\u00bfQu\u00e9 Debe Saber Sobre Los Accidentes de Retroceso en Atlanta?"}]},{"@type":"WebSite","@id":"https:\/\/ceolawyer.com\/espanol\/#website","url":"https:\/\/ceolawyer.com\/espanol\/","name":"CEO Lawyer","description":"Personal Injury Attorney","publisher":{"@id":"https:\/\/ceolawyer.com\/espanol\/#organization"},"potentialAction":[{"@type":"SearchAction","target":{"@type":"EntryPoint","urlTemplate":"https:\/\/ceolawyer.com\/espanol\/?s={search_term_string}"},"query-input":{"@type":"PropertyValueSpecification","valueRequired":true,"valueName":"search_term_string"}}],"inLanguage":"en-US"},{"@type":"Organization","@id":"https:\/\/ceolawyer.com\/espanol\/#organization","name":"CEO Lawyer","url":"https:\/\/ceolawyer.com\/espanol\/","logo":{"@type":"ImageObject","inLanguage":"en-US","@id":"https:\/\/ceolawyer.com\/espanol\/#\/schema\/logo\/image\/","url":"https:\/\/ceolawyer.com\/espanol\/wp-content\/uploads\/sites\/2\/2022\/05\/CEO_Logo.png","contentUrl":"https:\/\/ceolawyer.com\/espanol\/wp-content\/uploads\/sites\/2\/2022\/05\/CEO_Logo.png","width":200,"height":108,"caption":"CEO Lawyer"},"image":{"@id":"https:\/\/ceolawyer.com\/espanol\/#\/schema\/logo\/image\/"}}]}},"_links":{"self":[{"href":"https:\/\/ceolawyer.com\/espanol\/wp-json\/wp\/v2\/pages\/11665","targetHints":{"allow":["GET"]}}],"collection":[{"href":"https:\/\/ceolawyer.com\/espanol\/wp-json\/wp\/v2\/pages"}],"about":[{"href":"https:\/\/ceolawyer.com\/espanol\/wp-json\/wp\/v2\/types\/page"}],"author":[{"embeddable":true,"href":"https:\/\/ceolawyer.com\/espanol\/wp-json\/wp\/v2\/users\/22"}],"replies":[{"embeddable":true,"href":"https:\/\/ceolawyer.com\/espanol\/wp-json\/wp\/v2\/comments?post=11665"}],"version-history":[{"count":0,"href":"https:\/\/ceolawyer.com\/espanol\/wp-json\/wp\/v2\/pages\/11665\/revisions"}],"up":[{"embeddable":true,"href":"https:\/\/ceolawyer.com\/espanol\/wp-json\/wp\/v2\/pages\/13289"}],"wp:featuredmedia":[{"embeddable":true,"href":"https:\/\/ceolawyer.com\/espanol\/wp-json\/wp\/v2\/media\/11666"}],"wp:attachment":[{"href":"https:\/\/ceolawyer.com\/espanol\/wp-json\/wp\/v2\/media?parent=11665"}],"curies":[{"name":"wp","href":"https:\/\/api.w.org\/{rel}","templated":true}]}}