{"id":11763,"date":"2024-04-04T12:29:34","date_gmt":"2024-04-04T12:29:34","guid":{"rendered":"https:\/\/ceolawyer.com\/espanol\/?page_id=11763"},"modified":"2026-03-18T18:24:29","modified_gmt":"2026-03-18T18:24:29","slug":"leyes-de-conduccion-distraida-en-atlanta-una-guia-completa","status":"publish","type":"page","link":"https:\/\/ceolawyer.com\/espanol\/faq\/ley-de-georgia\/accidente-automovilistico\/leyes-de-conduccion-distraida-en-atlanta-una-guia-completa\/","title":{"rendered":"Leyes de conducci\u00f3n distra\u00edda en Atlanta: Una gu\u00eda completa"},"content":{"rendered":"<p>Cuando usted o alguien que ama se lesiona porque otra persona conduc\u00eda negligentemente, usted merece una compensaci\u00f3n. En el Bufete de Abogados de Lesiones Personales CEO,\u00a0 y nuestros abogados de lesiones y accidentes tienen lo que se necesita para luchar por sus derechos y obtener el m\u00e1ximo de da\u00f1os que tiene derecho por sus lesiones y p\u00e9rdidas. Ll\u00e1menos al <a href=\"tel:+18883073792\">(888) 307-3792<\/a>, o cont\u00e1ctenos en l\u00ednea para configurar una evaluaci\u00f3n de caso gratuita.<img decoding=\"async\" class=\"alignright size-full wp-image-11779\" src=\"https:\/\/ceolawyer.com\/espanol\/wp-content\/uploads\/sites\/2\/2024\/04\/leyes-de-conduccion-distraida-en-atlanta-una-guia-completa.webp\" alt=\"El torso de un abogado de accidentes automovil\u00edsticos con traje azul tomando notas.\" width=\"500\" height=\"340\" srcset=\"https:\/\/ceolawyer.com\/espanol\/wp-content\/uploads\/sites\/2\/2024\/04\/leyes-de-conduccion-distraida-en-atlanta-una-guia-completa.webp 500w, https:\/\/ceolawyer.com\/espanol\/wp-content\/uploads\/sites\/2\/2024\/04\/leyes-de-conduccion-distraida-en-atlanta-una-guia-completa-300x204.webp 300w\" sizes=\"(max-width: 500px) 100vw, 500px\" \/><\/p>\n<p>Conducir requiere concentraci\u00f3n y atenci\u00f3n. Lamentablemente, a pesar de los muchos avances tecnol\u00f3gicos y la gran cantidad de tr\u00e1fico, todav\u00eda es f\u00e1cil perder el enfoque y resultar herido o matar a otros. Con la conducci\u00f3n distra\u00edda responsable de aproximadamente uno de cada tres accidentes de tr\u00e1fico en todo el pa\u00eds, no se puede negar la importancia de mantener los ojos en la carretera. Desafortunadamente, si bien esto puede parecer de sentido com\u00fan, no es raro ver a los conductores enviando mensajes de texto o hablando por tel\u00e9fono mientras conducen por la carretera.<\/p>\n<p>Si usted ha estado involucrado en un accidente que un conductor distra\u00eddo puede haber causado, usted puede ser elegible para presentar una reclamaci\u00f3n. Si bien es posible que no salga indemne de un accidente de autom\u00f3vil, eso no significa que no pueda responsabilizar a la persona o personas que fueron responsables de sus lesiones. Una vez m\u00e1s, un abogado de da\u00f1os corporales puede ser su mejor apuesta para recibir la remuneraci\u00f3n a la cual usted tiene derecho.<\/p>\n<p>Para empezar, veamos los fundamentos de la conducci\u00f3n distra\u00edda.<\/p>\n<h2>\u00bfQu\u00e9 es la conducci\u00f3n distra\u00edda?<\/h2>\n<p>Conducir distra\u00eddo es la m\u00e1s peligrosa de todas las violaciones de tr\u00e1fico. No es dif\u00edcil ver por qu\u00e9. Enviar mensajes de texto, enviar un correo electr\u00f3nico o usar un tel\u00e9fono inteligente o dispositivo m\u00f3vil para cualquier prop\u00f3sito mientras conduce aumenta significativamente las posibilidades de que est\u00e9 involucrado en un accidente automovil\u00edstico como conductor o como pasajero.<\/p>\n<p>El uso de su tel\u00e9fono detr\u00e1s del volante &#8211; a pesar del de manos libres &#8211; puede dar lugar a cargos considerables y sanciones si te pillan. Cualquier tarea que desv\u00ede su atenci\u00f3n de la carretera durante m\u00e1s de unos segundos puede poner en peligro su seguridad, as\u00ed como la de otros conductores en la carretera.<\/p>\n<p>Las leyes de conducci\u00f3n distra\u00edda est\u00e1n en vigor para proteger a los conductores y al p\u00fablico en general porque enviar mensajes de texto mientras se conduce afecta el tiempo de reacci\u00f3n del conductor y la capacidad de realizar otras funciones al volante.<\/p>\n<p>Seg\u00fan los CDC, las distracciones se clasifican en los siguientes:<\/p>\n<h3>Visual<\/h3>\n<p>Leer o enviar un mensaje SMS o navegar por Internet en un dispositivo m\u00f3vil mientras conduce causar\u00e1 una disminuci\u00f3n en la seguridad vial. Puede tomar hasta cinco segundos para volver su atenci\u00f3n a la carretera cuando se mira hacia otro lado. Esta distracci\u00f3n aumenta significativamente si el conductor comienza a escribir una respuesta al texto.<\/p>\n<h3>Manual<\/h3>\n<p>Las distracciones manuales son cualquier tarea que puede completar mientras sostiene f\u00edsicamente la rueda, el embrague o el cambio de marchas. La falta de atenci\u00f3n del conductor resultante del uso de un dispositivo de mano puede causar f\u00e1cilmente la p\u00e9rdida de control y provocar una colisi\u00f3n.<\/p>\n<h3>Cognitivo<\/h3>\n<p>El estado cognitivo de una persona es su estado mental o estado psicol\u00f3gico actual, incluye la actividad mental como pensamientos y percepciones organizadas por el cerebro. Por ejemplo, las distracciones cognitivas toman la forma de so\u00f1ar despierto, pensar con anticipaci\u00f3n en algo que a\u00fan no ha sucedido, o imaginar c\u00f3mo resultar\u00e1 una situaci\u00f3n.<\/p>\n<h2>Estad\u00edsticas de conducci\u00f3n distra\u00edda en Georgia<\/h2>\n<p>En Julio de 2018, la legislaci\u00f3n de Georgia sobre manos libres entr\u00f3 en vigor, por lo que es ilegal que los conductores sostengan los tel\u00e9fonos mientras conducen. La siguiente era la condici\u00f3n del estado antes de que:<\/p>\n<ul>\n<li>Agentes de polic\u00eda escribieron m\u00e1s de 12.000 multas a conductores que infring\u00edan la ley.<\/li>\n<li>Un estudio de TrueMotion encontr\u00f3 que antes de que la ley entrara en vigor, los conductores en Georgia estaban usando sus tel\u00e9fonos durante casi uno de cada cinco viajes.<\/li>\n<li>Cuando Georgia comenz\u00f3 a aplicar su ley de tel\u00e9fonos celulares sin manos, el estado vio una ca\u00edda masiva en la conducci\u00f3n distra\u00edda. El tiempo total de conducci\u00f3n dedicado al uso del tel\u00e9fono celular disminuy\u00f3 al 15,4%. Adem\u00e1s, una encuesta realizada por The Constitution encontr\u00f3 que el 45% de los encuestados, siempre o la mayor parte del tiempo, siguen la nueva ley de conducci\u00f3n de Georgia, y un 40% adicional obedeci\u00f3 la mayor parte del tiempo.<\/li>\n<\/ul>\n<h2>\u00bfQu\u00e9 constituye la ley de conducci\u00f3n distra\u00edda en Georgia?<\/h2>\n<p>La ley ordena que los conductores ejerzan el debido cuidado en las carreteras p\u00fablicas, distracciones como enviar mensajes de texto mientras conducen es ilegal porque ponen en peligro a los automovilistas y transe\u00fantes. La ley es espec\u00edfica. Incluso si no te distraes, cualquier acci\u00f3n que tomes mientras conduces es ilegal si distraes a alguien m\u00e1s. Puede ser detenido y penalizado por comer, chatear en su tel\u00e9fono celular, arreglarse, leer el peri\u00f3dico o cualquier otra cosa que pueda distraer al conductor.<\/p>\n<p>Seg\u00fan la ley, es ilegal mantener o apoyar f\u00edsicamente cualquier tel\u00e9fono inteligente o tableta mientras conduce. Sin embargo, la ley no proh\u00edbe escuchar m\u00fasica en auriculares, aud\u00edfonos o dispositivos de comunicaci\u00f3n de voz con mu\u00f1eca. Por lo tanto, hablar con Siri en su iWatch es aceptable, pero sostener el tel\u00e9fono inteligente con la mano todav\u00eda no est\u00e1 permitido.<\/p>\n<p>Bajo la ley, los conductores de veh\u00edculos de motor no pueden leer, escribir y enviar textos y correos electr\u00f3nicos mientras conducen. A excepci\u00f3n de la voz a texto y el uso de GPS para la navegaci\u00f3n, los conductores tienen prohibido participar en cualquier actividad que los distraiga de la conducci\u00f3n segura.<\/p>\n<p>Con la excepci\u00f3n de ver los datos relacionados con la navegaci\u00f3n, la ley tambi\u00e9n requiere que los conductores se abstengan de observar, transmitir o grabar un video, pel\u00edcula o asistir a una videollamada mientras conducen. Adem\u00e1s, un conductor tambi\u00e9n puede ser penalizado si es sorprendido asistiendo a una videollamada mientras conduce.<\/p>\n<p>No importa c\u00f3mo uses un dispositivo conectado, todav\u00eda se aplican algunas reglas cuando est\u00e1s al volante:<\/p>\n<ul>\n<li>No quites las manos del volante.<\/li>\n<li>Mant\u00e9n los ojos en el camino.<\/li>\n<li>Preste atenci\u00f3n al tr\u00e1fico a su alrededor.<\/li>\n<\/ul>\n<p>La ley tambi\u00e9n especifica que los controladores se limitan a un solo toque para los sistemas activados por voz. Se espera que los conductores presionen solo un bot\u00f3n para iniciar o finalizar una llamada y mantengan su tel\u00e9fono en una posici\u00f3n donde no obstruya su vista.<\/p>\n<p>Cualquier persona que viole las leyes anteriores comete un delito menor, y tras la condena, se somete a una multa de $50 por la primera violaci\u00f3n, $100 por la segunda, y $150 por cada delito adicional.<\/p>\n<h2>A continuaci\u00f3n se presentan algunas excepciones a la ley:<\/h2>\n<p>La Ley de Georgia de Manos Libres no se aplica a determinados conductores y actividades. Tres de los conductores excluidos est\u00e1n relacionados con la seguridad p\u00fablica. Las prohibiciones sobre el uso de dispositivos m\u00f3viles durante la conducci\u00f3n no se aplican a:<\/p>\n<ul>\n<li>Cualquier motorista que informe de seguridad inmediata y grave o peligros de tr\u00e1fico, como una emergencia o un accidente de tr\u00e1fico.<\/li>\n<li>Un trabajador de servicios p\u00fablicos que est\u00e1 en el lugar de trabajo y responde a una emergencia relacionada con el servicio.<\/li>\n<li>Un oficial de polic\u00eda, bombero o param\u00e9dico durante el desempe\u00f1o de sus funciones oficiales.<\/li>\n<li>Cualquiera que est\u00e9 sentado en un veh\u00edculo legalmente estacionado.<\/li>\n<\/ul>\n<h2>Conducir distra\u00eddo y demandas por lesiones personales<\/h2>\n<p>La prevalencia de los tel\u00e9fonos celulares y otros dispositivos port\u00e1tiles en los autom\u00f3viles ha llevado a un aumento de la conducci\u00f3n distra\u00edda. Desde los mensajes de texto ocasionales y desplazarse a trav\u00e9s de las publicaciones de Facebook hasta realizar complicadas b\u00fasquedas en l\u00ednea de destinos, las personas se est\u00e1n poniendo al volante e inadvertidamente incrementando su riesgo de un accidente.<\/p>\n<p>Como resultado, numerosas personas en los Estados Unidos se han lesionado de varias maneras con respecto a los accidentes de veh\u00edculos que no son su culpa, y no saben a d\u00f3nde acudir. Si esto se aplica a usted, necesita saber sobre las demandas de conducci\u00f3n distra\u00edda y por qu\u00e9 son un problema cada vez mayor con consecuencias graves.<\/p>\n<h2>Demanda por negligencia<\/h2>\n<p>Para que se le otorgue un premio monetario por da\u00f1os y perjuicios de un accidente de conducci\u00f3n distra\u00eddo, la v\u00edctima del accidente debe haber sido herida y probar que la otra parte tuvo la culpa. En el desafortunado caso de un accidente de coche, hay un deber legal de cuidado, lo que significa que el otro conductor viol\u00f3 su obligaci\u00f3n legal de operar un veh\u00edculo de forma segura.<\/p>\n<p>Cuando el conductor del veh\u00edculo condujo su autom\u00f3vil mientras usaba su tel\u00e9fono celular, decidi\u00f3 no prestar atenci\u00f3n a la carretera. Esta es una prueba de que decidi\u00f3 no cumplir con su deber de conducir con seguridad, lo que luego lo llev\u00f3 a causar un accidente, hiriendo a la v\u00edctima.<\/p>\n<h2>\u00bfQu\u00e9 hacer si se lesiona en un accidente de auto de conducci\u00f3n distra\u00eddo?<\/h2>\n<p>En el desafortunado caso de que un conductor distra\u00eddo lo golpee, obtenga la atenci\u00f3n m\u00e9dica necesaria de inmediato. Tomar fotos de la lesi\u00f3n y mantener registros de sus visitas al hospital y el m\u00e9dico puede ayudar a documentar sus da\u00f1os m\u00e1s tarde. Adem\u00e1s, recibir una copia del informe policial del accidente le ayudar\u00e1 a demostrar que estuvo involucrado en una colisi\u00f3n automovil\u00edstica causada por otro conductor que actu\u00f3 negligentemente.<\/p>\n<p>Aqu\u00ed en Georgia, tiene un per\u00edodo espec\u00edfico para presentar una demanda. Si esta fecha de vencimiento pasa, pierde el derecho a recibir compensaci\u00f3n. Es por eso que usted debe encontrar un abogado calificado que pueda ayudarle a presentar una demanda por lesiones personales.<\/p>\n<h2>\u00bfC\u00f3mo pueden ayudar nuestros abogados de lesiones personales?<\/h2>\n<p>La Ley de Georgia Manos Libres sirve como un recordatorio de que cualquier persona que use un tel\u00e9fono celular u otro dispositivo de comunicaci\u00f3n mientras conduce o se involucra en otros comportamientos que hacen que sea dif\u00edcil mantener toda su atenci\u00f3n en la carretera se pone a s\u00ed misma y a otros en riesgo. La Ley tiene por objeto proteger a todos los conductores y peatones de Georgia reduciendo las distracciones de conducci\u00f3n y haciendo hincapi\u00e9 en la importancia de mantenerse al volante.<\/p>\n<p>Cuando usted necesita un abogado despu\u00e9s de que un conductor distra\u00eddo lo hiere o le quita la vida a un ser querido, el Bufete de abogados de CEO Lawyer puede ayudarlo. Los abogados experimentados en nuestra firma entienden los desaf\u00edos f\u00edsicos y emocionales que usted enfrenta. Ofrecemos apoyo compasivo mientras protegemos sus derechos y trabajamos para obtener la compensaci\u00f3n que usted merece por sus lesiones y p\u00e9rdidas. Cont\u00e1ctenos hoy mismo al <a href=\"tel:+18883073792\">(888) 307-3792<\/a>, o cont\u00e1ctenos en l\u00ednea para programar una consulta gratuita y confidencial con un abogado de lesiones personales de Atlanta.<\/p>\n","protected":false},"excerpt":{"rendered":"<p>Cuando usted o alguien que ama se lesiona porque otra persona conduc\u00eda negligentemente, usted merece una compensaci\u00f3n. En el Bufete de Abogados de Lesiones Personales CEO,\u00a0 y nuestros abogados de lesiones y accidentes tienen lo que se necesita para luchar por sus derechos y obtener el m\u00e1ximo de da\u00f1os que tiene derecho por sus lesiones [&hellip;]<\/p>\n","protected":false},"author":18,"featured_media":11779,"parent":13289,"menu_order":0,"comment_status":"closed","ping_status":"closed","template":"","meta":{"_acf_changed":false,"footnotes":""},"class_list":["post-11763","page","type-page","status-publish","has-post-thumbnail","hentry"],"acf":[],"yoast_head":"<!-- This site is optimized with the Yoast SEO plugin v27.2 - https:\/\/yoast.com\/product\/yoast-seo-wordpress\/ -->\n<title>Leyes de conducci\u00f3n distra\u00edda en Atlanta: Una gu\u00eda completa| CEO Lawyer<\/title>\n<meta name=\"description\" content=\"Obt\u00e9n una gu\u00eda completa sobre las leyes de conducci\u00f3n distra\u00edda en Atlanta con CEO Lawyer, tu fuente confiable en Georgia.\" \/>\n<meta name=\"robots\" content=\"index, follow, max-snippet:-1, max-image-preview:large, max-video-preview:-1\" \/>\n<link rel=\"canonical\" href=\"https:\/\/ceolawyer.com\/espanol\/faq\/ley-de-georgia\/accidente-automovilistico\/leyes-de-conduccion-distraida-en-atlanta-una-guia-completa\/\" \/>\n<meta property=\"og:locale\" content=\"en_US\" \/>\n<meta property=\"og:type\" content=\"article\" \/>\n<meta property=\"og:title\" content=\"Leyes de conducci\u00f3n distra\u00edda en Atlanta: Una gu\u00eda completa| CEO Lawyer\" \/>\n<meta property=\"og:description\" content=\"Obt\u00e9n una gu\u00eda completa sobre las leyes de conducci\u00f3n distra\u00edda en Atlanta con CEO Lawyer, tu fuente confiable en Georgia.\" \/>\n<meta property=\"og:url\" content=\"https:\/\/ceolawyer.com\/espanol\/faq\/ley-de-georgia\/accidente-automovilistico\/leyes-de-conduccion-distraida-en-atlanta-una-guia-completa\/\" \/>\n<meta property=\"og:site_name\" content=\"CEO Lawyer\" \/>\n<meta property=\"article:modified_time\" content=\"2026-03-18T18:24:29+00:00\" \/>\n<meta property=\"og:image\" content=\"https:\/\/ceolawyer.com\/espanol\/wp-content\/uploads\/sites\/2\/2024\/04\/leyes-de-conduccion-distraida-en-atlanta-una-guia-completa.webp\" \/>\n\t<meta property=\"og:image:width\" content=\"500\" \/>\n\t<meta property=\"og:image:height\" content=\"340\" \/>\n\t<meta property=\"og:image:type\" content=\"image\/webp\" \/>\n<meta name=\"twitter:card\" content=\"summary_large_image\" \/>\n<meta name=\"twitter:label1\" content=\"Est. reading time\" \/>\n\t<meta name=\"twitter:data1\" content=\"9 minutes\" \/>\n<script type=\"application\/ld+json\" class=\"yoast-schema-graph\">{\"@context\":\"https:\/\/schema.org\",\"@graph\":[{\"@type\":\"WebPage\",\"@id\":\"https:\/\/ceolawyer.com\/espanol\/faq\/ley-de-georgia\/accidente-automovilistico\/leyes-de-conduccion-distraida-en-atlanta-una-guia-completa\/\",\"url\":\"https:\/\/ceolawyer.com\/espanol\/faq\/ley-de-georgia\/accidente-automovilistico\/leyes-de-conduccion-distraida-en-atlanta-una-guia-completa\/\",\"name\":\"Leyes de conducci\u00f3n distra\u00edda en Atlanta: Una gu\u00eda completa| CEO Lawyer\",\"isPartOf\":{\"@id\":\"https:\/\/ceolawyer.com\/espanol\/#website\"},\"primaryImageOfPage\":{\"@id\":\"https:\/\/ceolawyer.com\/espanol\/faq\/ley-de-georgia\/accidente-automovilistico\/leyes-de-conduccion-distraida-en-atlanta-una-guia-completa\/#primaryimage\"},\"image\":{\"@id\":\"https:\/\/ceolawyer.com\/espanol\/faq\/ley-de-georgia\/accidente-automovilistico\/leyes-de-conduccion-distraida-en-atlanta-una-guia-completa\/#primaryimage\"},\"thumbnailUrl\":\"https:\/\/ceolawyer.com\/espanol\/wp-content\/uploads\/sites\/2\/2024\/04\/leyes-de-conduccion-distraida-en-atlanta-una-guia-completa.webp\",\"datePublished\":\"2024-04-04T12:29:34+00:00\",\"dateModified\":\"2026-03-18T18:24:29+00:00\",\"description\":\"Obt\u00e9n una gu\u00eda completa sobre las leyes de conducci\u00f3n distra\u00edda en Atlanta con CEO Lawyer, tu fuente confiable en Georgia.\",\"breadcrumb\":{\"@id\":\"https:\/\/ceolawyer.com\/espanol\/faq\/ley-de-georgia\/accidente-automovilistico\/leyes-de-conduccion-distraida-en-atlanta-una-guia-completa\/#breadcrumb\"},\"inLanguage\":\"en-US\",\"potentialAction\":[{\"@type\":\"ReadAction\",\"target\":[\"https:\/\/ceolawyer.com\/espanol\/faq\/ley-de-georgia\/accidente-automovilistico\/leyes-de-conduccion-distraida-en-atlanta-una-guia-completa\/\"]}]},{\"@type\":\"ImageObject\",\"inLanguage\":\"en-US\",\"@id\":\"https:\/\/ceolawyer.com\/espanol\/faq\/ley-de-georgia\/accidente-automovilistico\/leyes-de-conduccion-distraida-en-atlanta-una-guia-completa\/#primaryimage\",\"url\":\"https:\/\/ceolawyer.com\/espanol\/wp-content\/uploads\/sites\/2\/2024\/04\/leyes-de-conduccion-distraida-en-atlanta-una-guia-completa.webp\",\"contentUrl\":\"https:\/\/ceolawyer.com\/espanol\/wp-content\/uploads\/sites\/2\/2024\/04\/leyes-de-conduccion-distraida-en-atlanta-una-guia-completa.webp\",\"width\":500,\"height\":340,\"caption\":\"El torso de un abogado de accidentes automovil\u00edsticos con traje azul tomando notas.\"},{\"@type\":\"BreadcrumbList\",\"@id\":\"https:\/\/ceolawyer.com\/espanol\/faq\/ley-de-georgia\/accidente-automovilistico\/leyes-de-conduccion-distraida-en-atlanta-una-guia-completa\/#breadcrumb\",\"itemListElement\":[{\"@type\":\"ListItem\",\"position\":1,\"name\":\"Home\",\"item\":\"https:\/\/ceolawyer.com\/espanol\/\"},{\"@type\":\"ListItem\",\"position\":2,\"name\":\"FAQ\",\"item\":\"https:\/\/ceolawyer.com\/espanol\/faq\/\"},{\"@type\":\"ListItem\",\"position\":3,\"name\":\"Lesiones personales en Georgia FAQ\",\"item\":\"https:\/\/ceolawyer.com\/espanol\/faq\/ley-de-georgia\/\"},{\"@type\":\"ListItem\",\"position\":4,\"name\":\"Leyes de conducci\u00f3n distra\u00edda en Atlanta: Una gu\u00eda completa\"}]},{\"@type\":\"WebSite\",\"@id\":\"https:\/\/ceolawyer.com\/espanol\/#website\",\"url\":\"https:\/\/ceolawyer.com\/espanol\/\",\"name\":\"CEO Lawyer\",\"description\":\"Personal Injury Attorney\",\"publisher\":{\"@id\":\"https:\/\/ceolawyer.com\/espanol\/#organization\"},\"potentialAction\":[{\"@type\":\"SearchAction\",\"target\":{\"@type\":\"EntryPoint\",\"urlTemplate\":\"https:\/\/ceolawyer.com\/espanol\/?s={search_term_string}\"},\"query-input\":{\"@type\":\"PropertyValueSpecification\",\"valueRequired\":true,\"valueName\":\"search_term_string\"}}],\"inLanguage\":\"en-US\"},{\"@type\":\"Organization\",\"@id\":\"https:\/\/ceolawyer.com\/espanol\/#organization\",\"name\":\"CEO Lawyer\",\"url\":\"https:\/\/ceolawyer.com\/espanol\/\",\"logo\":{\"@type\":\"ImageObject\",\"inLanguage\":\"en-US\",\"@id\":\"https:\/\/ceolawyer.com\/espanol\/#\/schema\/logo\/image\/\",\"url\":\"https:\/\/ceolawyer.com\/espanol\/wp-content\/uploads\/sites\/2\/2022\/05\/CEO_Logo.png\",\"contentUrl\":\"https:\/\/ceolawyer.com\/espanol\/wp-content\/uploads\/sites\/2\/2022\/05\/CEO_Logo.png\",\"width\":200,\"height\":108,\"caption\":\"CEO Lawyer\"},\"image\":{\"@id\":\"https:\/\/ceolawyer.com\/espanol\/#\/schema\/logo\/image\/\"}}]}<\/script>\n<!-- \/ Yoast SEO plugin. -->","yoast_head_json":{"title":"Leyes de conducci\u00f3n distra\u00edda en Atlanta: Una gu\u00eda completa| CEO Lawyer","description":"Obt\u00e9n una gu\u00eda completa sobre las leyes de conducci\u00f3n distra\u00edda en Atlanta con CEO Lawyer, tu fuente confiable en Georgia.","robots":{"index":"index","follow":"follow","max-snippet":"max-snippet:-1","max-image-preview":"max-image-preview:large","max-video-preview":"max-video-preview:-1"},"canonical":"https:\/\/ceolawyer.com\/espanol\/faq\/ley-de-georgia\/accidente-automovilistico\/leyes-de-conduccion-distraida-en-atlanta-una-guia-completa\/","og_locale":"en_US","og_type":"article","og_title":"Leyes de conducci\u00f3n distra\u00edda en Atlanta: Una gu\u00eda completa| CEO Lawyer","og_description":"Obt\u00e9n una gu\u00eda completa sobre las leyes de conducci\u00f3n distra\u00edda en Atlanta con CEO Lawyer, tu fuente confiable en Georgia.","og_url":"https:\/\/ceolawyer.com\/espanol\/faq\/ley-de-georgia\/accidente-automovilistico\/leyes-de-conduccion-distraida-en-atlanta-una-guia-completa\/","og_site_name":"CEO Lawyer","article_modified_time":"2026-03-18T18:24:29+00:00","og_image":[{"width":500,"height":340,"url":"https:\/\/ceolawyer.com\/espanol\/wp-content\/uploads\/sites\/2\/2024\/04\/leyes-de-conduccion-distraida-en-atlanta-una-guia-completa.webp","type":"image\/webp"}],"twitter_card":"summary_large_image","twitter_misc":{"Est. reading time":"9 minutes"},"schema":{"@context":"https:\/\/schema.org","@graph":[{"@type":"WebPage","@id":"https:\/\/ceolawyer.com\/espanol\/faq\/ley-de-georgia\/accidente-automovilistico\/leyes-de-conduccion-distraida-en-atlanta-una-guia-completa\/","url":"https:\/\/ceolawyer.com\/espanol\/faq\/ley-de-georgia\/accidente-automovilistico\/leyes-de-conduccion-distraida-en-atlanta-una-guia-completa\/","name":"Leyes de conducci\u00f3n distra\u00edda en Atlanta: Una gu\u00eda completa| CEO Lawyer","isPartOf":{"@id":"https:\/\/ceolawyer.com\/espanol\/#website"},"primaryImageOfPage":{"@id":"https:\/\/ceolawyer.com\/espanol\/faq\/ley-de-georgia\/accidente-automovilistico\/leyes-de-conduccion-distraida-en-atlanta-una-guia-completa\/#primaryimage"},"image":{"@id":"https:\/\/ceolawyer.com\/espanol\/faq\/ley-de-georgia\/accidente-automovilistico\/leyes-de-conduccion-distraida-en-atlanta-una-guia-completa\/#primaryimage"},"thumbnailUrl":"https:\/\/ceolawyer.com\/espanol\/wp-content\/uploads\/sites\/2\/2024\/04\/leyes-de-conduccion-distraida-en-atlanta-una-guia-completa.webp","datePublished":"2024-04-04T12:29:34+00:00","dateModified":"2026-03-18T18:24:29+00:00","description":"Obt\u00e9n una gu\u00eda completa sobre las leyes de conducci\u00f3n distra\u00edda en Atlanta con CEO Lawyer, tu fuente confiable en Georgia.","breadcrumb":{"@id":"https:\/\/ceolawyer.com\/espanol\/faq\/ley-de-georgia\/accidente-automovilistico\/leyes-de-conduccion-distraida-en-atlanta-una-guia-completa\/#breadcrumb"},"inLanguage":"en-US","potentialAction":[{"@type":"ReadAction","target":["https:\/\/ceolawyer.com\/espanol\/faq\/ley-de-georgia\/accidente-automovilistico\/leyes-de-conduccion-distraida-en-atlanta-una-guia-completa\/"]}]},{"@type":"ImageObject","inLanguage":"en-US","@id":"https:\/\/ceolawyer.com\/espanol\/faq\/ley-de-georgia\/accidente-automovilistico\/leyes-de-conduccion-distraida-en-atlanta-una-guia-completa\/#primaryimage","url":"https:\/\/ceolawyer.com\/espanol\/wp-content\/uploads\/sites\/2\/2024\/04\/leyes-de-conduccion-distraida-en-atlanta-una-guia-completa.webp","contentUrl":"https:\/\/ceolawyer.com\/espanol\/wp-content\/uploads\/sites\/2\/2024\/04\/leyes-de-conduccion-distraida-en-atlanta-una-guia-completa.webp","width":500,"height":340,"caption":"El torso de un abogado de accidentes automovil\u00edsticos con traje azul tomando notas."},{"@type":"BreadcrumbList","@id":"https:\/\/ceolawyer.com\/espanol\/faq\/ley-de-georgia\/accidente-automovilistico\/leyes-de-conduccion-distraida-en-atlanta-una-guia-completa\/#breadcrumb","itemListElement":[{"@type":"ListItem","position":1,"name":"Home","item":"https:\/\/ceolawyer.com\/espanol\/"},{"@type":"ListItem","position":2,"name":"FAQ","item":"https:\/\/ceolawyer.com\/espanol\/faq\/"},{"@type":"ListItem","position":3,"name":"Lesiones personales en Georgia FAQ","item":"https:\/\/ceolawyer.com\/espanol\/faq\/ley-de-georgia\/"},{"@type":"ListItem","position":4,"name":"Leyes de conducci\u00f3n distra\u00edda en Atlanta: Una gu\u00eda completa"}]},{"@type":"WebSite","@id":"https:\/\/ceolawyer.com\/espanol\/#website","url":"https:\/\/ceolawyer.com\/espanol\/","name":"CEO Lawyer","description":"Personal Injury Attorney","publisher":{"@id":"https:\/\/ceolawyer.com\/espanol\/#organization"},"potentialAction":[{"@type":"SearchAction","target":{"@type":"EntryPoint","urlTemplate":"https:\/\/ceolawyer.com\/espanol\/?s={search_term_string}"},"query-input":{"@type":"PropertyValueSpecification","valueRequired":true,"valueName":"search_term_string"}}],"inLanguage":"en-US"},{"@type":"Organization","@id":"https:\/\/ceolawyer.com\/espanol\/#organization","name":"CEO Lawyer","url":"https:\/\/ceolawyer.com\/espanol\/","logo":{"@type":"ImageObject","inLanguage":"en-US","@id":"https:\/\/ceolawyer.com\/espanol\/#\/schema\/logo\/image\/","url":"https:\/\/ceolawyer.com\/espanol\/wp-content\/uploads\/sites\/2\/2022\/05\/CEO_Logo.png","contentUrl":"https:\/\/ceolawyer.com\/espanol\/wp-content\/uploads\/sites\/2\/2022\/05\/CEO_Logo.png","width":200,"height":108,"caption":"CEO Lawyer"},"image":{"@id":"https:\/\/ceolawyer.com\/espanol\/#\/schema\/logo\/image\/"}}]}},"_links":{"self":[{"href":"https:\/\/ceolawyer.com\/espanol\/wp-json\/wp\/v2\/pages\/11763","targetHints":{"allow":["GET"]}}],"collection":[{"href":"https:\/\/ceolawyer.com\/espanol\/wp-json\/wp\/v2\/pages"}],"about":[{"href":"https:\/\/ceolawyer.com\/espanol\/wp-json\/wp\/v2\/types\/page"}],"author":[{"embeddable":true,"href":"https:\/\/ceolawyer.com\/espanol\/wp-json\/wp\/v2\/users\/18"}],"replies":[{"embeddable":true,"href":"https:\/\/ceolawyer.com\/espanol\/wp-json\/wp\/v2\/comments?post=11763"}],"version-history":[{"count":0,"href":"https:\/\/ceolawyer.com\/espanol\/wp-json\/wp\/v2\/pages\/11763\/revisions"}],"up":[{"embeddable":true,"href":"https:\/\/ceolawyer.com\/espanol\/wp-json\/wp\/v2\/pages\/13289"}],"wp:featuredmedia":[{"embeddable":true,"href":"https:\/\/ceolawyer.com\/espanol\/wp-json\/wp\/v2\/media\/11779"}],"wp:attachment":[{"href":"https:\/\/ceolawyer.com\/espanol\/wp-json\/wp\/v2\/media?parent=11763"}],"curies":[{"name":"wp","href":"https:\/\/api.w.org\/{rel}","templated":true}]}}