{"id":11765,"date":"2024-04-04T12:29:00","date_gmt":"2024-04-04T12:29:00","guid":{"rendered":"https:\/\/ceolawyer.com\/espanol\/?page_id=11765"},"modified":"2026-03-18T18:12:18","modified_gmt":"2026-03-18T18:12:18","slug":"como-encontrar-informes-de-accidentes-de-trafico","status":"publish","type":"page","link":"https:\/\/ceolawyer.com\/espanol\/faq\/ley-de-georgia\/accidente-automovilistico\/como-encontrar-informes-de-accidentes-de-trafico\/","title":{"rendered":"C\u00f3mo encontrar informes de accidentes de tr\u00e1fico"},"content":{"rendered":"<p class=\"Normal1\">Despu\u00e9s de un accidente, es posible que desee buscar el informe policial en l\u00ednea para ver el reporte oficial sobre su colisi\u00f3n. Existen varias maneras de hacer esto, pero comenzar con el departamento de polic\u00eda local u otra agencia de aplicaci\u00f3n de la ley que respondi\u00f3 a su accidente es la m\u00e1s f\u00e1cil. Si las cosas est\u00e1n un poco confusas debido al estr\u00e9s y la adrenalina del accidente, puede comenzar con el lugar donde ocurri\u00f3 el accidente y buscar la jurisdicci\u00f3n local.<img decoding=\"async\" class=\"alignright size-full wp-image-11780\" src=\"https:\/\/ceolawyer.com\/espanol\/wp-content\/uploads\/sites\/2\/2024\/04\/como-encontrar-informes-de-accidentes-de-trafico.webp\" alt=\"Los abogados calculan sumas despu\u00e9s de un acuerdo de accidente automovil\u00edstico.\" width=\"500\" height=\"333\" srcset=\"https:\/\/ceolawyer.com\/espanol\/wp-content\/uploads\/sites\/2\/2024\/04\/como-encontrar-informes-de-accidentes-de-trafico.webp 500w, https:\/\/ceolawyer.com\/espanol\/wp-content\/uploads\/sites\/2\/2024\/04\/como-encontrar-informes-de-accidentes-de-trafico-300x200.webp 300w\" sizes=\"(max-width: 500px) 100vw, 500px\" \/><\/p>\n<p class=\"Normal1\">Puede tardar unos d\u00edas para que el informe est\u00e9 listo, y si no puede encontrar el suyo, debe consultar con el oficial que respondi\u00f3 a la escena. Si no puede recordar su nombre, llame al n\u00famero directo de la agencia que respondi\u00f3 y explique lo que est\u00e1 buscando. En la mayor\u00eda de los casos, pueden ponerse en contacto con la persona adecuada. Por lo general, puede recibir el informe por correo electr\u00f3nico o por correo, aunque algunas comisar\u00edas m\u00e1s peque\u00f1as pueden requerir que lo recoja en persona. Si todo lo dem\u00e1s falla, tambi\u00e9n puede comprar un informe policial en l\u00ednea.<\/p>\n<p class=\"Normal1\">Una vez que tenga una copia de su informe policial, es posible que se pregunte c\u00f3mo obtener sus costos m\u00e9dicos o de reparaci\u00f3n de autom\u00f3viles cubiertos. Si el otro conductor tuvo la culpa, su seguro debe proporcionar cobertura. Pero aqu\u00ed es donde la situaci\u00f3n puede complicarse en algunos accidentes. Su informe puede no indicar qui\u00e9n tiene la culpa, y algunos conductores no est\u00e1n seguros de s\u00ed mismos. Tambi\u00e9n es posible que usted y el otro conductor cometieron errores que contribuyeron al accidente. Ahora, \u00bfqu\u00e9 debe hacer?<\/p>\n<p class=\"Normal1\">La mejor manera de resolver cualquier confusi\u00f3n acerca de qui\u00e9n ten\u00eda la culpa o a d\u00f3nde debe recurrir para la cobertura del seguro es hablar con un abogado experimentado de accidentes de autom\u00f3viles de Georgia. El abogado Ali Awad est\u00e1 listo para ayudar a luchar por sus derechos legales despu\u00e9s de un accidente de autom\u00f3vil. \u00c9l logr\u00f3 r\u00e1pidamente que el bufete de abogados de lesiones personales, CEO Lawyer, se convirtiera en la firma con mayor crecimiento en el pa\u00eds, recientemente superando a m\u00e1s de 499 empresas y posicion\u00e1ndose en el primer lugar. Tambi\u00e9n puedes encontrar al CEO Lawyer en las redes sociales, donde ofrece conocimientos legales a m\u00e1s de un mill\u00f3n de seguidores de manera gratuita.<\/p>\n<h2><a name=\"_9lnu7eqzc1jz\"><\/a>\u00bfCu\u00e1les son las opciones de compensaci\u00f3n despu\u00e9s de un accidente?<\/h2>\n<p class=\"Normal1\">Esto depende de varios factores, incluyendo la cobertura de seguro disponible de cada parte. Como hemos discutido anteriormente, la suposici\u00f3n habitual es que la compa\u00f1\u00eda de seguros del conductor culpable ser\u00e1 responsable. Sin embargo, hay muchas situaciones en las que la falla no est\u00e1 del todo clara, o donde ambas partes pueden haber contribuido al accidente. \u00bfQu\u00e9 sucede entonces?<\/p>\n<p class=\"Normal1\">Georgia utiliza estatutos de culpa comparativa para las reclamaciones por lesiones personales, incluyendo los accidentes automovil\u00edsticos. Este sistema est\u00e1 dise\u00f1ado para hacer frente a los muchos accidentes en los que se cometieron errores por ambos conductores. Si uno de estos casos llega a los tribunales, el jurado tendr\u00e1 que asignar un porcentaje de culpa a cada conductor, que fluct\u00faa entre 0 y 100. Una parte a la que se le asign\u00f3 menos del 50 por ciento de responsabilidad por el accidente puede cobrar los da\u00f1os de la otra parte (o, en la mayor\u00eda de los casos, de su compa\u00f1\u00eda de seguros), pero su compensaci\u00f3n se reducir\u00e1 en el porcentaje de su culpa. Por ejemplo, si el conductor \u201cA\u201d es 70 por ciento responsable y el conductor \u201cB\u201d es 30 por ciento responsable, los da\u00f1os del conductor \u201cB\u201d se reducir\u00e1n en un 30 por ciento.<\/p>\n<h2><a name=\"_bbn1k1vpyi4f\"><\/a>\u00bfTodos los casos de accidentes automovil\u00edsticos van a los tribunales?<\/h2>\n<p class=\"Normal1\">No. De hecho, la mayor\u00eda de estas demandas se resuelven fuera de los tribunales. Cuando trabajamos en un reclamo, comenzamos tratando de negociar con la compa\u00f1\u00eda de seguros aplicable para asegurar la compensaci\u00f3n de nuestro cliente. Sin embargo, la culpa sigue siendo un problema, incluso si el caso nunca llega a los tribunales. A menudo las compa\u00f1\u00edas de seguros dir\u00e1n que el reclamante tiene la culpa, y por lo tanto no tienen que pagar la reclamaci\u00f3n, o no tienen que pagar todo. Esta es la raz\u00f3n por la cual es importante tener un abogado experto en lesiones y accidentes de su lado. Tu abogado debe conocer todos los pormenores de la ley de seguros en que ocurri\u00f3 el accidente. Tambi\u00e9n deben ser negociadores expertos que saben c\u00f3mo luchar por la compensaci\u00f3n que usted merece.<\/p>\n<p class=\"Normal1\">Desafortunadamente, muchas personas que tratan con la compa\u00f1\u00eda de seguros por su cuenta no reciben toda la compensaci\u00f3n que tienen derecho. Tambi\u00e9n es m\u00e1s probable que no reciban ninguna compensaci\u00f3n, mientras que el 91 por ciento de los demandantes que tienen un abogado recibe un acuerdo.<\/p>\n<h2><a name=\"_vxuvey2vrqgq\"><\/a>\u00bfQu\u00e9 pasa si la falta en un accidente no est\u00e1 clara?<\/h2>\n<p class=\"Normal1\">Si nadie fue citado en un accidente, podr\u00eda no haber sido obvio para el oficial que respondi\u00f3 cual conductor ten\u00eda la culpa. Sin evidencia de que alguien quebr\u00f3 las leyes de tr\u00e1fico, probablemente no ten\u00edan raz\u00f3n para escribir una multa o especular sobre qui\u00e9n ten\u00eda la culpa. Sin embargo, el informe policial puede ser \u00fatil para esclarecer otras v\u00edas de investigaci\u00f3n. En caso de que los agentes de polic\u00eda est\u00e9n muy ocupados y tengan un tiempo limitado para investigar un accidente automovil\u00edstico, los investigadores de su abogado deben encontrar el tiempo y los recursos para llevar a cabo una investigaci\u00f3n exhaustiva.<\/p>\n<p class=\"Normal1\">Con frecuencia, podemos localizar a testigos que tal vez no estuvieron presentes cuando el oficial lleg\u00f3 a la escena del crimen, pero que estuvieron all\u00ed antes cuando ocurri\u00f3 el accidente. O podemos encontrar c\u00e1maras de tr\u00e1fico, dashcam, im\u00e1genes del timbre, o video que alguien tom\u00f3 en su tel\u00e9fono. Tambi\u00e9n analizamos cualquier dato electr\u00f3nico disponible de los propios coches. En muchas situaciones, esto nos permite construir un caso que muestra la falla del otro conductor en la colisi\u00f3n.<\/p>\n<h2><a name=\"_vrb6dv6s5vcd\"><\/a>Si puede probar que el otro conductor tuvo la culpa, \u00bfsu compa\u00f1\u00eda de seguros cubrir\u00e1 todas sus facturas?<\/h2>\n<p class=\"Normal1\">Esta es la idea general de tener seguro de autom\u00f3vil, pero en realidad, depende de cu\u00e1les son sus da\u00f1os frente a los l\u00edmites de la p\u00f3liza de seguro del otro conductor. Recuerde que los da\u00f1os pueden incluir sus facturas m\u00e9dicas (actuales y futuras), ingresos perdidos por trabajo perdido, facturas de reparaci\u00f3n de autom\u00f3viles, dolor y sufrimiento, incapacidad permanente y m\u00e1s. A veces estos da\u00f1os exceden los l\u00edmites del seguro de la otra parte, que puede ser tan poco como $25,000 en responsabilidad por lesiones corporales por persona en Georgia. La cobertura m\u00ednima de responsabilidad por da\u00f1os a la propiedad es tambi\u00e9n de $25,000. As\u00ed que si usted tiene $50,000 en facturas m\u00e9dicas s\u00f3lo es posible que pueda cobrar $25,000 de la compa\u00f1\u00eda de seguros del otro conductor.<\/p>\n<p class=\"Normal1\">Sin embargo, su abogado buscar\u00e1 otras opciones para adquirir la compensaci\u00f3n restante que usted necesita. Su propio seguro de autom\u00f3vil no asegurado\/insuficientemente asegurado puede proporcionar cobertura adicional. Tambi\u00e9n puede demandar al otro conductor directamente, o en situaciones menos comunes, demandar a otros terceros que pueden haber contribuido al accidente o sus lesiones (como los fabricantes de un sistema de frenado defectuoso).<\/p>\n<h2><a name=\"_vejjjk9wgnze\"><\/a>Obtenga la mejor representaci\u00f3n legal con la firma de abogados de lesiones personales &#8211; CEO Lawyer<\/h2>\n<p class=\"Normal1\">Si usted o un ser querido han sido heridos en un accidente de coche, lo mejor que puede hacer es ponerse en contacto con un abogado de accidentes de coche de inmediato para aprender las posibilidades de perseguir una reclamaci\u00f3n. Por favor, p\u00f3ngase en contacto con nosotros en el bufete de abogados de lesiones personales CEO Lawyer para una consulta gratuita. No hay obligaci\u00f3n, y trabajamos en una base de contingencia, as\u00ed que si tomamos tu caso, no pagas nada hasta que ganemos.<\/p>\n","protected":false},"excerpt":{"rendered":"<p>Despu\u00e9s de un accidente, es posible que desee buscar el informe policial en l\u00ednea para ver el reporte oficial sobre su colisi\u00f3n. Existen varias maneras de hacer esto, pero comenzar con el departamento de polic\u00eda local u otra agencia de aplicaci\u00f3n de la ley que respondi\u00f3 a su accidente es la m\u00e1s f\u00e1cil. Si las [&hellip;]<\/p>\n","protected":false},"author":18,"featured_media":11780,"parent":11628,"menu_order":0,"comment_status":"closed","ping_status":"closed","template":"","meta":{"_acf_changed":false,"footnotes":""},"class_list":["post-11765","page","type-page","status-publish","has-post-thumbnail","hentry"],"acf":[],"yoast_head":"<!-- This site is optimized with the Yoast SEO plugin v27.4 - https:\/\/yoast.com\/product\/yoast-seo-wordpress\/ -->\n<title>C\u00f3mo encontrar informes de accidentes de tr\u00e1fico | CEO Lawyer<\/title>\n<meta name=\"description\" content=\"Descubre c\u00f3mo encontrar informes de accidentes de tr\u00e1fico en Georgia con CEO Lawyer, protegiendo tus derechos legales.\" \/>\n<meta name=\"robots\" content=\"index, follow, max-snippet:-1, max-image-preview:large, max-video-preview:-1\" \/>\n<link rel=\"canonical\" href=\"https:\/\/ceolawyer.com\/espanol\/faq\/ley-de-georgia\/accidente-automovilistico\/como-encontrar-informes-de-accidentes-de-trafico\/\" \/>\n<meta property=\"og:locale\" content=\"en_US\" \/>\n<meta property=\"og:type\" content=\"article\" \/>\n<meta property=\"og:title\" content=\"C\u00f3mo encontrar informes de accidentes de tr\u00e1fico | CEO Lawyer\" \/>\n<meta property=\"og:description\" content=\"Descubre c\u00f3mo encontrar informes de accidentes de tr\u00e1fico en Georgia con CEO Lawyer, protegiendo tus derechos legales.\" \/>\n<meta property=\"og:url\" content=\"https:\/\/ceolawyer.com\/espanol\/faq\/ley-de-georgia\/accidente-automovilistico\/como-encontrar-informes-de-accidentes-de-trafico\/\" \/>\n<meta property=\"og:site_name\" content=\"CEO Lawyer\" \/>\n<meta property=\"article:modified_time\" content=\"2026-03-18T18:12:18+00:00\" \/>\n<meta property=\"og:image\" content=\"https:\/\/ceolawyer.com\/espanol\/wp-content\/uploads\/sites\/2\/2024\/04\/como-encontrar-informes-de-accidentes-de-trafico.webp\" \/>\n\t<meta property=\"og:image:width\" content=\"500\" \/>\n\t<meta property=\"og:image:height\" content=\"333\" \/>\n\t<meta property=\"og:image:type\" content=\"image\/webp\" \/>\n<meta name=\"twitter:card\" content=\"summary_large_image\" \/>\n<meta name=\"twitter:label1\" content=\"Est. reading time\" \/>\n\t<meta name=\"twitter:data1\" content=\"7 minutes\" \/>\n<script type=\"application\/ld+json\" class=\"yoast-schema-graph\">{\"@context\":\"https:\\\/\\\/schema.org\",\"@graph\":[{\"@type\":\"WebPage\",\"@id\":\"https:\\\/\\\/ceolawyer.com\\\/espanol\\\/faq\\\/ley-de-georgia\\\/accidente-automovilistico\\\/como-encontrar-informes-de-accidentes-de-trafico\\\/\",\"url\":\"https:\\\/\\\/ceolawyer.com\\\/espanol\\\/faq\\\/ley-de-georgia\\\/accidente-automovilistico\\\/como-encontrar-informes-de-accidentes-de-trafico\\\/\",\"name\":\"C\u00f3mo encontrar informes de accidentes de tr\u00e1fico | CEO Lawyer\",\"isPartOf\":{\"@id\":\"https:\\\/\\\/ceolawyer.com\\\/espanol\\\/#website\"},\"primaryImageOfPage\":{\"@id\":\"https:\\\/\\\/ceolawyer.com\\\/espanol\\\/faq\\\/ley-de-georgia\\\/accidente-automovilistico\\\/como-encontrar-informes-de-accidentes-de-trafico\\\/#primaryimage\"},\"image\":{\"@id\":\"https:\\\/\\\/ceolawyer.com\\\/espanol\\\/faq\\\/ley-de-georgia\\\/accidente-automovilistico\\\/como-encontrar-informes-de-accidentes-de-trafico\\\/#primaryimage\"},\"thumbnailUrl\":\"https:\\\/\\\/ceolawyer.com\\\/espanol\\\/wp-content\\\/uploads\\\/sites\\\/2\\\/2024\\\/04\\\/como-encontrar-informes-de-accidentes-de-trafico.webp\",\"datePublished\":\"2024-04-04T12:29:00+00:00\",\"dateModified\":\"2026-03-18T18:12:18+00:00\",\"description\":\"Descubre c\u00f3mo encontrar informes de accidentes de tr\u00e1fico en Georgia con CEO Lawyer, protegiendo tus derechos legales.\",\"breadcrumb\":{\"@id\":\"https:\\\/\\\/ceolawyer.com\\\/espanol\\\/faq\\\/ley-de-georgia\\\/accidente-automovilistico\\\/como-encontrar-informes-de-accidentes-de-trafico\\\/#breadcrumb\"},\"inLanguage\":\"en-US\",\"potentialAction\":[{\"@type\":\"ReadAction\",\"target\":[\"https:\\\/\\\/ceolawyer.com\\\/espanol\\\/faq\\\/ley-de-georgia\\\/accidente-automovilistico\\\/como-encontrar-informes-de-accidentes-de-trafico\\\/\"]}]},{\"@type\":\"ImageObject\",\"inLanguage\":\"en-US\",\"@id\":\"https:\\\/\\\/ceolawyer.com\\\/espanol\\\/faq\\\/ley-de-georgia\\\/accidente-automovilistico\\\/como-encontrar-informes-de-accidentes-de-trafico\\\/#primaryimage\",\"url\":\"https:\\\/\\\/ceolawyer.com\\\/espanol\\\/wp-content\\\/uploads\\\/sites\\\/2\\\/2024\\\/04\\\/como-encontrar-informes-de-accidentes-de-trafico.webp\",\"contentUrl\":\"https:\\\/\\\/ceolawyer.com\\\/espanol\\\/wp-content\\\/uploads\\\/sites\\\/2\\\/2024\\\/04\\\/como-encontrar-informes-de-accidentes-de-trafico.webp\",\"width\":500,\"height\":333,\"caption\":\"Los abogados calculan sumas despu\u00e9s de un acuerdo de accidente automovil\u00edstico.\"},{\"@type\":\"BreadcrumbList\",\"@id\":\"https:\\\/\\\/ceolawyer.com\\\/espanol\\\/faq\\\/ley-de-georgia\\\/accidente-automovilistico\\\/como-encontrar-informes-de-accidentes-de-trafico\\\/#breadcrumb\",\"itemListElement\":[{\"@type\":\"ListItem\",\"position\":1,\"name\":\"Home\",\"item\":\"https:\\\/\\\/ceolawyer.com\\\/espanol\\\/\"},{\"@type\":\"ListItem\",\"position\":2,\"name\":\"FAQ\",\"item\":\"https:\\\/\\\/ceolawyer.com\\\/espanol\\\/faq\\\/\"},{\"@type\":\"ListItem\",\"position\":3,\"name\":\"Lesiones personales en Georgia FAQ\",\"item\":\"https:\\\/\\\/ceolawyer.com\\\/espanol\\\/faq\\\/ley-de-georgia\\\/\"},{\"@type\":\"ListItem\",\"position\":4,\"name\":\"Accidente automovil\u00edstico en Georgia FAQ\",\"item\":\"https:\\\/\\\/ceolawyer.com\\\/espanol\\\/faq\\\/ley-de-georgia\\\/accidente-automovilistico\\\/\"},{\"@type\":\"ListItem\",\"position\":5,\"name\":\"C\u00f3mo encontrar informes de accidentes de tr\u00e1fico\"}]},{\"@type\":\"WebSite\",\"@id\":\"https:\\\/\\\/ceolawyer.com\\\/espanol\\\/#website\",\"url\":\"https:\\\/\\\/ceolawyer.com\\\/espanol\\\/\",\"name\":\"CEO Lawyer\",\"description\":\"Personal Injury Attorney\",\"publisher\":{\"@id\":\"https:\\\/\\\/ceolawyer.com\\\/espanol\\\/#organization\"},\"potentialAction\":[{\"@type\":\"SearchAction\",\"target\":{\"@type\":\"EntryPoint\",\"urlTemplate\":\"https:\\\/\\\/ceolawyer.com\\\/espanol\\\/?s={search_term_string}\"},\"query-input\":{\"@type\":\"PropertyValueSpecification\",\"valueRequired\":true,\"valueName\":\"search_term_string\"}}],\"inLanguage\":\"en-US\"},{\"@type\":\"Organization\",\"@id\":\"https:\\\/\\\/ceolawyer.com\\\/espanol\\\/#organization\",\"name\":\"CEO Lawyer\",\"url\":\"https:\\\/\\\/ceolawyer.com\\\/espanol\\\/\",\"logo\":{\"@type\":\"ImageObject\",\"inLanguage\":\"en-US\",\"@id\":\"https:\\\/\\\/ceolawyer.com\\\/espanol\\\/#\\\/schema\\\/logo\\\/image\\\/\",\"url\":\"https:\\\/\\\/ceolawyer.com\\\/espanol\\\/wp-content\\\/uploads\\\/sites\\\/2\\\/2022\\\/05\\\/CEO_Logo.png\",\"contentUrl\":\"https:\\\/\\\/ceolawyer.com\\\/espanol\\\/wp-content\\\/uploads\\\/sites\\\/2\\\/2022\\\/05\\\/CEO_Logo.png\",\"width\":200,\"height\":108,\"caption\":\"CEO Lawyer\"},\"image\":{\"@id\":\"https:\\\/\\\/ceolawyer.com\\\/espanol\\\/#\\\/schema\\\/logo\\\/image\\\/\"}}]}<\/script>\n<!-- \/ Yoast SEO plugin. -->","yoast_head_json":{"title":"C\u00f3mo encontrar informes de accidentes de tr\u00e1fico | CEO Lawyer","description":"Descubre c\u00f3mo encontrar informes de accidentes de tr\u00e1fico en Georgia con CEO Lawyer, protegiendo tus derechos legales.","robots":{"index":"index","follow":"follow","max-snippet":"max-snippet:-1","max-image-preview":"max-image-preview:large","max-video-preview":"max-video-preview:-1"},"canonical":"https:\/\/ceolawyer.com\/espanol\/faq\/ley-de-georgia\/accidente-automovilistico\/como-encontrar-informes-de-accidentes-de-trafico\/","og_locale":"en_US","og_type":"article","og_title":"C\u00f3mo encontrar informes de accidentes de tr\u00e1fico | CEO Lawyer","og_description":"Descubre c\u00f3mo encontrar informes de accidentes de tr\u00e1fico en Georgia con CEO Lawyer, protegiendo tus derechos legales.","og_url":"https:\/\/ceolawyer.com\/espanol\/faq\/ley-de-georgia\/accidente-automovilistico\/como-encontrar-informes-de-accidentes-de-trafico\/","og_site_name":"CEO Lawyer","article_modified_time":"2026-03-18T18:12:18+00:00","og_image":[{"width":500,"height":333,"url":"https:\/\/ceolawyer.com\/espanol\/wp-content\/uploads\/sites\/2\/2024\/04\/como-encontrar-informes-de-accidentes-de-trafico.webp","type":"image\/webp"}],"twitter_card":"summary_large_image","twitter_misc":{"Est. reading time":"7 minutes"},"schema":{"@context":"https:\/\/schema.org","@graph":[{"@type":"WebPage","@id":"https:\/\/ceolawyer.com\/espanol\/faq\/ley-de-georgia\/accidente-automovilistico\/como-encontrar-informes-de-accidentes-de-trafico\/","url":"https:\/\/ceolawyer.com\/espanol\/faq\/ley-de-georgia\/accidente-automovilistico\/como-encontrar-informes-de-accidentes-de-trafico\/","name":"C\u00f3mo encontrar informes de accidentes de tr\u00e1fico | CEO Lawyer","isPartOf":{"@id":"https:\/\/ceolawyer.com\/espanol\/#website"},"primaryImageOfPage":{"@id":"https:\/\/ceolawyer.com\/espanol\/faq\/ley-de-georgia\/accidente-automovilistico\/como-encontrar-informes-de-accidentes-de-trafico\/#primaryimage"},"image":{"@id":"https:\/\/ceolawyer.com\/espanol\/faq\/ley-de-georgia\/accidente-automovilistico\/como-encontrar-informes-de-accidentes-de-trafico\/#primaryimage"},"thumbnailUrl":"https:\/\/ceolawyer.com\/espanol\/wp-content\/uploads\/sites\/2\/2024\/04\/como-encontrar-informes-de-accidentes-de-trafico.webp","datePublished":"2024-04-04T12:29:00+00:00","dateModified":"2026-03-18T18:12:18+00:00","description":"Descubre c\u00f3mo encontrar informes de accidentes de tr\u00e1fico en Georgia con CEO Lawyer, protegiendo tus derechos legales.","breadcrumb":{"@id":"https:\/\/ceolawyer.com\/espanol\/faq\/ley-de-georgia\/accidente-automovilistico\/como-encontrar-informes-de-accidentes-de-trafico\/#breadcrumb"},"inLanguage":"en-US","potentialAction":[{"@type":"ReadAction","target":["https:\/\/ceolawyer.com\/espanol\/faq\/ley-de-georgia\/accidente-automovilistico\/como-encontrar-informes-de-accidentes-de-trafico\/"]}]},{"@type":"ImageObject","inLanguage":"en-US","@id":"https:\/\/ceolawyer.com\/espanol\/faq\/ley-de-georgia\/accidente-automovilistico\/como-encontrar-informes-de-accidentes-de-trafico\/#primaryimage","url":"https:\/\/ceolawyer.com\/espanol\/wp-content\/uploads\/sites\/2\/2024\/04\/como-encontrar-informes-de-accidentes-de-trafico.webp","contentUrl":"https:\/\/ceolawyer.com\/espanol\/wp-content\/uploads\/sites\/2\/2024\/04\/como-encontrar-informes-de-accidentes-de-trafico.webp","width":500,"height":333,"caption":"Los abogados calculan sumas despu\u00e9s de un acuerdo de accidente automovil\u00edstico."},{"@type":"BreadcrumbList","@id":"https:\/\/ceolawyer.com\/espanol\/faq\/ley-de-georgia\/accidente-automovilistico\/como-encontrar-informes-de-accidentes-de-trafico\/#breadcrumb","itemListElement":[{"@type":"ListItem","position":1,"name":"Home","item":"https:\/\/ceolawyer.com\/espanol\/"},{"@type":"ListItem","position":2,"name":"FAQ","item":"https:\/\/ceolawyer.com\/espanol\/faq\/"},{"@type":"ListItem","position":3,"name":"Lesiones personales en Georgia FAQ","item":"https:\/\/ceolawyer.com\/espanol\/faq\/ley-de-georgia\/"},{"@type":"ListItem","position":4,"name":"Accidente automovil\u00edstico en Georgia FAQ","item":"https:\/\/ceolawyer.com\/espanol\/faq\/ley-de-georgia\/accidente-automovilistico\/"},{"@type":"ListItem","position":5,"name":"C\u00f3mo encontrar informes de accidentes de tr\u00e1fico"}]},{"@type":"WebSite","@id":"https:\/\/ceolawyer.com\/espanol\/#website","url":"https:\/\/ceolawyer.com\/espanol\/","name":"CEO Lawyer","description":"Personal Injury Attorney","publisher":{"@id":"https:\/\/ceolawyer.com\/espanol\/#organization"},"potentialAction":[{"@type":"SearchAction","target":{"@type":"EntryPoint","urlTemplate":"https:\/\/ceolawyer.com\/espanol\/?s={search_term_string}"},"query-input":{"@type":"PropertyValueSpecification","valueRequired":true,"valueName":"search_term_string"}}],"inLanguage":"en-US"},{"@type":"Organization","@id":"https:\/\/ceolawyer.com\/espanol\/#organization","name":"CEO Lawyer","url":"https:\/\/ceolawyer.com\/espanol\/","logo":{"@type":"ImageObject","inLanguage":"en-US","@id":"https:\/\/ceolawyer.com\/espanol\/#\/schema\/logo\/image\/","url":"https:\/\/ceolawyer.com\/espanol\/wp-content\/uploads\/sites\/2\/2022\/05\/CEO_Logo.png","contentUrl":"https:\/\/ceolawyer.com\/espanol\/wp-content\/uploads\/sites\/2\/2022\/05\/CEO_Logo.png","width":200,"height":108,"caption":"CEO Lawyer"},"image":{"@id":"https:\/\/ceolawyer.com\/espanol\/#\/schema\/logo\/image\/"}}]}},"_links":{"self":[{"href":"https:\/\/ceolawyer.com\/espanol\/wp-json\/wp\/v2\/pages\/11765","targetHints":{"allow":["GET"]}}],"collection":[{"href":"https:\/\/ceolawyer.com\/espanol\/wp-json\/wp\/v2\/pages"}],"about":[{"href":"https:\/\/ceolawyer.com\/espanol\/wp-json\/wp\/v2\/types\/page"}],"author":[{"embeddable":true,"href":"https:\/\/ceolawyer.com\/espanol\/wp-json\/wp\/v2\/users\/18"}],"replies":[{"embeddable":true,"href":"https:\/\/ceolawyer.com\/espanol\/wp-json\/wp\/v2\/comments?post=11765"}],"version-history":[{"count":0,"href":"https:\/\/ceolawyer.com\/espanol\/wp-json\/wp\/v2\/pages\/11765\/revisions"}],"up":[{"embeddable":true,"href":"https:\/\/ceolawyer.com\/espanol\/wp-json\/wp\/v2\/pages\/11628"}],"wp:featuredmedia":[{"embeddable":true,"href":"https:\/\/ceolawyer.com\/espanol\/wp-json\/wp\/v2\/media\/11780"}],"wp:attachment":[{"href":"https:\/\/ceolawyer.com\/espanol\/wp-json\/wp\/v2\/media?parent=11765"}],"curies":[{"name":"wp","href":"https:\/\/api.w.org\/{rel}","templated":true}]}}