{"id":11791,"date":"2024-04-24T17:27:47","date_gmt":"2024-04-24T17:27:47","guid":{"rendered":"https:\/\/ceolawyer.com\/espanol\/?page_id=11791"},"modified":"2025-10-30T16:26:00","modified_gmt":"2025-10-30T16:26:00","slug":"enviar-mensajes-de-texto-mientras-se-conduce-causa-mas-accidentes-que-conducir-ebrio","status":"publish","type":"page","link":"https:\/\/ceolawyer.com\/espanol\/faq\/accidente-automovilistico\/enviar-mensajes-de-texto-mientras-se-conduce-causa-mas-accidentes-que-conducir-ebrio\/","title":{"rendered":"\u00bfEnviar mensajes de texto mientras se conduce causa m\u00e1s accidentes que conducir ebrio?"},"content":{"rendered":"<p><img decoding=\"async\" class=\"alignright size-full wp-image-11793\" src=\"https:\/\/ceolawyer.com\/espanol\/wp-content\/uploads\/sites\/2\/2024\/04\/Enviar-mensajes-de-texto-mientras-se-conduce-causa-mas-accidentes-que-conducir-ebrio.webp\" alt=\"Una mujer pide ayuda tras un accidente con un conductor que estaba enviando mensajes de texto al volante.\" width=\"500\" height=\"333\" srcset=\"https:\/\/ceolawyer.com\/espanol\/wp-content\/uploads\/sites\/2\/2024\/04\/Enviar-mensajes-de-texto-mientras-se-conduce-causa-mas-accidentes-que-conducir-ebrio.webp 500w, https:\/\/ceolawyer.com\/espanol\/wp-content\/uploads\/sites\/2\/2024\/04\/Enviar-mensajes-de-texto-mientras-se-conduce-causa-mas-accidentes-que-conducir-ebrio-300x200.webp 300w\" sizes=\"(max-width: 500px) 100vw, 500px\" \/>Muchos de nosotros somos conscientes del peligro inherente de conducir mientras estamos distra\u00eddos. Ya sea que la distracci\u00f3n provenga de enviar mensajes de texto, seleccionar m\u00fasica, consultar un mapa, beber, comer o cualquier otra actividad mientras se conduce, La Administraci\u00f3n Nacional de Seguridad del Tr\u00e1fico en las Carreteras inform\u00f3 que solo en 2020, m\u00e1s de 3000 ciudadanos estadounidenses murieron debido a <a href=\"https:\/\/www.nhtsa.gov\/risky-driving\/distracted-driving\">conductores distra\u00eddos.<\/a><\/p>\n<p>De hecho, las muertes por causa de conductores distra\u00eddos est\u00e1n aumentando. Lo anterior, a pesar de varias campa\u00f1as nacionales, anuncios de servicio p\u00fablico y leyes dise\u00f1adas para reducir la cantidad de lesiones relacionadas con conductores distra\u00eddos.<\/p>\n<p>Si bien todo el mundo sabe que conducir distra\u00eddo y bajo los efectos del alcohol es peligroso, no nos hemos preguntado exactamente: \u00bfqu\u00e9 tan peligroso es enviar mensajes de texto mientras se conduce? \u00bfAcaso enviar mensajes de texto mientras se conduce podr\u00eda ser incluso m\u00e1s peligroso que conducir bajo los efectos del alcohol?<\/p>\n<p>Algunos investigadores dicen que s\u00ed.<\/p>\n<p>Por fortuna, usted no est\u00e1 solo. Si ha estado involucrado en una desafortunada lesi\u00f3n por colisi\u00f3n automovil\u00edstica causada por conductores distra\u00eddos, Ali Awad y su equipo de abogados de CEO Lawyer Personal Injury Law Firm con experiencia en lesiones personales est\u00e1n aqu\u00ed para ayudarlo.<\/p>\n<p>Llame al <a href=\"tel:+18883073792\"><strong>(888) 307-3792<\/strong><\/a> o <a href=\"https:\/\/ceolawyer.com\/contact-us\/\">cont\u00e1ctenos en l\u00ednea<\/a> para recibir la evaluaci\u00f3n de su caso gratuita y confidencial. El abogado Ali, fund\u00f3 CEO Lawyer Personal Injury Law Firm y r\u00e1pidamente la convirti\u00f3 en una de las firmas de abogados de m\u00e1s r\u00e1pido crecimiento en el pa\u00eds.<\/p>\n<p>Si aceptamos su caso, usted no pagar\u00e1 nada hasta que ganemos.<\/p>\n<h2>Enviar mensajes de texto mientras se conduce versus conducir bajo la influencia del alcohol: \u00bfCu\u00e1l es m\u00e1s peligroso?<\/h2>\n<p>Si bien muchos conductores comprenden que conducir bajo los efectos del alcohol y enviar mensajes de texto mientras se conduce es peligroso, es posible que no comprendan la magnitud de cu\u00e1n peligroso es. Si bien han sido desmentidas estad\u00edsticas que afirman que enviar mensajes de texto mientras se conduce es mucho m\u00e1s peligroso que conducir bajo los efectos del alcohol, lo cierto es que existen fundamentos que respaldan que las dos pr\u00e1cticas: enviar mensajes de texto mientras se conduce y conducir bajo los efectos del alcohol son pr\u00e1cticas extremadamente peligrosas.<\/p>\n<p>Por un lado, conducir bajo los efectos del alcohol puede afectar el juicio y retrasar gravemente los tiempos de respuesta, por otro lado, enviar mensajes de texto y conducir distrae cognitivamente al conductor y aparta la vista de la carretera. A continuaci\u00f3n, encontrar\u00e1 algunas estad\u00edsticas alarmantes sobre la conducci\u00f3n distra\u00edda.<\/p>\n<h2>\u00bfCu\u00e1ntos accidentes son causados por enviar mensajes de texto mientras se conduce?<\/h2>\n<p>Entonces, \u00bfcu\u00e1ntos accidentes son causados por enviar mensajes de texto mientras se conduce? Consulte algunas de las estad\u00edsticas a continuaci\u00f3n.<\/p>\n<h3>Estad\u00edsticas de mensajes de texto y conducci\u00f3n<\/h3>\n<p>En Estados Unidos, las estad\u00edsticas de la poblaci\u00f3n que env\u00eda mensajes de texto mientras conduce son alarmantes. Se encontr\u00f3 que:<\/p>\n<ul>\n<li>Alrededor del 20% de los conductores en Estados Unidos afirman enviar mensajes de texto mientras conducen.<\/li>\n<li>En 2018 se sufrieron casi 390,000 lesiones por accidentes automovil\u00edsticos que se atribuyen a conductores que usaban tel\u00e9fonos celulares en la carretera. Adem\u00e1s, se descubri\u00f3 que casi una cuarta parte de todos los accidentes automovil\u00edsticos en los Estados Unidos involucran el uso del tel\u00e9fono celular.<\/li>\n<li>Se estima que casi 11 adolescentes mueren cada d\u00eda debido a enviar mensajes de texto y conducir.<\/li>\n<li>El Consejo Nacional de Seguridad estima que anualmente ocurren alrededor de 1.6 millones de colisiones de veh\u00edculos que pueden atribuirse al uso del tel\u00e9fono celular mientras se conduce.<\/li>\n<\/ul>\n<h3>Peligros de conducir y enviar mensajes de texto<\/h3>\n<p>Virginia Tech descubri\u00f3 que el riesgo de verse involucrado en un accidente al enviar mensajes de texto mientras se conduce es<a href=\"https:\/\/news.vt.edu\/articles\/2009\/07\/2009-571.html\"> 23 veces mayor que al conducir sin distraerse<\/a>. Dicho estudio indica las siguientes estad\u00edsticas:<\/p>\n<h3>Coches y veh\u00edculos ligeros<\/h3>\n<p>Al conducir un autom\u00f3vil o veh\u00edculo liviano:<\/p>\n<ul>\n<li>Tienes 2.8 veces m\u00e1s probabilidades de sufrir una colisi\u00f3n cuando utilizas tu tel\u00e9fono.<\/li>\n<li>Tiene 1.3 veces m\u00e1s probabilidades de verse involucrado en un accidente si habla o escucha con su celular.<\/li>\n<li>El riesgo de accidente es 1.4 veces mayor al alcanzar o agarrar un objeto en el veh\u00edculo.<\/li>\n<\/ul>\n<h3>Camiones y veh\u00edculos pesados<\/h3>\n<p>Al conducir un cami\u00f3n u otro veh\u00edculo pesado:<\/p>\n<ul>\n<li>Tienes 5.9 veces m\u00e1s probabilidades de sufrir un accidente cuando utilizas un tel\u00e9fono m\u00f3vil.<\/li>\n<li>Tiene 1.0 veces m\u00e1s probabilidades de verse involucrado en una colisi\u00f3n si habla o escucha con su tel\u00e9fono celular<\/li>\n<li>Enviar mensajes de texto aumenta dr\u00e1sticamente el riesgo de sufrir un accidente, alrededor de 23.2 veces m\u00e1s.<\/li>\n<\/ul>\n<h3>\u00bfEs tan peligroso enviar mensajes de texto mientras se conduce como conducir en estado de ebriedad?<\/h3>\n<p>Virginia Tech complet\u00f3 un <a href=\"https:\/\/featured.vtti.vt.edu\/2013\/05\/new-vtti-study-results-continue-to-highlight-the-dangers-of-distracted-driving\/\">estudio sobre conductores distra\u00eddos<\/a>, en el que se descubri\u00f3 que mientras se conduce a 55 mph, enviar mensajes de texto mientras se conduce, genera que el conductor aparte la vista de la carretera durante 4,6 segundos en promedio, lo que es similar a conducir con los ojos vendados a lo largo de un campo de f\u00fatbol entero. Este estudio, junto con otros, sugiere que enviar mensajes de texto mientras se conduce es tan peligroso, si no m\u00e1s, que conducir en estado de ebriedad.<\/p>\n<p>Adem\u00e1s de los estudios supervisados por Virginia Tech que comparan los riesgos de la conducci\u00f3n bajo los efectos del alcohol, con los riesgos de enviar mensajes de texto mientras se conduce, los Centros para el Control y la Prevenci\u00f3n de Enfermedades \u201cCDC\u201d tambi\u00e9n presentaron estad\u00edsticas sobre dichas pr\u00e1cticas mediante el uso de un simulador de conducci\u00f3n para analizar el desempe\u00f1o de los conductores ebrios en comparaci\u00f3n con los conductores que usaron su celular tel\u00e9fono. El estudio del Centro para el Control y la Prevenci\u00f3n de Enfermedades indic\u00f3 los siguientes resultados:<\/p>\n<p>Al conducir y hablar por el m\u00f3vil, ya sea con manos libres o con el m\u00f3vil en la mano, los conductores que usaban sus tel\u00e9fonos celulares estuvieron involucrados en m\u00e1s accidentes simulados que los conductores que no usaban sus tel\u00e9fonos celulares.<\/p>\n<p>Por el contrario, los conductores que hab\u00edan estado bebiendo y en estado de ebriedad mientras utilizaban el simulador de conducci\u00f3n mostraron un estilo de conducci\u00f3n m\u00e1s agresivo, siguieron m\u00e1s cerca del veh\u00edculo que ten\u00edan delante y frenaron m\u00e1s bruscamente.<\/p>\n<h2>\u00bfQu\u00e9 da\u00f1os son recuperables despu\u00e9s de un accidente automovil\u00edstico por enviar mensajes de texto mientras se conduce?<\/h2>\n<p>Despu\u00e9s de sufrir una lesi\u00f3n en un accidente automovil\u00edstico, un abogado de lesiones personales puede ayudarle a presentar un reclamo para recuperar una compensaci\u00f3n financiera por sus da\u00f1os, como, por ejemplo:<\/p>\n<ul>\n<li>Gastos m\u00e9dicos<\/li>\n<li>Salarios perdidos<\/li>\n<li>P\u00e9rdida de ingresos<\/li>\n<li>Dolor y sufrimiento<\/li>\n<li>Y m\u00e1s<\/li>\n<\/ul>\n<h2>\u00bfQu\u00e9 da\u00f1os son recuperables despu\u00e9s de un accidente automovil\u00edstico por enviar mensajes de texto mientras se conduce?<\/h2>\n<p>Si ha estado involucrado en un <a href=\"https:\/\/ceolawyer.com\/personal-injury\/car-accident-lawyer\/\">accidente automovil\u00edstico con un conductor distra\u00eddo<\/a>, los abogados con experiencia en accidentes automovil\u00edsticos de CEO Lawyer Personal Injury Law Firm est\u00e1n aqu\u00ed para ayudarlo. Usted no debe ser el responsable de las p\u00e9rdidas sufridas que le caus\u00f3 otra persona.<\/p>\n<p>Ll\u00e1menos hoy al <a href=\"tel:+18883073792\"><strong>(888) 307-3792<\/strong><\/a> o <a href=\"https:\/\/ceolawyer.com\/contact-us\/\">cont\u00e1ctenos en l\u00ednea<\/a> para recibir la evaluaci\u00f3n de su caso gratuita y confidencial. P\u00f3ngase en contacto con el abogado Ali y su equipo de abogados experimentados para ver qu\u00e9 podemos hacer para ayudarlo.<\/p>\n","protected":false},"excerpt":{"rendered":"<p>Muchos de nosotros somos conscientes del peligro inherente de conducir mientras estamos distra\u00eddos. Ya sea que la distracci\u00f3n provenga de enviar mensajes de texto, seleccionar m\u00fasica, consultar un mapa, beber, comer o cualquier otra actividad mientras se conduce, La Administraci\u00f3n Nacional de Seguridad del Tr\u00e1fico en las Carreteras inform\u00f3 que solo en 2020, m\u00e1s de [&hellip;]<\/p>\n","protected":false},"author":18,"featured_media":11793,"parent":11628,"menu_order":0,"comment_status":"closed","ping_status":"closed","template":"","meta":{"_acf_changed":false,"footnotes":""},"class_list":["post-11791","page","type-page","status-publish","has-post-thumbnail","hentry"],"acf":[],"yoast_head":"<!-- This site is optimized with the Yoast SEO plugin v27.4 - https:\/\/yoast.com\/product\/yoast-seo-wordpress\/ -->\n<title>\u00bfMensajes de Texto Causan M\u00e1s Accidentes que Alcohol? | CEO Lawyer<\/title>\n<meta name=\"description\" content=\"Enviar mensajes de texto y conducir es mortal. Si ha resultado herido, no espere. Comun\u00edquese con The CEO Lawyer Personal Injury Law Firm al 888-307-3792.\" \/>\n<meta name=\"robots\" content=\"index, follow, max-snippet:-1, max-image-preview:large, max-video-preview:-1\" \/>\n<link rel=\"canonical\" href=\"https:\/\/ceolawyer.com\/espanol\/faq\/accidente-automovilistico\/enviar-mensajes-de-texto-mientras-se-conduce-causa-mas-accidentes-que-conducir-ebrio\/\" \/>\n<meta property=\"og:locale\" content=\"en_US\" \/>\n<meta property=\"og:type\" content=\"article\" \/>\n<meta property=\"og:title\" content=\"\u00bfMensajes de Texto Causan M\u00e1s Accidentes que Alcohol? | CEO Lawyer\" \/>\n<meta property=\"og:description\" content=\"Enviar mensajes de texto y conducir es mortal. Si ha resultado herido, no espere. Comun\u00edquese con The CEO Lawyer Personal Injury Law Firm al 888-307-3792.\" \/>\n<meta property=\"og:url\" content=\"https:\/\/ceolawyer.com\/espanol\/faq\/accidente-automovilistico\/enviar-mensajes-de-texto-mientras-se-conduce-causa-mas-accidentes-que-conducir-ebrio\/\" \/>\n<meta property=\"og:site_name\" content=\"CEO Lawyer\" \/>\n<meta property=\"article:modified_time\" content=\"2025-10-30T16:26:00+00:00\" \/>\n<meta property=\"og:image\" content=\"https:\/\/ceolawyer.com\/espanol\/wp-content\/uploads\/sites\/2\/2024\/04\/Enviar-mensajes-de-texto-mientras-se-conduce-causa-mas-accidentes-que-conducir-ebrio.webp\" \/>\n\t<meta property=\"og:image:width\" content=\"500\" \/>\n\t<meta property=\"og:image:height\" content=\"333\" \/>\n\t<meta property=\"og:image:type\" content=\"image\/webp\" \/>\n<meta name=\"twitter:card\" content=\"summary_large_image\" \/>\n<meta name=\"twitter:label1\" content=\"Est. reading time\" \/>\n\t<meta name=\"twitter:data1\" content=\"6 minutes\" \/>\n<script type=\"application\/ld+json\" class=\"yoast-schema-graph\">{\"@context\":\"https:\\\/\\\/schema.org\",\"@graph\":[{\"@type\":\"WebPage\",\"@id\":\"https:\\\/\\\/ceolawyer.com\\\/espanol\\\/faq\\\/accidente-automovilistico\\\/enviar-mensajes-de-texto-mientras-se-conduce-causa-mas-accidentes-que-conducir-ebrio\\\/\",\"url\":\"https:\\\/\\\/ceolawyer.com\\\/espanol\\\/faq\\\/accidente-automovilistico\\\/enviar-mensajes-de-texto-mientras-se-conduce-causa-mas-accidentes-que-conducir-ebrio\\\/\",\"name\":\"\u00bfMensajes de Texto Causan M\u00e1s Accidentes que Alcohol? | CEO Lawyer\",\"isPartOf\":{\"@id\":\"https:\\\/\\\/ceolawyer.com\\\/espanol\\\/#website\"},\"primaryImageOfPage\":{\"@id\":\"https:\\\/\\\/ceolawyer.com\\\/espanol\\\/faq\\\/accidente-automovilistico\\\/enviar-mensajes-de-texto-mientras-se-conduce-causa-mas-accidentes-que-conducir-ebrio\\\/#primaryimage\"},\"image\":{\"@id\":\"https:\\\/\\\/ceolawyer.com\\\/espanol\\\/faq\\\/accidente-automovilistico\\\/enviar-mensajes-de-texto-mientras-se-conduce-causa-mas-accidentes-que-conducir-ebrio\\\/#primaryimage\"},\"thumbnailUrl\":\"https:\\\/\\\/ceolawyer.com\\\/espanol\\\/wp-content\\\/uploads\\\/sites\\\/2\\\/2024\\\/04\\\/Enviar-mensajes-de-texto-mientras-se-conduce-causa-mas-accidentes-que-conducir-ebrio.webp\",\"datePublished\":\"2024-04-24T17:27:47+00:00\",\"dateModified\":\"2025-10-30T16:26:00+00:00\",\"description\":\"Enviar mensajes de texto y conducir es mortal. Si ha resultado herido, no espere. Comun\u00edquese con The CEO Lawyer Personal Injury Law Firm al 888-307-3792.\",\"breadcrumb\":{\"@id\":\"https:\\\/\\\/ceolawyer.com\\\/espanol\\\/faq\\\/accidente-automovilistico\\\/enviar-mensajes-de-texto-mientras-se-conduce-causa-mas-accidentes-que-conducir-ebrio\\\/#breadcrumb\"},\"inLanguage\":\"en-US\",\"potentialAction\":[{\"@type\":\"ReadAction\",\"target\":[\"https:\\\/\\\/ceolawyer.com\\\/espanol\\\/faq\\\/accidente-automovilistico\\\/enviar-mensajes-de-texto-mientras-se-conduce-causa-mas-accidentes-que-conducir-ebrio\\\/\"]}]},{\"@type\":\"ImageObject\",\"inLanguage\":\"en-US\",\"@id\":\"https:\\\/\\\/ceolawyer.com\\\/espanol\\\/faq\\\/accidente-automovilistico\\\/enviar-mensajes-de-texto-mientras-se-conduce-causa-mas-accidentes-que-conducir-ebrio\\\/#primaryimage\",\"url\":\"https:\\\/\\\/ceolawyer.com\\\/espanol\\\/wp-content\\\/uploads\\\/sites\\\/2\\\/2024\\\/04\\\/Enviar-mensajes-de-texto-mientras-se-conduce-causa-mas-accidentes-que-conducir-ebrio.webp\",\"contentUrl\":\"https:\\\/\\\/ceolawyer.com\\\/espanol\\\/wp-content\\\/uploads\\\/sites\\\/2\\\/2024\\\/04\\\/Enviar-mensajes-de-texto-mientras-se-conduce-causa-mas-accidentes-que-conducir-ebrio.webp\",\"width\":500,\"height\":333,\"caption\":\"Una mujer pide ayuda tras un accidente con un conductor que estaba enviando mensajes de texto al volante.\"},{\"@type\":\"BreadcrumbList\",\"@id\":\"https:\\\/\\\/ceolawyer.com\\\/espanol\\\/faq\\\/accidente-automovilistico\\\/enviar-mensajes-de-texto-mientras-se-conduce-causa-mas-accidentes-que-conducir-ebrio\\\/#breadcrumb\",\"itemListElement\":[{\"@type\":\"ListItem\",\"position\":1,\"name\":\"Home\",\"item\":\"https:\\\/\\\/ceolawyer.com\\\/espanol\\\/\"},{\"@type\":\"ListItem\",\"position\":2,\"name\":\"FAQ\",\"item\":\"https:\\\/\\\/ceolawyer.com\\\/espanol\\\/faq\\\/\"},{\"@type\":\"ListItem\",\"position\":3,\"name\":\"Accidente automovil\u00edstico en Georgia FAQ\",\"item\":\"https:\\\/\\\/ceolawyer.com\\\/espanol\\\/faq\\\/ley-de-georgia\\\/accidente-automovilistico\\\/\"},{\"@type\":\"ListItem\",\"position\":4,\"name\":\"\u00bfEnviar mensajes de texto mientras se conduce causa m\u00e1s accidentes que conducir ebrio?\"}]},{\"@type\":\"WebSite\",\"@id\":\"https:\\\/\\\/ceolawyer.com\\\/espanol\\\/#website\",\"url\":\"https:\\\/\\\/ceolawyer.com\\\/espanol\\\/\",\"name\":\"CEO Lawyer\",\"description\":\"Personal Injury Attorney\",\"publisher\":{\"@id\":\"https:\\\/\\\/ceolawyer.com\\\/espanol\\\/#organization\"},\"potentialAction\":[{\"@type\":\"SearchAction\",\"target\":{\"@type\":\"EntryPoint\",\"urlTemplate\":\"https:\\\/\\\/ceolawyer.com\\\/espanol\\\/?s={search_term_string}\"},\"query-input\":{\"@type\":\"PropertyValueSpecification\",\"valueRequired\":true,\"valueName\":\"search_term_string\"}}],\"inLanguage\":\"en-US\"},{\"@type\":\"Organization\",\"@id\":\"https:\\\/\\\/ceolawyer.com\\\/espanol\\\/#organization\",\"name\":\"CEO Lawyer\",\"url\":\"https:\\\/\\\/ceolawyer.com\\\/espanol\\\/\",\"logo\":{\"@type\":\"ImageObject\",\"inLanguage\":\"en-US\",\"@id\":\"https:\\\/\\\/ceolawyer.com\\\/espanol\\\/#\\\/schema\\\/logo\\\/image\\\/\",\"url\":\"https:\\\/\\\/ceolawyer.com\\\/espanol\\\/wp-content\\\/uploads\\\/sites\\\/2\\\/2022\\\/05\\\/CEO_Logo.png\",\"contentUrl\":\"https:\\\/\\\/ceolawyer.com\\\/espanol\\\/wp-content\\\/uploads\\\/sites\\\/2\\\/2022\\\/05\\\/CEO_Logo.png\",\"width\":200,\"height\":108,\"caption\":\"CEO Lawyer\"},\"image\":{\"@id\":\"https:\\\/\\\/ceolawyer.com\\\/espanol\\\/#\\\/schema\\\/logo\\\/image\\\/\"}}]}<\/script>\n<!-- \/ Yoast SEO plugin. -->","yoast_head_json":{"title":"\u00bfMensajes de Texto Causan M\u00e1s Accidentes que Alcohol? | CEO Lawyer","description":"Enviar mensajes de texto y conducir es mortal. Si ha resultado herido, no espere. Comun\u00edquese con The CEO Lawyer Personal Injury Law Firm al 888-307-3792.","robots":{"index":"index","follow":"follow","max-snippet":"max-snippet:-1","max-image-preview":"max-image-preview:large","max-video-preview":"max-video-preview:-1"},"canonical":"https:\/\/ceolawyer.com\/espanol\/faq\/accidente-automovilistico\/enviar-mensajes-de-texto-mientras-se-conduce-causa-mas-accidentes-que-conducir-ebrio\/","og_locale":"en_US","og_type":"article","og_title":"\u00bfMensajes de Texto Causan M\u00e1s Accidentes que Alcohol? | CEO Lawyer","og_description":"Enviar mensajes de texto y conducir es mortal. Si ha resultado herido, no espere. Comun\u00edquese con The CEO Lawyer Personal Injury Law Firm al 888-307-3792.","og_url":"https:\/\/ceolawyer.com\/espanol\/faq\/accidente-automovilistico\/enviar-mensajes-de-texto-mientras-se-conduce-causa-mas-accidentes-que-conducir-ebrio\/","og_site_name":"CEO Lawyer","article_modified_time":"2025-10-30T16:26:00+00:00","og_image":[{"width":500,"height":333,"url":"https:\/\/ceolawyer.com\/espanol\/wp-content\/uploads\/sites\/2\/2024\/04\/Enviar-mensajes-de-texto-mientras-se-conduce-causa-mas-accidentes-que-conducir-ebrio.webp","type":"image\/webp"}],"twitter_card":"summary_large_image","twitter_misc":{"Est. reading time":"6 minutes"},"schema":{"@context":"https:\/\/schema.org","@graph":[{"@type":"WebPage","@id":"https:\/\/ceolawyer.com\/espanol\/faq\/accidente-automovilistico\/enviar-mensajes-de-texto-mientras-se-conduce-causa-mas-accidentes-que-conducir-ebrio\/","url":"https:\/\/ceolawyer.com\/espanol\/faq\/accidente-automovilistico\/enviar-mensajes-de-texto-mientras-se-conduce-causa-mas-accidentes-que-conducir-ebrio\/","name":"\u00bfMensajes de Texto Causan M\u00e1s Accidentes que Alcohol? | CEO Lawyer","isPartOf":{"@id":"https:\/\/ceolawyer.com\/espanol\/#website"},"primaryImageOfPage":{"@id":"https:\/\/ceolawyer.com\/espanol\/faq\/accidente-automovilistico\/enviar-mensajes-de-texto-mientras-se-conduce-causa-mas-accidentes-que-conducir-ebrio\/#primaryimage"},"image":{"@id":"https:\/\/ceolawyer.com\/espanol\/faq\/accidente-automovilistico\/enviar-mensajes-de-texto-mientras-se-conduce-causa-mas-accidentes-que-conducir-ebrio\/#primaryimage"},"thumbnailUrl":"https:\/\/ceolawyer.com\/espanol\/wp-content\/uploads\/sites\/2\/2024\/04\/Enviar-mensajes-de-texto-mientras-se-conduce-causa-mas-accidentes-que-conducir-ebrio.webp","datePublished":"2024-04-24T17:27:47+00:00","dateModified":"2025-10-30T16:26:00+00:00","description":"Enviar mensajes de texto y conducir es mortal. Si ha resultado herido, no espere. Comun\u00edquese con The CEO Lawyer Personal Injury Law Firm al 888-307-3792.","breadcrumb":{"@id":"https:\/\/ceolawyer.com\/espanol\/faq\/accidente-automovilistico\/enviar-mensajes-de-texto-mientras-se-conduce-causa-mas-accidentes-que-conducir-ebrio\/#breadcrumb"},"inLanguage":"en-US","potentialAction":[{"@type":"ReadAction","target":["https:\/\/ceolawyer.com\/espanol\/faq\/accidente-automovilistico\/enviar-mensajes-de-texto-mientras-se-conduce-causa-mas-accidentes-que-conducir-ebrio\/"]}]},{"@type":"ImageObject","inLanguage":"en-US","@id":"https:\/\/ceolawyer.com\/espanol\/faq\/accidente-automovilistico\/enviar-mensajes-de-texto-mientras-se-conduce-causa-mas-accidentes-que-conducir-ebrio\/#primaryimage","url":"https:\/\/ceolawyer.com\/espanol\/wp-content\/uploads\/sites\/2\/2024\/04\/Enviar-mensajes-de-texto-mientras-se-conduce-causa-mas-accidentes-que-conducir-ebrio.webp","contentUrl":"https:\/\/ceolawyer.com\/espanol\/wp-content\/uploads\/sites\/2\/2024\/04\/Enviar-mensajes-de-texto-mientras-se-conduce-causa-mas-accidentes-que-conducir-ebrio.webp","width":500,"height":333,"caption":"Una mujer pide ayuda tras un accidente con un conductor que estaba enviando mensajes de texto al volante."},{"@type":"BreadcrumbList","@id":"https:\/\/ceolawyer.com\/espanol\/faq\/accidente-automovilistico\/enviar-mensajes-de-texto-mientras-se-conduce-causa-mas-accidentes-que-conducir-ebrio\/#breadcrumb","itemListElement":[{"@type":"ListItem","position":1,"name":"Home","item":"https:\/\/ceolawyer.com\/espanol\/"},{"@type":"ListItem","position":2,"name":"FAQ","item":"https:\/\/ceolawyer.com\/espanol\/faq\/"},{"@type":"ListItem","position":3,"name":"Accidente automovil\u00edstico en Georgia FAQ","item":"https:\/\/ceolawyer.com\/espanol\/faq\/ley-de-georgia\/accidente-automovilistico\/"},{"@type":"ListItem","position":4,"name":"\u00bfEnviar mensajes de texto mientras se conduce causa m\u00e1s accidentes que conducir ebrio?"}]},{"@type":"WebSite","@id":"https:\/\/ceolawyer.com\/espanol\/#website","url":"https:\/\/ceolawyer.com\/espanol\/","name":"CEO Lawyer","description":"Personal Injury Attorney","publisher":{"@id":"https:\/\/ceolawyer.com\/espanol\/#organization"},"potentialAction":[{"@type":"SearchAction","target":{"@type":"EntryPoint","urlTemplate":"https:\/\/ceolawyer.com\/espanol\/?s={search_term_string}"},"query-input":{"@type":"PropertyValueSpecification","valueRequired":true,"valueName":"search_term_string"}}],"inLanguage":"en-US"},{"@type":"Organization","@id":"https:\/\/ceolawyer.com\/espanol\/#organization","name":"CEO Lawyer","url":"https:\/\/ceolawyer.com\/espanol\/","logo":{"@type":"ImageObject","inLanguage":"en-US","@id":"https:\/\/ceolawyer.com\/espanol\/#\/schema\/logo\/image\/","url":"https:\/\/ceolawyer.com\/espanol\/wp-content\/uploads\/sites\/2\/2022\/05\/CEO_Logo.png","contentUrl":"https:\/\/ceolawyer.com\/espanol\/wp-content\/uploads\/sites\/2\/2022\/05\/CEO_Logo.png","width":200,"height":108,"caption":"CEO Lawyer"},"image":{"@id":"https:\/\/ceolawyer.com\/espanol\/#\/schema\/logo\/image\/"}}]}},"_links":{"self":[{"href":"https:\/\/ceolawyer.com\/espanol\/wp-json\/wp\/v2\/pages\/11791","targetHints":{"allow":["GET"]}}],"collection":[{"href":"https:\/\/ceolawyer.com\/espanol\/wp-json\/wp\/v2\/pages"}],"about":[{"href":"https:\/\/ceolawyer.com\/espanol\/wp-json\/wp\/v2\/types\/page"}],"author":[{"embeddable":true,"href":"https:\/\/ceolawyer.com\/espanol\/wp-json\/wp\/v2\/users\/18"}],"replies":[{"embeddable":true,"href":"https:\/\/ceolawyer.com\/espanol\/wp-json\/wp\/v2\/comments?post=11791"}],"version-history":[{"count":0,"href":"https:\/\/ceolawyer.com\/espanol\/wp-json\/wp\/v2\/pages\/11791\/revisions"}],"up":[{"embeddable":true,"href":"https:\/\/ceolawyer.com\/espanol\/wp-json\/wp\/v2\/pages\/11628"}],"wp:featuredmedia":[{"embeddable":true,"href":"https:\/\/ceolawyer.com\/espanol\/wp-json\/wp\/v2\/media\/11793"}],"wp:attachment":[{"href":"https:\/\/ceolawyer.com\/espanol\/wp-json\/wp\/v2\/media?parent=11791"}],"curies":[{"name":"wp","href":"https:\/\/api.w.org\/{rel}","templated":true}]}}