{"id":11797,"date":"2024-04-24T17:41:26","date_gmt":"2024-04-24T17:41:26","guid":{"rendered":"https:\/\/ceolawyer.com\/espanol\/?page_id=11797"},"modified":"2026-03-18T18:11:19","modified_gmt":"2026-03-18T18:11:19","slug":"coberturas-de-seguros-de-vehiculo-en-georgia","status":"publish","type":"page","link":"https:\/\/ceolawyer.com\/espanol\/faq\/ley-de-georgia\/accidente-automovilistico\/coberturas-de-seguros-de-vehiculo-en-georgia\/","title":{"rendered":"Coberturas de seguros de veh\u00edculo en Georgia"},"content":{"rendered":"<h2><img decoding=\"async\" class=\"alignright size-full wp-image-11799\" src=\"https:\/\/ceolawyer.com\/espanol\/wp-content\/uploads\/sites\/2\/2024\/04\/Coberturas-de-seguros-de-vehiculo-en-Georgia.webp\" alt=\"Un accidente entre varios veh\u00edculos en medio de una carretera muy transitada.\" width=\"500\" height=\"333\" srcset=\"https:\/\/ceolawyer.com\/espanol\/wp-content\/uploads\/sites\/2\/2024\/04\/Coberturas-de-seguros-de-vehiculo-en-Georgia.webp 500w, https:\/\/ceolawyer.com\/espanol\/wp-content\/uploads\/sites\/2\/2024\/04\/Coberturas-de-seguros-de-vehiculo-en-Georgia-300x200.webp 300w\" sizes=\"(max-width: 500px) 100vw, 500px\" \/>Tipos de seguro de autom\u00f3vil en Georgia<\/h2>\n<p>Es posible que haya o\u00eddo hablar de los distintos tipos de seguro y que entienda vagamente algunas de las diferencias. Cuando usted ha resultado herido en un accidente de auto y est\u00e1 buscando una compensaci\u00f3n justa por sus lesiones, la comprensi\u00f3n de las opciones de seguro es lo m\u00e1s importante.<\/p>\n<p>Los <a href=\"https:\/\/dor.georgia.gov\/motor-vehicles\/vehicle-insurance-requirements\">requisitos <\/a>de seguro de Georgia son b\u00e1sicos: un conductor s\u00f3lo necesita tener un seguro de responsabilidad civil para conducir. Si el conductor que le golpea lleva s\u00f3lo las cantidades b\u00e1sicas, dif\u00edcilmente tiene una cobertura adecuada para un accidente grave.<\/p>\n<p>En esas circunstancias, un abogado experimentado en lesiones personales puede ayudar a explorar todas las opciones de cobertura de seguro, incluso de su propia p\u00f3liza, para asegurarse de recuperar la cantidad total.<\/p>\n<p>Adem\u00e1s, al revisar las cantidades disponibles de su propia p\u00f3liza de seguro de autom\u00f3vil, debe considerar si le conviene ir m\u00e1s all\u00e1 de los requisitos b\u00e1sicos.<\/p>\n<h2>Seguro de responsabilidad civil<\/h2>\n<p>La p\u00f3liza de seguro de responsabilidad civil de la parte responsable (causante) del <a href=\"https:\/\/ceolawyer.com\/georgia-personal-injury\/car-accident-lawyer\/\">accidente <\/a>cubre los da\u00f1os materiales y las lesiones a terceros en el accidente. Si otro conductor golpea tu auto, t\u00fa o tu abogado pueden presentar un reclamo contra la p\u00f3liza de responsabilidad civil del otro conductor negociando directamente con su compa\u00f1\u00eda de seguros o recurriendo a ella.<\/p>\n<p>Usted puede recuperar los da\u00f1os del veh\u00edculo, lesiones, dolor y sufrimiento bajo esta p\u00f3liza. Si sus da\u00f1os son mayores que las cantidades de la p\u00f3liza de responsabilidad civil, puede haber opciones de recuperaci\u00f3n bajo otra p\u00f3liza de la persona que le choc\u00f3, su propia p\u00f3liza, o puede demandar a la otra parte por las cantidades restantes.<\/p>\n<p>Hay dos tipos de seguro de responsabilidad civil requeridos por la ley de Georgia:<\/p>\n<ul>\n<li>El seguro de responsabilidad por lesiones corporales cubre los gastos relacionados con las lesiones o la muerte de otra persona en un accidente. Georgia exige al menos $25,000 d\u00f3lares por persona y $50,000 d\u00f3lares por accidente.<\/li>\n<li>El seguro de responsabilidad por da\u00f1os a la propiedad cubre los costes relacionados con da\u00f1os a la propiedad en un accidente e incluye veh\u00edculos, viviendas y edificios. Georgia exige al menos $25,000 d\u00f3lares.<\/li>\n<\/ul>\n<h2>Cobertura de automovilista sin seguro y seguro insuficiente<\/h2>\n<p>En Georgia, aproximadamente el 12% de los conductores no tienen seguro, y muchos m\u00e1s tienen un seguro inadecuado. Las <a href=\"https:\/\/ceolawyer.com\/georgia-personal-injury\/underinsured-motorist-accident-lawyer\/\">coberturas de automovilistas sin seguro<\/a> y con seguro insuficiente no son obligatorias en Georgia.<\/p>\n<p>Este tipo de seguro cubre los costos de sus gastos m\u00e9dicos en caso de estar involucrado en un accidente donde el otro conductor tiene la culpa y no tiene cobertura de automovilista sin seguro y con seguro insuficiente.<\/p>\n<h2>Seguro de colisi\u00f3n<\/h2>\n<p>El seguro de colisi\u00f3n est\u00e1 dise\u00f1ado para ayudarle a reparar o sustituir su veh\u00edculo da\u00f1ado en un accidente. Los accidentes ocurren al chocar con otro auto u objeto (como un \u00e1rbol o un muro).<\/p>\n<p>El seguro de colisi\u00f3n cubre su propio auto, no los da\u00f1os al veh\u00edculo de otra persona. Este tipo de seguro no es obligatorio seg\u00fan la ley de Georgia, pero si alquila un auto o lo financia a trav\u00e9s de un banco, estas instituciones suelen exigirle que tenga un seguro de colisi\u00f3n.<\/p>\n<h2>Seguro de gastos m\u00e9dicos<\/h2>\n<p>El seguro de pagos m\u00e9dicos paga los gastos m\u00e9dicos suyos o de sus acompa\u00f1antes en un accidente, independientemente de qui\u00e9n lo haya causado. El seguro de pagos m\u00e9dicos suele incluir los gastos funerarios.<\/p>\n<p>Este tipo de seguro no es obligatorio en Georgia.<\/p>\n<p>El seguro de lesiones corporales (requerido por la ley de Georgia y mencionado anteriormente) cubre las lesiones de las que usted es responsable a causa de un accidente. En comparaci\u00f3n, el seguro de pagos m\u00e9dicos paga los gastos m\u00e9dicos y otros gastos relacionados para usted y sus acompa\u00f1antes sin importar qui\u00e9n tiene la culpa del accidente.<\/p>\n<h2>Seguro de cobertura integral<\/h2>\n<p>El seguro de cobertura integral cubre los da\u00f1os sufridos a tu auto por causas distintas a un accidente. Un asegurado utilizar\u00e1 su seguro de cobertura integral si su veh\u00edculo resultara da\u00f1ado por una tormenta, la ca\u00edda de un \u00e1rbol sobre \u00e9l, actos de vandalismo o el robo del veh\u00edculo.<\/p>\n<p>Por otro lado, el seguro de colisi\u00f3n (del que ya hemos hablado) cubre la reparaci\u00f3n o sustituci\u00f3n del veh\u00edculo tras sufrir da\u00f1os en un accidente. El seguro de cobertura integral permite la reparaci\u00f3n o sustituci\u00f3n del veh\u00edculo, que generalmente decidir\u00e1 la compa\u00f1\u00eda de seguros.<\/p>\n<p>El seguro de cobertura integral no es obligatorio en Georgia.<\/p>\n<h2>Deducible<\/h2>\n<p>Las p\u00f3lizas de seguro de autom\u00f3vil suelen tener un deducible. Un deducible es una cantidad designada que un asegurado necesita pagar antes de que la compa\u00f1\u00eda de seguros pague un reclamo bajo la p\u00f3liza de seguros.<\/p>\n<p>Por ejemplo, si el deducible de su p\u00f3liza es de $1,000, usted tendr\u00eda que pagar $1,000 antes de que la compa\u00f1\u00eda de seguros comience a pagar algo bajo la p\u00f3liza. Si sus da\u00f1os son inferiores a $1,000, eso ser\u00eda un gasto de su bolsillo y la compa\u00f1\u00eda de seguros no pagar\u00eda ninguna cantidad.<\/p>\n<h2>\u00bfQu\u00e9 Pasa en un accidente si no tengo seguro?<\/h2>\n<p>Como se mencion\u00f3 anteriormente, la ley de Georgia determina lo que cada conductor debe llevar:<\/p>\n<ul>\n<li>Seguro de responsabilidad civil de al menos $25,000 d\u00f3lares por persona y $50,000 d\u00f3lares por accidente.<\/li>\n<li>Seguro de responsabilidad civil por da\u00f1os a la propiedad de al menos $25,000 d\u00f3lares.<\/li>\n<\/ul>\n<p>Las compa\u00f1\u00edas de seguros env\u00edan electr\u00f3nicamente la informaci\u00f3n de la p\u00f3liza al Departamento de Servicios al Conductor de Georgia. Si sufre un accidente y no tiene seguro, la primera consecuencia es que no tendr\u00e1 cobertura para los da\u00f1os.<\/p>\n<p>La segunda, es que usted sufrir\u00e1 las consecuencias legales de conducir sin seguro, incluyendo:<\/p>\n<ul>\n<li>Delito penal (falta)<\/li>\n<li>Multa de entre $200 y $1,000 d\u00f3lares<\/li>\n<li>Pena de c\u00e1rcel de un a\u00f1o<\/li>\n<li>Suspensi\u00f3n del permiso de conducir<\/li>\n<\/ul>\n<p>Si no tiene seguro o no puede obtenerlo, \u00a1por favor abst\u00e9ngase de conducir hasta que tenga un seguro adecuado!<\/p>\n<h2>Llame a los abogados de lesiones y accidentes de CEO Lawyer Personal Injury Law Firm para estudiar las p\u00f3lizas de seguro disponibles para cubrir los da\u00f1os de su accidente<\/h2>\n<p>\u00bfEstuvo involucrado en un accidente en el \u00e1rea de Atlanta, Georgia, donde su auto fue da\u00f1ado parcial o totalmente, pero su compa\u00f1\u00eda de seguros o la compa\u00f1\u00eda de seguros de la otra parte no le ha compensado de manera justa?<\/p>\n<p>\u00bfEstuvo usted en un accidente en el \u00e1rea de Atlanta, Georgia, donde result\u00f3 herido, pero su compensaci\u00f3n no es ni siquiera suficiente para cubrir sus gastos m\u00e9dicos?<\/p>\n<p>Su compa\u00f1\u00eda de seguros puede no darle un panorama claro de todas las posibles p\u00f3lizas de seguro disponibles para usted. Los experimentados abogados de CEO Lawyer Personal Injury Law Firm est\u00e1n disponibles para ayudarle a explorar las opciones de cobertura de seguro disponibles para usted en virtud de las p\u00f3lizas de seguro de las que usted sea titular, su familia, o la persona que caus\u00f3 el accidente.<\/p>\n<p><a href=\"https:\/\/ceolawyer.com\/contact-us\/\">P\u00f3ngase en contacto<\/a> con nosotros para programar una consulta gratuita. Llame al <a href=\"tel:+18883073792\"><strong>(888) 307-3792<\/strong><\/a> hoy.<\/p>\n","protected":false},"excerpt":{"rendered":"<p>Tipos de seguro de autom\u00f3vil en Georgia Es posible que haya o\u00eddo hablar de los distintos tipos de seguro y que entienda vagamente algunas de las diferencias. Cuando usted ha resultado herido en un accidente de auto y est\u00e1 buscando una compensaci\u00f3n justa por sus lesiones, la comprensi\u00f3n de las opciones de seguro es lo [&hellip;]<\/p>\n","protected":false},"author":18,"featured_media":11799,"parent":13289,"menu_order":0,"comment_status":"closed","ping_status":"closed","template":"","meta":{"_acf_changed":false,"footnotes":""},"class_list":["post-11797","page","type-page","status-publish","has-post-thumbnail","hentry"],"acf":[],"yoast_head":"<!-- This site is optimized with the Yoast SEO plugin v27.2 - https:\/\/yoast.com\/product\/yoast-seo-wordpress\/ -->\n<title>Coberturas de seguros de veh\u00edculo en Georgia | CEO Lawyer<\/title>\n<meta name=\"description\" content=\"Aseg\u00farese de tener la cobertura de seguro de autom\u00f3vil adecuada en Georgia. The CEO Lawyer Personal Injury law Firm ofrece consultas GRATUITAS al 888-307-3792.\" \/>\n<meta name=\"robots\" content=\"index, follow, max-snippet:-1, max-image-preview:large, max-video-preview:-1\" \/>\n<link rel=\"canonical\" href=\"https:\/\/ceolawyer.com\/espanol\/faq\/ley-de-georgia\/accidente-automovilistico\/coberturas-de-seguros-de-vehiculo-en-georgia\/\" \/>\n<meta property=\"og:locale\" content=\"en_US\" \/>\n<meta property=\"og:type\" content=\"article\" \/>\n<meta property=\"og:title\" content=\"Coberturas de seguros de veh\u00edculo en Georgia | CEO Lawyer\" \/>\n<meta property=\"og:description\" content=\"Aseg\u00farese de tener la cobertura de seguro de autom\u00f3vil adecuada en Georgia. The CEO Lawyer Personal Injury law Firm ofrece consultas GRATUITAS al 888-307-3792.\" \/>\n<meta property=\"og:url\" content=\"https:\/\/ceolawyer.com\/espanol\/faq\/ley-de-georgia\/accidente-automovilistico\/coberturas-de-seguros-de-vehiculo-en-georgia\/\" \/>\n<meta property=\"og:site_name\" content=\"CEO Lawyer\" \/>\n<meta property=\"article:modified_time\" content=\"2026-03-18T18:11:19+00:00\" \/>\n<meta property=\"og:image\" content=\"https:\/\/ceolawyer.com\/espanol\/wp-content\/uploads\/sites\/2\/2024\/04\/Coberturas-de-seguros-de-vehiculo-en-Georgia.webp\" \/>\n\t<meta property=\"og:image:width\" content=\"500\" \/>\n\t<meta property=\"og:image:height\" content=\"333\" \/>\n\t<meta property=\"og:image:type\" content=\"image\/webp\" \/>\n<meta name=\"twitter:card\" content=\"summary_large_image\" \/>\n<meta name=\"twitter:label1\" content=\"Est. reading time\" \/>\n\t<meta name=\"twitter:data1\" content=\"6 minutes\" \/>\n<script type=\"application\/ld+json\" class=\"yoast-schema-graph\">{\"@context\":\"https:\/\/schema.org\",\"@graph\":[{\"@type\":\"WebPage\",\"@id\":\"https:\/\/ceolawyer.com\/espanol\/faq\/ley-de-georgia\/accidente-automovilistico\/coberturas-de-seguros-de-vehiculo-en-georgia\/\",\"url\":\"https:\/\/ceolawyer.com\/espanol\/faq\/ley-de-georgia\/accidente-automovilistico\/coberturas-de-seguros-de-vehiculo-en-georgia\/\",\"name\":\"Coberturas de seguros de veh\u00edculo en Georgia | CEO Lawyer\",\"isPartOf\":{\"@id\":\"https:\/\/ceolawyer.com\/espanol\/#website\"},\"primaryImageOfPage\":{\"@id\":\"https:\/\/ceolawyer.com\/espanol\/faq\/ley-de-georgia\/accidente-automovilistico\/coberturas-de-seguros-de-vehiculo-en-georgia\/#primaryimage\"},\"image\":{\"@id\":\"https:\/\/ceolawyer.com\/espanol\/faq\/ley-de-georgia\/accidente-automovilistico\/coberturas-de-seguros-de-vehiculo-en-georgia\/#primaryimage\"},\"thumbnailUrl\":\"https:\/\/ceolawyer.com\/espanol\/wp-content\/uploads\/sites\/2\/2024\/04\/Coberturas-de-seguros-de-vehiculo-en-Georgia.webp\",\"datePublished\":\"2024-04-24T17:41:26+00:00\",\"dateModified\":\"2026-03-18T18:11:19+00:00\",\"description\":\"Aseg\u00farese de tener la cobertura de seguro de autom\u00f3vil adecuada en Georgia. The CEO Lawyer Personal Injury law Firm ofrece consultas GRATUITAS al 888-307-3792.\",\"breadcrumb\":{\"@id\":\"https:\/\/ceolawyer.com\/espanol\/faq\/ley-de-georgia\/accidente-automovilistico\/coberturas-de-seguros-de-vehiculo-en-georgia\/#breadcrumb\"},\"inLanguage\":\"en-US\",\"potentialAction\":[{\"@type\":\"ReadAction\",\"target\":[\"https:\/\/ceolawyer.com\/espanol\/faq\/ley-de-georgia\/accidente-automovilistico\/coberturas-de-seguros-de-vehiculo-en-georgia\/\"]}]},{\"@type\":\"ImageObject\",\"inLanguage\":\"en-US\",\"@id\":\"https:\/\/ceolawyer.com\/espanol\/faq\/ley-de-georgia\/accidente-automovilistico\/coberturas-de-seguros-de-vehiculo-en-georgia\/#primaryimage\",\"url\":\"https:\/\/ceolawyer.com\/espanol\/wp-content\/uploads\/sites\/2\/2024\/04\/Coberturas-de-seguros-de-vehiculo-en-Georgia.webp\",\"contentUrl\":\"https:\/\/ceolawyer.com\/espanol\/wp-content\/uploads\/sites\/2\/2024\/04\/Coberturas-de-seguros-de-vehiculo-en-Georgia.webp\",\"width\":500,\"height\":333,\"caption\":\"Un accidente entre varios veh\u00edculos en medio de una carretera muy transitada.\"},{\"@type\":\"BreadcrumbList\",\"@id\":\"https:\/\/ceolawyer.com\/espanol\/faq\/ley-de-georgia\/accidente-automovilistico\/coberturas-de-seguros-de-vehiculo-en-georgia\/#breadcrumb\",\"itemListElement\":[{\"@type\":\"ListItem\",\"position\":1,\"name\":\"Home\",\"item\":\"https:\/\/ceolawyer.com\/espanol\/\"},{\"@type\":\"ListItem\",\"position\":2,\"name\":\"FAQ\",\"item\":\"https:\/\/ceolawyer.com\/espanol\/faq\/\"},{\"@type\":\"ListItem\",\"position\":3,\"name\":\"Lesiones personales en Georgia FAQ\",\"item\":\"https:\/\/ceolawyer.com\/espanol\/faq\/ley-de-georgia\/\"},{\"@type\":\"ListItem\",\"position\":4,\"name\":\"Coberturas de seguros de veh\u00edculo en Georgia\"}]},{\"@type\":\"WebSite\",\"@id\":\"https:\/\/ceolawyer.com\/espanol\/#website\",\"url\":\"https:\/\/ceolawyer.com\/espanol\/\",\"name\":\"CEO Lawyer\",\"description\":\"Personal Injury Attorney\",\"publisher\":{\"@id\":\"https:\/\/ceolawyer.com\/espanol\/#organization\"},\"potentialAction\":[{\"@type\":\"SearchAction\",\"target\":{\"@type\":\"EntryPoint\",\"urlTemplate\":\"https:\/\/ceolawyer.com\/espanol\/?s={search_term_string}\"},\"query-input\":{\"@type\":\"PropertyValueSpecification\",\"valueRequired\":true,\"valueName\":\"search_term_string\"}}],\"inLanguage\":\"en-US\"},{\"@type\":\"Organization\",\"@id\":\"https:\/\/ceolawyer.com\/espanol\/#organization\",\"name\":\"CEO Lawyer\",\"url\":\"https:\/\/ceolawyer.com\/espanol\/\",\"logo\":{\"@type\":\"ImageObject\",\"inLanguage\":\"en-US\",\"@id\":\"https:\/\/ceolawyer.com\/espanol\/#\/schema\/logo\/image\/\",\"url\":\"https:\/\/ceolawyer.com\/espanol\/wp-content\/uploads\/sites\/2\/2022\/05\/CEO_Logo.png\",\"contentUrl\":\"https:\/\/ceolawyer.com\/espanol\/wp-content\/uploads\/sites\/2\/2022\/05\/CEO_Logo.png\",\"width\":200,\"height\":108,\"caption\":\"CEO Lawyer\"},\"image\":{\"@id\":\"https:\/\/ceolawyer.com\/espanol\/#\/schema\/logo\/image\/\"}}]}<\/script>\n<!-- \/ Yoast SEO plugin. -->","yoast_head_json":{"title":"Coberturas de seguros de veh\u00edculo en Georgia | CEO Lawyer","description":"Aseg\u00farese de tener la cobertura de seguro de autom\u00f3vil adecuada en Georgia. The CEO Lawyer Personal Injury law Firm ofrece consultas GRATUITAS al 888-307-3792.","robots":{"index":"index","follow":"follow","max-snippet":"max-snippet:-1","max-image-preview":"max-image-preview:large","max-video-preview":"max-video-preview:-1"},"canonical":"https:\/\/ceolawyer.com\/espanol\/faq\/ley-de-georgia\/accidente-automovilistico\/coberturas-de-seguros-de-vehiculo-en-georgia\/","og_locale":"en_US","og_type":"article","og_title":"Coberturas de seguros de veh\u00edculo en Georgia | CEO Lawyer","og_description":"Aseg\u00farese de tener la cobertura de seguro de autom\u00f3vil adecuada en Georgia. The CEO Lawyer Personal Injury law Firm ofrece consultas GRATUITAS al 888-307-3792.","og_url":"https:\/\/ceolawyer.com\/espanol\/faq\/ley-de-georgia\/accidente-automovilistico\/coberturas-de-seguros-de-vehiculo-en-georgia\/","og_site_name":"CEO Lawyer","article_modified_time":"2026-03-18T18:11:19+00:00","og_image":[{"width":500,"height":333,"url":"https:\/\/ceolawyer.com\/espanol\/wp-content\/uploads\/sites\/2\/2024\/04\/Coberturas-de-seguros-de-vehiculo-en-Georgia.webp","type":"image\/webp"}],"twitter_card":"summary_large_image","twitter_misc":{"Est. reading time":"6 minutes"},"schema":{"@context":"https:\/\/schema.org","@graph":[{"@type":"WebPage","@id":"https:\/\/ceolawyer.com\/espanol\/faq\/ley-de-georgia\/accidente-automovilistico\/coberturas-de-seguros-de-vehiculo-en-georgia\/","url":"https:\/\/ceolawyer.com\/espanol\/faq\/ley-de-georgia\/accidente-automovilistico\/coberturas-de-seguros-de-vehiculo-en-georgia\/","name":"Coberturas de seguros de veh\u00edculo en Georgia | CEO Lawyer","isPartOf":{"@id":"https:\/\/ceolawyer.com\/espanol\/#website"},"primaryImageOfPage":{"@id":"https:\/\/ceolawyer.com\/espanol\/faq\/ley-de-georgia\/accidente-automovilistico\/coberturas-de-seguros-de-vehiculo-en-georgia\/#primaryimage"},"image":{"@id":"https:\/\/ceolawyer.com\/espanol\/faq\/ley-de-georgia\/accidente-automovilistico\/coberturas-de-seguros-de-vehiculo-en-georgia\/#primaryimage"},"thumbnailUrl":"https:\/\/ceolawyer.com\/espanol\/wp-content\/uploads\/sites\/2\/2024\/04\/Coberturas-de-seguros-de-vehiculo-en-Georgia.webp","datePublished":"2024-04-24T17:41:26+00:00","dateModified":"2026-03-18T18:11:19+00:00","description":"Aseg\u00farese de tener la cobertura de seguro de autom\u00f3vil adecuada en Georgia. The CEO Lawyer Personal Injury law Firm ofrece consultas GRATUITAS al 888-307-3792.","breadcrumb":{"@id":"https:\/\/ceolawyer.com\/espanol\/faq\/ley-de-georgia\/accidente-automovilistico\/coberturas-de-seguros-de-vehiculo-en-georgia\/#breadcrumb"},"inLanguage":"en-US","potentialAction":[{"@type":"ReadAction","target":["https:\/\/ceolawyer.com\/espanol\/faq\/ley-de-georgia\/accidente-automovilistico\/coberturas-de-seguros-de-vehiculo-en-georgia\/"]}]},{"@type":"ImageObject","inLanguage":"en-US","@id":"https:\/\/ceolawyer.com\/espanol\/faq\/ley-de-georgia\/accidente-automovilistico\/coberturas-de-seguros-de-vehiculo-en-georgia\/#primaryimage","url":"https:\/\/ceolawyer.com\/espanol\/wp-content\/uploads\/sites\/2\/2024\/04\/Coberturas-de-seguros-de-vehiculo-en-Georgia.webp","contentUrl":"https:\/\/ceolawyer.com\/espanol\/wp-content\/uploads\/sites\/2\/2024\/04\/Coberturas-de-seguros-de-vehiculo-en-Georgia.webp","width":500,"height":333,"caption":"Un accidente entre varios veh\u00edculos en medio de una carretera muy transitada."},{"@type":"BreadcrumbList","@id":"https:\/\/ceolawyer.com\/espanol\/faq\/ley-de-georgia\/accidente-automovilistico\/coberturas-de-seguros-de-vehiculo-en-georgia\/#breadcrumb","itemListElement":[{"@type":"ListItem","position":1,"name":"Home","item":"https:\/\/ceolawyer.com\/espanol\/"},{"@type":"ListItem","position":2,"name":"FAQ","item":"https:\/\/ceolawyer.com\/espanol\/faq\/"},{"@type":"ListItem","position":3,"name":"Lesiones personales en Georgia FAQ","item":"https:\/\/ceolawyer.com\/espanol\/faq\/ley-de-georgia\/"},{"@type":"ListItem","position":4,"name":"Coberturas de seguros de veh\u00edculo en Georgia"}]},{"@type":"WebSite","@id":"https:\/\/ceolawyer.com\/espanol\/#website","url":"https:\/\/ceolawyer.com\/espanol\/","name":"CEO Lawyer","description":"Personal Injury Attorney","publisher":{"@id":"https:\/\/ceolawyer.com\/espanol\/#organization"},"potentialAction":[{"@type":"SearchAction","target":{"@type":"EntryPoint","urlTemplate":"https:\/\/ceolawyer.com\/espanol\/?s={search_term_string}"},"query-input":{"@type":"PropertyValueSpecification","valueRequired":true,"valueName":"search_term_string"}}],"inLanguage":"en-US"},{"@type":"Organization","@id":"https:\/\/ceolawyer.com\/espanol\/#organization","name":"CEO Lawyer","url":"https:\/\/ceolawyer.com\/espanol\/","logo":{"@type":"ImageObject","inLanguage":"en-US","@id":"https:\/\/ceolawyer.com\/espanol\/#\/schema\/logo\/image\/","url":"https:\/\/ceolawyer.com\/espanol\/wp-content\/uploads\/sites\/2\/2022\/05\/CEO_Logo.png","contentUrl":"https:\/\/ceolawyer.com\/espanol\/wp-content\/uploads\/sites\/2\/2022\/05\/CEO_Logo.png","width":200,"height":108,"caption":"CEO Lawyer"},"image":{"@id":"https:\/\/ceolawyer.com\/espanol\/#\/schema\/logo\/image\/"}}]}},"_links":{"self":[{"href":"https:\/\/ceolawyer.com\/espanol\/wp-json\/wp\/v2\/pages\/11797","targetHints":{"allow":["GET"]}}],"collection":[{"href":"https:\/\/ceolawyer.com\/espanol\/wp-json\/wp\/v2\/pages"}],"about":[{"href":"https:\/\/ceolawyer.com\/espanol\/wp-json\/wp\/v2\/types\/page"}],"author":[{"embeddable":true,"href":"https:\/\/ceolawyer.com\/espanol\/wp-json\/wp\/v2\/users\/18"}],"replies":[{"embeddable":true,"href":"https:\/\/ceolawyer.com\/espanol\/wp-json\/wp\/v2\/comments?post=11797"}],"version-history":[{"count":0,"href":"https:\/\/ceolawyer.com\/espanol\/wp-json\/wp\/v2\/pages\/11797\/revisions"}],"up":[{"embeddable":true,"href":"https:\/\/ceolawyer.com\/espanol\/wp-json\/wp\/v2\/pages\/13289"}],"wp:featuredmedia":[{"embeddable":true,"href":"https:\/\/ceolawyer.com\/espanol\/wp-json\/wp\/v2\/media\/11799"}],"wp:attachment":[{"href":"https:\/\/ceolawyer.com\/espanol\/wp-json\/wp\/v2\/media?parent=11797"}],"curies":[{"name":"wp","href":"https:\/\/api.w.org\/{rel}","templated":true}]}}