{"id":11836,"date":"2024-04-24T18:53:34","date_gmt":"2024-04-24T18:53:34","guid":{"rendered":"https:\/\/ceolawyer.com\/espanol\/?page_id=11836"},"modified":"2026-03-18T18:45:21","modified_gmt":"2026-03-18T18:45:21","slug":"si-las-bolsas-de-aire-airbags-del-carro-no-se-despliegan-en-un-accidente-automovilistico-el-fabricante-tiene-alguna-responsabilidad","status":"publish","type":"page","link":"https:\/\/ceolawyer.com\/espanol\/faq\/ley-de-georgia\/accidente-automovilistico\/si-las-bolsas-de-aire-airbags-del-carro-no-se-despliegan-en-un-accidente-automovilistico-el-fabricante-tiene-alguna-responsabilidad\/","title":{"rendered":"\u00bfSi las bolsas de aire (Airbags) del carro no se despliegan en un accidente automovil\u00edstico, el fabricante tiene alguna responsabilidad?"},"content":{"rendered":"<p><img decoding=\"async\" class=\"alignright size-full wp-image-11838\" src=\"https:\/\/ceolawyer.com\/espanol\/wp-content\/uploads\/sites\/2\/2024\/04\/Si-las-bolsas-de-aire-Airbags-del-carro-no-se-despliegan-en-un-accidente-automovilistico-el-fabricante-tiene-alguna-responsabilidad.webp\" alt=\"La parte delantera de un autom\u00f3vil blanco rayada y abollada despu\u00e9s de un accidente a baja velocidad en una carretera de la ciudad.\" width=\"500\" height=\"333\" srcset=\"https:\/\/ceolawyer.com\/espanol\/wp-content\/uploads\/sites\/2\/2024\/04\/Si-las-bolsas-de-aire-Airbags-del-carro-no-se-despliegan-en-un-accidente-automovilistico-el-fabricante-tiene-alguna-responsabilidad.webp 500w, https:\/\/ceolawyer.com\/espanol\/wp-content\/uploads\/sites\/2\/2024\/04\/Si-las-bolsas-de-aire-Airbags-del-carro-no-se-despliegan-en-un-accidente-automovilistico-el-fabricante-tiene-alguna-responsabilidad-300x200.webp 300w\" sizes=\"(max-width: 500px) 100vw, 500px\" \/>Si las bolsas de aire no se despliegan cuando ocurre un accidente de tr\u00e1nsito el fabricante del autom\u00f3vil podr\u00eda ser responsable por los da\u00f1os ocasionados. Esta situaci\u00f3n se podr\u00eda considerar como un caso \u201csencillo de resolver\u201d, sin embargo, existen unas excepciones y no siempre se garantiza que en todos los casos el fabricante pueda ser declarado responsable.<\/p>\n<p>Que las bolsas de aire no se desplieguen, puede conllevar innumerables razones y algunas de estas no ser\u00e1n responsabilidad del fabricante.<\/p>\n<h2>\u00bfLas bolsas de aire siempre se despliegan en los accidentes de tr\u00e1nsito?<\/h2>\n<p>\u00bfSe puede asegurar que las bolsas de aire se desplegar\u00e1n en cualquier tipo de accidente? La respuesta es \u201cNo.\u201d<\/p>\n<p>De acuerdo con la Administraci\u00f3n Nacional de Seguridad del Tr\u00e1fico en las Carreteras de Estados Unidos (NHTSA sigla en ingl\u00e9s), hay varios casos en los que los airbags o bolsas de aire no se desplegar\u00e1n durante un accidente de tr\u00e1nsito. Puede que estos no se activen si el accidente no tiene el suficiente impacto.<\/p>\n<p>As\u00ed mismo, es posible que los componentes electr\u00f3nicos del autom\u00f3vil eviten que se desplieguen las bolsas de aire, como sucede en ocasiones cuando estos detectan el cintur\u00f3n de seguridad, el cual tiene como fin brindar la mayor protecci\u00f3n al conductor y a los pasajeros del veh\u00edculo.<\/p>\n<h2>El pasajero equivocado iba en el puesto de adelante<\/h2>\n<p>\u00bfAlguna vez ha sido el pasajero en la parte de adelante de un veh\u00edculo y noto que la luz de \u201cairbag\u201d del pasajero estaba encendida en el tablero? Esta luz va a determinar en un 100% si la bolsa de aire se va a desplegar o no.<\/p>\n<p>Si el autom\u00f3vil no detecta a nadie sentado, detecta que hay un ni\u00f1o o una persona que no pesa lo suficiente como para activar la bolsa de aire del pasajero, no se activar\u00e1. Es por esto, que el lugar m\u00e1s seguro para un ni\u00f1o al interior de un veh\u00edculo es el puesto de atr\u00e1s, sentado en una silla de seguridad para ni\u00f1os.<\/p>\n<p>Tambi\u00e9n, podr\u00e1 leer las indicaciones del fabricante sobre la forma correcta de asegurar esta silla en la parte trasera del veh\u00edculo. En ese orden de ideas, si el puesto de adelante est\u00e1 ocupado por un ni\u00f1o, un adulto de bajo peso o un perro peque\u00f1o, lo m\u00e1s probable es que la bolsa de aire del pasajero no se active.<\/p>\n<h2>La bolsa de aire ya se hab\u00eda activado en el pasado y no fue reemplazada correctamente<\/h2>\n<p>Si la bolsa de aire se activ\u00f3 en el pasado y no fue reemplazada correctamente, puede que esta no se active. Por otro lado, si hay alg\u00fan defecto con la bolsa de aire del veh\u00edculo y el fabricante considera que esta debe ser reemplazada, pero el due\u00f1o del veh\u00edculo no sigue la recomendaci\u00f3n del fabricante de cambiar la bolsa y se ve involucrado en un accidente, es posible que esta no se despliegue.<\/p>\n<p>As\u00ed mismo, si el veh\u00edculo estuvo involucrado en un accidente y posterior a \u00e9l no se reemplaz\u00f3 ni se verific\u00f3 la viabilidad de esa bolsa de aire que no fue utilizada, puede que esa \u201cbolsa de aire antigua\u201d no se active si el veh\u00edculo est\u00e1 involucrado en otro accidente en el futuro.<\/p>\n<h2>El concesionario o el taller ha instalado un interruptor de ENCENDIDO- APAGADO en el autom\u00f3vil<\/h2>\n<p>Esto no es tan com\u00fan, pero un concesionario o taller autorizado puede instalar un interruptor de Encendido-Apagado para las bolsas de aire del carro con previa autorizaci\u00f3n de la Administraci\u00f3n Nacional de Seguridad del Tr\u00e1fico en las Carreteras de Estados Unidos (NHTSA). Existen unas reglas para poder instalar este interruptor, por ejemplo: si el conductor tiene una condici\u00f3n m\u00e9dica que se puede ver afectada si las bolsas de aire llegar\u00e1n a activarse; si el conductor no puede mantener una distancia de 10 pulgadas (25.4 cm) entre su pecho y el volante, etc.<\/p>\n<p>Cualquier persona que cumpla con los requisitos para tener el interruptor que inhabilita que se activen las bolsas de aire puede solicitarlo, pero deber\u00e1 firmar un documento indicando que conoce los riesgos que conlleva tener dicho interruptor en su veh\u00edculo, pues, con este no tendr\u00e1 la protecci\u00f3n de la bolsa de aire en caso de estar involucrado en un accidente automovil\u00edstico. Si usted tiene un interruptor de Encendido &#8211; Apagado para la bolsa de aire aprobado por la NHTSA, lo apaga y est\u00e1 involucrado en un accidente automovil\u00edstico y sufre lesiones graves, no hay ning\u00fan recurso para responsabilizar al fabricante debido a que usted fue quien decidi\u00f3 apagar el interruptor.<\/p>\n<h2>Las bolsas de aire de su carro no se desplegar\u00e1n si no son originales!<\/h2>\n<p>Aunque no es tan com\u00fan encontrarse con una bolsa de aire falsa (no original), existen casos. Algunos fabricantes de autom\u00f3viles o concesionarios de segunda mano negligentes, han instalado bolsas de aire falsas o falsificadas en diferentes veh\u00edculos en el pa\u00eds.<\/p>\n<p>Esto ocurre en menos del 0.1 % de los autom\u00f3viles que hay en Estados Unidos. Sin embargo, en los casos en los que esto ha sucedido, estas bolsas de aire han llegado a fallar, explotar y hasta expulsar metales afilados cuando han sido activadas, hiriendo a las personas involucradas en el accidente automovil\u00edstico.<\/p>\n<p>Si usted cree que los airbags en su carro no son originales, es f\u00e1cil hacerlos revisar en un concesionario o taller confiable. Esto no es una preocupaci\u00f3n tan grande, pero puede ser un motivo por el cual las bolsas de aire no se activen y puede que no sea culpa del fabricante si llegase a ocurrir.<\/p>\n<p>Cuando usted sufra de una lesi\u00f3n grave fruto de un accidente automovil\u00edstico, ll\u00e1menos a <a href=\"https:\/\/ceolawyer.com\/\">CEO Lawyer Personal Injury Law Firm<\/a>. Estamos aqu\u00ed para usted y lo ayudaremos a obtener la recuperaci\u00f3n que se merece.<\/p>\n<p>Le daremos tranquilidad al saber que est\u00e1 siendo escuchado y le conseguiremos la compensaci\u00f3n que merece como resultado de haber sufrido lesiones debido a las acciones de terceros. Si ha sufrido una p\u00e9rdida con una bolsa de aire en un accidente, llame a nuestro equipo de abogados especializado en lesiones y accidentes al n\u00famero <strong><a href=\"tel:+18883073792\">(888) 307-3792<\/a>.<\/strong><\/p>\n","protected":false},"excerpt":{"rendered":"<p>Si las bolsas de aire no se despliegan cuando ocurre un accidente de tr\u00e1nsito el fabricante del autom\u00f3vil podr\u00eda ser responsable por los da\u00f1os ocasionados. Esta situaci\u00f3n se podr\u00eda considerar como un caso \u201csencillo de resolver\u201d, sin embargo, existen unas excepciones y no siempre se garantiza que en todos los casos el fabricante pueda ser [&hellip;]<\/p>\n","protected":false},"author":18,"featured_media":11838,"parent":13289,"menu_order":0,"comment_status":"closed","ping_status":"closed","template":"","meta":{"_acf_changed":false,"footnotes":""},"class_list":["post-11836","page","type-page","status-publish","has-post-thumbnail","hentry"],"acf":[],"yoast_head":"<!-- This site is optimized with the Yoast SEO plugin v27.4 - https:\/\/yoast.com\/product\/yoast-seo-wordpress\/ -->\n<title>\u00bfEl Fabricante es Responsable si el Airbag no se Despliega? | CEO Lawyer<\/title>\n<meta name=\"description\" content=\"Si sus bolsas de aire no se desplegaron en un accidente automovil\u00edstico, comun\u00edquese con The CEO Lawyer Personal Injury Law Firm. Llame hoy al 888-307-3792.\" \/>\n<meta name=\"robots\" content=\"index, follow, max-snippet:-1, max-image-preview:large, max-video-preview:-1\" \/>\n<link rel=\"canonical\" href=\"https:\/\/ceolawyer.com\/espanol\/faq\/ley-de-georgia\/accidente-automovilistico\/si-las-bolsas-de-aire-airbags-del-carro-no-se-despliegan-en-un-accidente-automovilistico-el-fabricante-tiene-alguna-responsabilidad\/\" \/>\n<meta property=\"og:locale\" content=\"en_US\" \/>\n<meta property=\"og:type\" content=\"article\" \/>\n<meta property=\"og:title\" content=\"\u00bfEl Fabricante es Responsable si el Airbag no se Despliega? | CEO Lawyer\" \/>\n<meta property=\"og:description\" content=\"Si sus bolsas de aire no se desplegaron en un accidente automovil\u00edstico, comun\u00edquese con The CEO Lawyer Personal Injury Law Firm. Llame hoy al 888-307-3792.\" \/>\n<meta property=\"og:url\" content=\"https:\/\/ceolawyer.com\/espanol\/faq\/ley-de-georgia\/accidente-automovilistico\/si-las-bolsas-de-aire-airbags-del-carro-no-se-despliegan-en-un-accidente-automovilistico-el-fabricante-tiene-alguna-responsabilidad\/\" \/>\n<meta property=\"og:site_name\" content=\"CEO Lawyer\" \/>\n<meta property=\"article:modified_time\" content=\"2026-03-18T18:45:21+00:00\" \/>\n<meta property=\"og:image\" content=\"https:\/\/ceolawyer.com\/espanol\/wp-content\/uploads\/sites\/2\/2024\/04\/Si-las-bolsas-de-aire-Airbags-del-carro-no-se-despliegan-en-un-accidente-automovilistico-el-fabricante-tiene-alguna-responsabilidad.webp\" \/>\n\t<meta property=\"og:image:width\" content=\"500\" \/>\n\t<meta property=\"og:image:height\" content=\"333\" \/>\n\t<meta property=\"og:image:type\" content=\"image\/webp\" \/>\n<meta name=\"twitter:card\" content=\"summary_large_image\" \/>\n<meta name=\"twitter:label1\" content=\"Est. reading time\" \/>\n\t<meta name=\"twitter:data1\" content=\"5 minutes\" \/>\n<script type=\"application\/ld+json\" class=\"yoast-schema-graph\">{\"@context\":\"https:\\\/\\\/schema.org\",\"@graph\":[{\"@type\":\"WebPage\",\"@id\":\"https:\\\/\\\/ceolawyer.com\\\/espanol\\\/faq\\\/ley-de-georgia\\\/accidente-automovilistico\\\/si-las-bolsas-de-aire-airbags-del-carro-no-se-despliegan-en-un-accidente-automovilistico-el-fabricante-tiene-alguna-responsabilidad\\\/\",\"url\":\"https:\\\/\\\/ceolawyer.com\\\/espanol\\\/faq\\\/ley-de-georgia\\\/accidente-automovilistico\\\/si-las-bolsas-de-aire-airbags-del-carro-no-se-despliegan-en-un-accidente-automovilistico-el-fabricante-tiene-alguna-responsabilidad\\\/\",\"name\":\"\u00bfEl Fabricante es Responsable si el Airbag no se Despliega? | CEO Lawyer\",\"isPartOf\":{\"@id\":\"https:\\\/\\\/ceolawyer.com\\\/espanol\\\/#website\"},\"primaryImageOfPage\":{\"@id\":\"https:\\\/\\\/ceolawyer.com\\\/espanol\\\/faq\\\/ley-de-georgia\\\/accidente-automovilistico\\\/si-las-bolsas-de-aire-airbags-del-carro-no-se-despliegan-en-un-accidente-automovilistico-el-fabricante-tiene-alguna-responsabilidad\\\/#primaryimage\"},\"image\":{\"@id\":\"https:\\\/\\\/ceolawyer.com\\\/espanol\\\/faq\\\/ley-de-georgia\\\/accidente-automovilistico\\\/si-las-bolsas-de-aire-airbags-del-carro-no-se-despliegan-en-un-accidente-automovilistico-el-fabricante-tiene-alguna-responsabilidad\\\/#primaryimage\"},\"thumbnailUrl\":\"https:\\\/\\\/ceolawyer.com\\\/espanol\\\/wp-content\\\/uploads\\\/sites\\\/2\\\/2024\\\/04\\\/Si-las-bolsas-de-aire-Airbags-del-carro-no-se-despliegan-en-un-accidente-automovilistico-el-fabricante-tiene-alguna-responsabilidad.webp\",\"datePublished\":\"2024-04-24T18:53:34+00:00\",\"dateModified\":\"2026-03-18T18:45:21+00:00\",\"description\":\"Si sus bolsas de aire no se desplegaron en un accidente automovil\u00edstico, comun\u00edquese con The CEO Lawyer Personal Injury Law Firm. Llame hoy al 888-307-3792.\",\"breadcrumb\":{\"@id\":\"https:\\\/\\\/ceolawyer.com\\\/espanol\\\/faq\\\/ley-de-georgia\\\/accidente-automovilistico\\\/si-las-bolsas-de-aire-airbags-del-carro-no-se-despliegan-en-un-accidente-automovilistico-el-fabricante-tiene-alguna-responsabilidad\\\/#breadcrumb\"},\"inLanguage\":\"en-US\",\"potentialAction\":[{\"@type\":\"ReadAction\",\"target\":[\"https:\\\/\\\/ceolawyer.com\\\/espanol\\\/faq\\\/ley-de-georgia\\\/accidente-automovilistico\\\/si-las-bolsas-de-aire-airbags-del-carro-no-se-despliegan-en-un-accidente-automovilistico-el-fabricante-tiene-alguna-responsabilidad\\\/\"]}]},{\"@type\":\"ImageObject\",\"inLanguage\":\"en-US\",\"@id\":\"https:\\\/\\\/ceolawyer.com\\\/espanol\\\/faq\\\/ley-de-georgia\\\/accidente-automovilistico\\\/si-las-bolsas-de-aire-airbags-del-carro-no-se-despliegan-en-un-accidente-automovilistico-el-fabricante-tiene-alguna-responsabilidad\\\/#primaryimage\",\"url\":\"https:\\\/\\\/ceolawyer.com\\\/espanol\\\/wp-content\\\/uploads\\\/sites\\\/2\\\/2024\\\/04\\\/Si-las-bolsas-de-aire-Airbags-del-carro-no-se-despliegan-en-un-accidente-automovilistico-el-fabricante-tiene-alguna-responsabilidad.webp\",\"contentUrl\":\"https:\\\/\\\/ceolawyer.com\\\/espanol\\\/wp-content\\\/uploads\\\/sites\\\/2\\\/2024\\\/04\\\/Si-las-bolsas-de-aire-Airbags-del-carro-no-se-despliegan-en-un-accidente-automovilistico-el-fabricante-tiene-alguna-responsabilidad.webp\",\"width\":500,\"height\":333,\"caption\":\"La parte delantera de un autom\u00f3vil blanco rayada y abollada despu\u00e9s de un accidente a baja velocidad en una carretera de la ciudad.\"},{\"@type\":\"BreadcrumbList\",\"@id\":\"https:\\\/\\\/ceolawyer.com\\\/espanol\\\/faq\\\/ley-de-georgia\\\/accidente-automovilistico\\\/si-las-bolsas-de-aire-airbags-del-carro-no-se-despliegan-en-un-accidente-automovilistico-el-fabricante-tiene-alguna-responsabilidad\\\/#breadcrumb\",\"itemListElement\":[{\"@type\":\"ListItem\",\"position\":1,\"name\":\"Home\",\"item\":\"https:\\\/\\\/ceolawyer.com\\\/espanol\\\/\"},{\"@type\":\"ListItem\",\"position\":2,\"name\":\"FAQ\",\"item\":\"https:\\\/\\\/ceolawyer.com\\\/espanol\\\/faq\\\/\"},{\"@type\":\"ListItem\",\"position\":3,\"name\":\"Lesiones personales en Georgia FAQ\",\"item\":\"https:\\\/\\\/ceolawyer.com\\\/espanol\\\/faq\\\/ley-de-georgia\\\/\"},{\"@type\":\"ListItem\",\"position\":4,\"name\":\"\u00bfSi las bolsas de aire (Airbags) del carro no se despliegan en un accidente automovil\u00edstico, el fabricante tiene alguna responsabilidad?\"}]},{\"@type\":\"WebSite\",\"@id\":\"https:\\\/\\\/ceolawyer.com\\\/espanol\\\/#website\",\"url\":\"https:\\\/\\\/ceolawyer.com\\\/espanol\\\/\",\"name\":\"CEO Lawyer\",\"description\":\"Personal Injury Attorney\",\"publisher\":{\"@id\":\"https:\\\/\\\/ceolawyer.com\\\/espanol\\\/#organization\"},\"potentialAction\":[{\"@type\":\"SearchAction\",\"target\":{\"@type\":\"EntryPoint\",\"urlTemplate\":\"https:\\\/\\\/ceolawyer.com\\\/espanol\\\/?s={search_term_string}\"},\"query-input\":{\"@type\":\"PropertyValueSpecification\",\"valueRequired\":true,\"valueName\":\"search_term_string\"}}],\"inLanguage\":\"en-US\"},{\"@type\":\"Organization\",\"@id\":\"https:\\\/\\\/ceolawyer.com\\\/espanol\\\/#organization\",\"name\":\"CEO Lawyer\",\"url\":\"https:\\\/\\\/ceolawyer.com\\\/espanol\\\/\",\"logo\":{\"@type\":\"ImageObject\",\"inLanguage\":\"en-US\",\"@id\":\"https:\\\/\\\/ceolawyer.com\\\/espanol\\\/#\\\/schema\\\/logo\\\/image\\\/\",\"url\":\"https:\\\/\\\/ceolawyer.com\\\/espanol\\\/wp-content\\\/uploads\\\/sites\\\/2\\\/2022\\\/05\\\/CEO_Logo.png\",\"contentUrl\":\"https:\\\/\\\/ceolawyer.com\\\/espanol\\\/wp-content\\\/uploads\\\/sites\\\/2\\\/2022\\\/05\\\/CEO_Logo.png\",\"width\":200,\"height\":108,\"caption\":\"CEO Lawyer\"},\"image\":{\"@id\":\"https:\\\/\\\/ceolawyer.com\\\/espanol\\\/#\\\/schema\\\/logo\\\/image\\\/\"}}]}<\/script>\n<!-- \/ Yoast SEO plugin. -->","yoast_head_json":{"title":"\u00bfEl Fabricante es Responsable si el Airbag no se Despliega? | CEO Lawyer","description":"Si sus bolsas de aire no se desplegaron en un accidente automovil\u00edstico, comun\u00edquese con The CEO Lawyer Personal Injury Law Firm. Llame hoy al 888-307-3792.","robots":{"index":"index","follow":"follow","max-snippet":"max-snippet:-1","max-image-preview":"max-image-preview:large","max-video-preview":"max-video-preview:-1"},"canonical":"https:\/\/ceolawyer.com\/espanol\/faq\/ley-de-georgia\/accidente-automovilistico\/si-las-bolsas-de-aire-airbags-del-carro-no-se-despliegan-en-un-accidente-automovilistico-el-fabricante-tiene-alguna-responsabilidad\/","og_locale":"en_US","og_type":"article","og_title":"\u00bfEl Fabricante es Responsable si el Airbag no se Despliega? | CEO Lawyer","og_description":"Si sus bolsas de aire no se desplegaron en un accidente automovil\u00edstico, comun\u00edquese con The CEO Lawyer Personal Injury Law Firm. Llame hoy al 888-307-3792.","og_url":"https:\/\/ceolawyer.com\/espanol\/faq\/ley-de-georgia\/accidente-automovilistico\/si-las-bolsas-de-aire-airbags-del-carro-no-se-despliegan-en-un-accidente-automovilistico-el-fabricante-tiene-alguna-responsabilidad\/","og_site_name":"CEO Lawyer","article_modified_time":"2026-03-18T18:45:21+00:00","og_image":[{"width":500,"height":333,"url":"https:\/\/ceolawyer.com\/espanol\/wp-content\/uploads\/sites\/2\/2024\/04\/Si-las-bolsas-de-aire-Airbags-del-carro-no-se-despliegan-en-un-accidente-automovilistico-el-fabricante-tiene-alguna-responsabilidad.webp","type":"image\/webp"}],"twitter_card":"summary_large_image","twitter_misc":{"Est. reading time":"5 minutes"},"schema":{"@context":"https:\/\/schema.org","@graph":[{"@type":"WebPage","@id":"https:\/\/ceolawyer.com\/espanol\/faq\/ley-de-georgia\/accidente-automovilistico\/si-las-bolsas-de-aire-airbags-del-carro-no-se-despliegan-en-un-accidente-automovilistico-el-fabricante-tiene-alguna-responsabilidad\/","url":"https:\/\/ceolawyer.com\/espanol\/faq\/ley-de-georgia\/accidente-automovilistico\/si-las-bolsas-de-aire-airbags-del-carro-no-se-despliegan-en-un-accidente-automovilistico-el-fabricante-tiene-alguna-responsabilidad\/","name":"\u00bfEl Fabricante es Responsable si el Airbag no se Despliega? | CEO Lawyer","isPartOf":{"@id":"https:\/\/ceolawyer.com\/espanol\/#website"},"primaryImageOfPage":{"@id":"https:\/\/ceolawyer.com\/espanol\/faq\/ley-de-georgia\/accidente-automovilistico\/si-las-bolsas-de-aire-airbags-del-carro-no-se-despliegan-en-un-accidente-automovilistico-el-fabricante-tiene-alguna-responsabilidad\/#primaryimage"},"image":{"@id":"https:\/\/ceolawyer.com\/espanol\/faq\/ley-de-georgia\/accidente-automovilistico\/si-las-bolsas-de-aire-airbags-del-carro-no-se-despliegan-en-un-accidente-automovilistico-el-fabricante-tiene-alguna-responsabilidad\/#primaryimage"},"thumbnailUrl":"https:\/\/ceolawyer.com\/espanol\/wp-content\/uploads\/sites\/2\/2024\/04\/Si-las-bolsas-de-aire-Airbags-del-carro-no-se-despliegan-en-un-accidente-automovilistico-el-fabricante-tiene-alguna-responsabilidad.webp","datePublished":"2024-04-24T18:53:34+00:00","dateModified":"2026-03-18T18:45:21+00:00","description":"Si sus bolsas de aire no se desplegaron en un accidente automovil\u00edstico, comun\u00edquese con The CEO Lawyer Personal Injury Law Firm. Llame hoy al 888-307-3792.","breadcrumb":{"@id":"https:\/\/ceolawyer.com\/espanol\/faq\/ley-de-georgia\/accidente-automovilistico\/si-las-bolsas-de-aire-airbags-del-carro-no-se-despliegan-en-un-accidente-automovilistico-el-fabricante-tiene-alguna-responsabilidad\/#breadcrumb"},"inLanguage":"en-US","potentialAction":[{"@type":"ReadAction","target":["https:\/\/ceolawyer.com\/espanol\/faq\/ley-de-georgia\/accidente-automovilistico\/si-las-bolsas-de-aire-airbags-del-carro-no-se-despliegan-en-un-accidente-automovilistico-el-fabricante-tiene-alguna-responsabilidad\/"]}]},{"@type":"ImageObject","inLanguage":"en-US","@id":"https:\/\/ceolawyer.com\/espanol\/faq\/ley-de-georgia\/accidente-automovilistico\/si-las-bolsas-de-aire-airbags-del-carro-no-se-despliegan-en-un-accidente-automovilistico-el-fabricante-tiene-alguna-responsabilidad\/#primaryimage","url":"https:\/\/ceolawyer.com\/espanol\/wp-content\/uploads\/sites\/2\/2024\/04\/Si-las-bolsas-de-aire-Airbags-del-carro-no-se-despliegan-en-un-accidente-automovilistico-el-fabricante-tiene-alguna-responsabilidad.webp","contentUrl":"https:\/\/ceolawyer.com\/espanol\/wp-content\/uploads\/sites\/2\/2024\/04\/Si-las-bolsas-de-aire-Airbags-del-carro-no-se-despliegan-en-un-accidente-automovilistico-el-fabricante-tiene-alguna-responsabilidad.webp","width":500,"height":333,"caption":"La parte delantera de un autom\u00f3vil blanco rayada y abollada despu\u00e9s de un accidente a baja velocidad en una carretera de la ciudad."},{"@type":"BreadcrumbList","@id":"https:\/\/ceolawyer.com\/espanol\/faq\/ley-de-georgia\/accidente-automovilistico\/si-las-bolsas-de-aire-airbags-del-carro-no-se-despliegan-en-un-accidente-automovilistico-el-fabricante-tiene-alguna-responsabilidad\/#breadcrumb","itemListElement":[{"@type":"ListItem","position":1,"name":"Home","item":"https:\/\/ceolawyer.com\/espanol\/"},{"@type":"ListItem","position":2,"name":"FAQ","item":"https:\/\/ceolawyer.com\/espanol\/faq\/"},{"@type":"ListItem","position":3,"name":"Lesiones personales en Georgia FAQ","item":"https:\/\/ceolawyer.com\/espanol\/faq\/ley-de-georgia\/"},{"@type":"ListItem","position":4,"name":"\u00bfSi las bolsas de aire (Airbags) del carro no se despliegan en un accidente automovil\u00edstico, el fabricante tiene alguna responsabilidad?"}]},{"@type":"WebSite","@id":"https:\/\/ceolawyer.com\/espanol\/#website","url":"https:\/\/ceolawyer.com\/espanol\/","name":"CEO Lawyer","description":"Personal Injury Attorney","publisher":{"@id":"https:\/\/ceolawyer.com\/espanol\/#organization"},"potentialAction":[{"@type":"SearchAction","target":{"@type":"EntryPoint","urlTemplate":"https:\/\/ceolawyer.com\/espanol\/?s={search_term_string}"},"query-input":{"@type":"PropertyValueSpecification","valueRequired":true,"valueName":"search_term_string"}}],"inLanguage":"en-US"},{"@type":"Organization","@id":"https:\/\/ceolawyer.com\/espanol\/#organization","name":"CEO Lawyer","url":"https:\/\/ceolawyer.com\/espanol\/","logo":{"@type":"ImageObject","inLanguage":"en-US","@id":"https:\/\/ceolawyer.com\/espanol\/#\/schema\/logo\/image\/","url":"https:\/\/ceolawyer.com\/espanol\/wp-content\/uploads\/sites\/2\/2022\/05\/CEO_Logo.png","contentUrl":"https:\/\/ceolawyer.com\/espanol\/wp-content\/uploads\/sites\/2\/2022\/05\/CEO_Logo.png","width":200,"height":108,"caption":"CEO Lawyer"},"image":{"@id":"https:\/\/ceolawyer.com\/espanol\/#\/schema\/logo\/image\/"}}]}},"_links":{"self":[{"href":"https:\/\/ceolawyer.com\/espanol\/wp-json\/wp\/v2\/pages\/11836","targetHints":{"allow":["GET"]}}],"collection":[{"href":"https:\/\/ceolawyer.com\/espanol\/wp-json\/wp\/v2\/pages"}],"about":[{"href":"https:\/\/ceolawyer.com\/espanol\/wp-json\/wp\/v2\/types\/page"}],"author":[{"embeddable":true,"href":"https:\/\/ceolawyer.com\/espanol\/wp-json\/wp\/v2\/users\/18"}],"replies":[{"embeddable":true,"href":"https:\/\/ceolawyer.com\/espanol\/wp-json\/wp\/v2\/comments?post=11836"}],"version-history":[{"count":0,"href":"https:\/\/ceolawyer.com\/espanol\/wp-json\/wp\/v2\/pages\/11836\/revisions"}],"up":[{"embeddable":true,"href":"https:\/\/ceolawyer.com\/espanol\/wp-json\/wp\/v2\/pages\/13289"}],"wp:featuredmedia":[{"embeddable":true,"href":"https:\/\/ceolawyer.com\/espanol\/wp-json\/wp\/v2\/media\/11838"}],"wp:attachment":[{"href":"https:\/\/ceolawyer.com\/espanol\/wp-json\/wp\/v2\/media?parent=11836"}],"curies":[{"name":"wp","href":"https:\/\/api.w.org\/{rel}","templated":true}]}}