{"id":11839,"date":"2024-04-24T18:59:09","date_gmt":"2024-04-24T18:59:09","guid":{"rendered":"https:\/\/ceolawyer.com\/espanol\/?page_id=11839"},"modified":"2026-03-18T18:22:06","modified_gmt":"2026-03-18T18:22:06","slug":"estas-involucrado-en-un-accidente-con-un-auto-alquilado-en-georgia-aqui-esta-lo-que-deberias-hacer-a-continuacion","status":"publish","type":"page","link":"https:\/\/ceolawyer.com\/espanol\/faq\/ley-de-georgia\/accidente-automovilistico\/estas-involucrado-en-un-accidente-con-un-auto-alquilado-en-georgia-aqui-esta-lo-que-deberias-hacer-a-continuacion\/","title":{"rendered":"\u00bfEst\u00e1s Involucrado en un accidente con un auto alquilado en Georgia? Aqu\u00ed est\u00e1 lo que deber\u00edas hacer a continuaci\u00f3n"},"content":{"rendered":"<p><img decoding=\"async\" class=\"alignright size-full wp-image-11841\" src=\"https:\/\/ceolawyer.com\/espanol\/wp-content\/uploads\/sites\/2\/2024\/04\/Estas-Involucrado-en-un-accidente-con-un-auto-alquilado-en-Georgia-Aqui-esta-lo-que-deberias-hacer-a-continuacion.webp\" alt=\"La parte delantera arrugada de un coche de alquiler en medio de la carretera despu\u00e9s de un accidente.\" width=\"500\" height=\"333\" srcset=\"https:\/\/ceolawyer.com\/espanol\/wp-content\/uploads\/sites\/2\/2024\/04\/Estas-Involucrado-en-un-accidente-con-un-auto-alquilado-en-Georgia-Aqui-esta-lo-que-deberias-hacer-a-continuacion.webp 500w, https:\/\/ceolawyer.com\/espanol\/wp-content\/uploads\/sites\/2\/2024\/04\/Estas-Involucrado-en-un-accidente-con-un-auto-alquilado-en-Georgia-Aqui-esta-lo-que-deberias-hacer-a-continuacion-300x200.webp 300w\" sizes=\"(max-width: 500px) 100vw, 500px\" \/>Involucrarse en un accidente de auto nunca es una experiencia agradable. Es a\u00fan m\u00e1s desafiante cuando est\u00e1s involucrado en un accidente con un auto alquilado en Georgia.<\/p>\n<p>Las compa\u00f1\u00edas de alquiler de autos son un poco diferentes a la mayor\u00eda cuando se trata de manejar reclamaciones por accidentes automovil\u00edsticos. Tienen su propio seguro que cubre ciertos da\u00f1os y p\u00e9rdidas, pero no siempre es confiable o suficiente para cubrir todas tus lesiones y p\u00e9rdidas.<\/p>\n<p>En CEO Lawyer Personal Injury Law Firm, nuestro experimentado equipo legal sabe c\u00f3mo trabajar con compa\u00f1\u00edas de alquiler de autos para que puedas ser compensado r\u00e1pidamente por todos tus da\u00f1os y p\u00e9rdidas. Si t\u00fa o alguien que conoces estuvo involucrado en un accidente automovil\u00edstico mientras arrendaba o alquilaba un veh\u00edculo, ll\u00e1manos hoy al <a href=\"tel:+18883073792\"><strong>(888) 307-3792<\/strong><\/a> o escr\u00edbenos en l\u00ednea.<\/p>\n<h2>Pasos a seguir despu\u00e9s de un accidente en un auto alquilado<\/h2>\n<p>Un accidente en un auto alquilado puede ser lo suficientemente estresante sin la preocupaci\u00f3n adicional de lo que dir\u00e1 tu compa\u00f1\u00eda de seguros. Aqu\u00ed hay algunos pasos que debes seguir despu\u00e9s de un accidente para garantizar un proceso de reclamo sin problemas:<\/p>\n<h3>Reporta el accidente y busca ayuda m\u00e9dica<\/h3>\n<p>Llama al 911 e informa sobre el accidente. Aseg\u00farate de presentar un informe policial sobre el accidente, lo cual puede ayudar a proteger tus derechos legales en caso de tener problemas en el futuro. Si t\u00fa o cualquier otra persona involucrada en el accidente resulta herida, busca tratamiento m\u00e9dico de inmediato.<\/p>\n<h3>Informa a la compa\u00f1\u00eda de alquiler de autos<\/h3>\n<p>Contacta a tu compa\u00f1\u00eda de alquiler de autos tan pronto como sea posible despu\u00e9s de que ocurra el accidente. Si hay alguna duda sobre qui\u00e9n caus\u00f3 el accidente, es posible que puedas evitar tener que pagar por cualquier da\u00f1o.<\/p>\n<p>Si el otro conductor caus\u00f3 el accidente y no fue tu culpa, entonces es esencial discutir con tu compa\u00f1\u00eda de alquiler de autos cu\u00e1nto del da\u00f1o estar\u00e1 cubierto por tu seguro y cu\u00e1nto deber\u00e1s pagar por tu cuenta.<\/p>\n<p>Es importante tener en cuenta que es posible que no tengas tiempo para esperar a que llegue un representante de la compa\u00f1\u00eda de alquiler al lugar de tu accidente antes de irte. Entonces, incluso si no crees que resultaste gravemente herido, ponte en contacto con ellos lo m\u00e1s pronto posible despu\u00e9s de que ocurra el accidente para que puedan iniciar cualquier procedimiento necesario despu\u00e9s de tu accidente.<\/p>\n<h3>Recopila pruebas<\/h3>\n<p>Toma fotograf\u00edas de la escena del accidente y de tu veh\u00edculo antes de moverlo. Tambi\u00e9n, toma fotos de cualquier da\u00f1o al otro veh\u00edculo o propiedad.<\/p>\n<p>Estas fotos pueden ser \u00fatiles para demostrar lo que sucedi\u00f3 durante un accidente m\u00e1s adelante.<\/p>\n<p>Tr\u00e1talo como cualquier otro accidente; intercambia informaci\u00f3n con el otro conductor. Esto incluye nombres, direcciones, n\u00fameros de tel\u00e9fono, direcciones de correo electr\u00f3nico y n\u00fameros de matr\u00edcula tanto de los conductores como de los veh\u00edculos involucrados en el accidente.<\/p>\n<p>Tambi\u00e9n es crucial que solicites la informaci\u00f3n del seguro del otro conductor.<\/p>\n<p>Obt\u00e9n todo por escrito. Anota lo que sucedi\u00f3 en tus propias palabras y solicita declaraciones por escrito de cualquier persona involucrada en el accidente.<\/p>\n<h3>Contacta a tu aseguradora de autom\u00f3viles<\/h3>\n<p>Tu aseguradora de autom\u00f3viles querr\u00e1 informaci\u00f3n detallada sobre d\u00f3nde y cu\u00e1ndo ocurri\u00f3 el incidente y cu\u00e1nto da\u00f1o sufri\u00f3 tu veh\u00edculo de alquiler. A partir de all\u00ed, un ajustador de reclamaciones se encargar\u00e1 de todo.<\/p>\n<h3>Conserva todos tus documentos<\/h3>\n<p>Aseg\u00farate de guardar todos tus recibos, estimaciones y cualquier otra documentaci\u00f3n relacionada con el incidente. Si hay lesiones o da\u00f1os extensos, necesitar\u00e1s esta informaci\u00f3n si decides emprender acciones legales.<\/p>\n<h2>\u00bfY si eres culpable?<\/h2>\n<p>Si causas un accidente con un auto de alquiler, es necesario saber que el contrato de alquiler puede obligarte a pagar los costos de reparaci\u00f3n o da\u00f1os al veh\u00edculo. Supongamos que alquilas un auto en el aeropuerto y lo conduces sin incidentes.<\/p>\n<p>Pero en el camino a casa, chocas por detr\u00e1s a otro veh\u00edculo en un sem\u00e1foro. El da\u00f1o es leve, pero porque lo causaste, la empresa de alquiler puede considerarte responsable de los da\u00f1os y buscar reembolso a trav\u00e9s de tu tarjeta de cr\u00e9dito o compa\u00f1\u00eda de seguros.<\/p>\n<h2>Cobertura de seguro en el reclamo por accidente de auto de alquiler<\/h2>\n<p>Las empresas de alquiler de autos a menudo exigen a los conductores que compren su propio seguro o acepten la cobertura opcional de la empresa de alquiler. Esto puede funcionar bien para algunas personas, pero es necesario entender las limitaciones de esta cobertura antes de conducir con tu auto de alquiler.<\/p>\n<ul>\n<li>Cobertura por da\u00f1os a tu auto: Si alquilas un veh\u00edculo, tu p\u00f3liza de seguro de auto personal no cubrir\u00e1 los da\u00f1os a ese auto de alquiler. Para estar cubierto por da\u00f1os en un accidente, deber\u00e1s comprar una p\u00f3liza de la empresa de alquiler. Sus tarifas suelen ser muy altas y a menudo incluyen exenciones por da\u00f1os. Si no compras esta cobertura adicional, cualquier da\u00f1o causado al auto ser\u00e1 tu responsabilidad.<\/li>\n<li>Cobertura de Protecci\u00f3n contra Lesiones Personales o PIP: La mayor\u00eda de las p\u00f3lizas de seguro de auto tienen cobertura de Protecci\u00f3n contra Lesiones Personales o PIP. Esto puede cubrir gastos m\u00e9dicos y otros gastos si una persona asegurada resulta herida en un accidente. No cubre da\u00f1os a tu auto de alquiler ni al veh\u00edculo de cualquier otra persona.<\/li>\n<li>La mayor\u00eda de las tarjetas de cr\u00e9dito tambi\u00e9n ofrecen alg\u00fan tipo de cobertura para autos de alquiler si utilizas esa tarjeta para pagar el alquiler. Sin embargo, esta cobertura tiene limitaciones, por lo que es crucial leer detenidamente la letra peque\u00f1a.<\/li>\n<\/ul>\n<h2>Agenda una consulta gratuita y sin compromiso con el Abogado Ali<\/h2>\n<p>Lidiar con un accidente automovil\u00edstico puede ser intimidante y frustrante, especialmente cuando involucra un auto de alquiler. En algunos casos, las empresas de alquiler de autos acuerdan contractualmente proporcionar cobertura para sus clientes.<\/p>\n<p>Adem\u00e1s, si te ves involucrado en un accidente con un veh\u00edculo de alquiler y no puedes demostrar que la empresa de alquiler ofreci\u00f3 tal cobertura, podr\u00edas ser responsable de da\u00f1os que superen los l\u00edmites de tu p\u00f3liza o gastos que debas cubrir personalmente. Las circunstancias de cada caso son \u00fanicas, y es posible que no conozcas qu\u00e9 leyes se aplican a tu demanda.<\/p>\n<p>Permite que un abogado de CEO Lawyer Personal Injury Law Firm, experto en accidentes de autos de alquiler en Atlanta, te brinde claridad y tranquilidad durante este proceso. Nuestros abogados han logrado veredictos y acuerdos de varios millones de d\u00f3lares para nuestros clientes.<\/p>\n<p>Nos comprometemos a ofrecer un nivel de servicio que te permitir\u00e1 centrarte en tu salud y recuperaci\u00f3n, no en las complejidades legales de tu situaci\u00f3n. Llama al abogado Ali hoy al <a href=\"tel:+18883073792\"><strong>(888) 307-3792<\/strong><\/a> o <a href=\"https:\/\/ceolawyer.com\/contact-us\/\">cont\u00e1ctanos en l\u00ednea<\/a> para programar una cita confidencial.<\/p>\n<p>Estamos aqu\u00ed para ayudarte.<\/p>\n","protected":false},"excerpt":{"rendered":"<p>Involucrarse en un accidente de auto nunca es una experiencia agradable. Es a\u00fan m\u00e1s desafiante cuando est\u00e1s involucrado en un accidente con un auto alquilado en Georgia. Las compa\u00f1\u00edas de alquiler de autos son un poco diferentes a la mayor\u00eda cuando se trata de manejar reclamaciones por accidentes automovil\u00edsticos. Tienen su propio seguro que cubre [&hellip;]<\/p>\n","protected":false},"author":18,"featured_media":11841,"parent":13289,"menu_order":0,"comment_status":"closed","ping_status":"closed","template":"","meta":{"_acf_changed":false,"footnotes":""},"class_list":["post-11839","page","type-page","status-publish","has-post-thumbnail","hentry"],"acf":[],"yoast_head":"<!-- This site is optimized with the Yoast SEO plugin v27.5 - https:\/\/yoast.com\/product\/yoast-seo-wordpress\/ -->\n<title>\u00bfQu\u00e9 Hacer si Chocaste un Auto Alquilado en Georgia? | CEO Lawyer<\/title>\n<meta name=\"description\" content=\"Proteja sus derechos despu\u00e9s de un accidente de coche de alquiler en Georgia. Llame hoy a The CEO Lawyer Personal Injury Law Firm al: 888-307-3792.\" \/>\n<meta name=\"robots\" content=\"index, follow, max-snippet:-1, max-image-preview:large, max-video-preview:-1\" \/>\n<link rel=\"canonical\" href=\"https:\/\/ceolawyer.com\/espanol\/faq\/ley-de-georgia\/accidente-automovilistico\/estas-involucrado-en-un-accidente-con-un-auto-alquilado-en-georgia-aqui-esta-lo-que-deberias-hacer-a-continuacion\/\" \/>\n<meta property=\"og:locale\" content=\"en_US\" \/>\n<meta property=\"og:type\" content=\"article\" \/>\n<meta property=\"og:title\" content=\"\u00bfQu\u00e9 Hacer si Chocaste un Auto Alquilado en Georgia? | CEO Lawyer\" \/>\n<meta property=\"og:description\" content=\"Proteja sus derechos despu\u00e9s de un accidente de coche de alquiler en Georgia. Llame hoy a The CEO Lawyer Personal Injury Law Firm al: 888-307-3792.\" \/>\n<meta property=\"og:url\" content=\"https:\/\/ceolawyer.com\/espanol\/faq\/ley-de-georgia\/accidente-automovilistico\/estas-involucrado-en-un-accidente-con-un-auto-alquilado-en-georgia-aqui-esta-lo-que-deberias-hacer-a-continuacion\/\" \/>\n<meta property=\"og:site_name\" content=\"CEO Lawyer\" \/>\n<meta property=\"article:modified_time\" content=\"2026-03-18T18:22:06+00:00\" \/>\n<meta property=\"og:image\" content=\"https:\/\/ceolawyer.com\/espanol\/wp-content\/uploads\/sites\/2\/2024\/04\/Estas-Involucrado-en-un-accidente-con-un-auto-alquilado-en-Georgia-Aqui-esta-lo-que-deberias-hacer-a-continuacion.webp\" \/>\n\t<meta property=\"og:image:width\" content=\"500\" \/>\n\t<meta property=\"og:image:height\" content=\"333\" \/>\n\t<meta property=\"og:image:type\" content=\"image\/webp\" \/>\n<meta name=\"twitter:card\" content=\"summary_large_image\" \/>\n<meta name=\"twitter:label1\" content=\"Est. reading time\" \/>\n\t<meta name=\"twitter:data1\" content=\"6 minutes\" \/>\n<script type=\"application\/ld+json\" class=\"yoast-schema-graph\">{\"@context\":\"https:\\\/\\\/schema.org\",\"@graph\":[{\"@type\":\"WebPage\",\"@id\":\"https:\\\/\\\/ceolawyer.com\\\/espanol\\\/faq\\\/ley-de-georgia\\\/accidente-automovilistico\\\/estas-involucrado-en-un-accidente-con-un-auto-alquilado-en-georgia-aqui-esta-lo-que-deberias-hacer-a-continuacion\\\/\",\"url\":\"https:\\\/\\\/ceolawyer.com\\\/espanol\\\/faq\\\/ley-de-georgia\\\/accidente-automovilistico\\\/estas-involucrado-en-un-accidente-con-un-auto-alquilado-en-georgia-aqui-esta-lo-que-deberias-hacer-a-continuacion\\\/\",\"name\":\"\u00bfQu\u00e9 Hacer si Chocaste un Auto Alquilado en Georgia? | CEO Lawyer\",\"isPartOf\":{\"@id\":\"https:\\\/\\\/ceolawyer.com\\\/espanol\\\/#website\"},\"primaryImageOfPage\":{\"@id\":\"https:\\\/\\\/ceolawyer.com\\\/espanol\\\/faq\\\/ley-de-georgia\\\/accidente-automovilistico\\\/estas-involucrado-en-un-accidente-con-un-auto-alquilado-en-georgia-aqui-esta-lo-que-deberias-hacer-a-continuacion\\\/#primaryimage\"},\"image\":{\"@id\":\"https:\\\/\\\/ceolawyer.com\\\/espanol\\\/faq\\\/ley-de-georgia\\\/accidente-automovilistico\\\/estas-involucrado-en-un-accidente-con-un-auto-alquilado-en-georgia-aqui-esta-lo-que-deberias-hacer-a-continuacion\\\/#primaryimage\"},\"thumbnailUrl\":\"https:\\\/\\\/ceolawyer.com\\\/espanol\\\/wp-content\\\/uploads\\\/sites\\\/2\\\/2024\\\/04\\\/Estas-Involucrado-en-un-accidente-con-un-auto-alquilado-en-Georgia-Aqui-esta-lo-que-deberias-hacer-a-continuacion.webp\",\"datePublished\":\"2024-04-24T18:59:09+00:00\",\"dateModified\":\"2026-03-18T18:22:06+00:00\",\"description\":\"Proteja sus derechos despu\u00e9s de un accidente de coche de alquiler en Georgia. Llame hoy a The CEO Lawyer Personal Injury Law Firm al: 888-307-3792.\",\"breadcrumb\":{\"@id\":\"https:\\\/\\\/ceolawyer.com\\\/espanol\\\/faq\\\/ley-de-georgia\\\/accidente-automovilistico\\\/estas-involucrado-en-un-accidente-con-un-auto-alquilado-en-georgia-aqui-esta-lo-que-deberias-hacer-a-continuacion\\\/#breadcrumb\"},\"inLanguage\":\"en-US\",\"potentialAction\":[{\"@type\":\"ReadAction\",\"target\":[\"https:\\\/\\\/ceolawyer.com\\\/espanol\\\/faq\\\/ley-de-georgia\\\/accidente-automovilistico\\\/estas-involucrado-en-un-accidente-con-un-auto-alquilado-en-georgia-aqui-esta-lo-que-deberias-hacer-a-continuacion\\\/\"]}]},{\"@type\":\"ImageObject\",\"inLanguage\":\"en-US\",\"@id\":\"https:\\\/\\\/ceolawyer.com\\\/espanol\\\/faq\\\/ley-de-georgia\\\/accidente-automovilistico\\\/estas-involucrado-en-un-accidente-con-un-auto-alquilado-en-georgia-aqui-esta-lo-que-deberias-hacer-a-continuacion\\\/#primaryimage\",\"url\":\"https:\\\/\\\/ceolawyer.com\\\/espanol\\\/wp-content\\\/uploads\\\/sites\\\/2\\\/2024\\\/04\\\/Estas-Involucrado-en-un-accidente-con-un-auto-alquilado-en-Georgia-Aqui-esta-lo-que-deberias-hacer-a-continuacion.webp\",\"contentUrl\":\"https:\\\/\\\/ceolawyer.com\\\/espanol\\\/wp-content\\\/uploads\\\/sites\\\/2\\\/2024\\\/04\\\/Estas-Involucrado-en-un-accidente-con-un-auto-alquilado-en-Georgia-Aqui-esta-lo-que-deberias-hacer-a-continuacion.webp\",\"width\":500,\"height\":333,\"caption\":\"La parte delantera arrugada de un coche de alquiler en medio de la carretera despu\u00e9s de un accidente.\"},{\"@type\":\"BreadcrumbList\",\"@id\":\"https:\\\/\\\/ceolawyer.com\\\/espanol\\\/faq\\\/ley-de-georgia\\\/accidente-automovilistico\\\/estas-involucrado-en-un-accidente-con-un-auto-alquilado-en-georgia-aqui-esta-lo-que-deberias-hacer-a-continuacion\\\/#breadcrumb\",\"itemListElement\":[{\"@type\":\"ListItem\",\"position\":1,\"name\":\"Home\",\"item\":\"https:\\\/\\\/ceolawyer.com\\\/espanol\\\/\"},{\"@type\":\"ListItem\",\"position\":2,\"name\":\"FAQ\",\"item\":\"https:\\\/\\\/ceolawyer.com\\\/espanol\\\/faq\\\/\"},{\"@type\":\"ListItem\",\"position\":3,\"name\":\"Lesiones personales en Georgia FAQ\",\"item\":\"https:\\\/\\\/ceolawyer.com\\\/espanol\\\/faq\\\/ley-de-georgia\\\/\"},{\"@type\":\"ListItem\",\"position\":4,\"name\":\"\u00bfEst\u00e1s Involucrado en un accidente con un auto alquilado en Georgia? Aqu\u00ed est\u00e1 lo que deber\u00edas hacer a continuaci\u00f3n\"}]},{\"@type\":\"WebSite\",\"@id\":\"https:\\\/\\\/ceolawyer.com\\\/espanol\\\/#website\",\"url\":\"https:\\\/\\\/ceolawyer.com\\\/espanol\\\/\",\"name\":\"CEO Lawyer\",\"description\":\"Personal Injury Attorney\",\"publisher\":{\"@id\":\"https:\\\/\\\/ceolawyer.com\\\/espanol\\\/#organization\"},\"potentialAction\":[{\"@type\":\"SearchAction\",\"target\":{\"@type\":\"EntryPoint\",\"urlTemplate\":\"https:\\\/\\\/ceolawyer.com\\\/espanol\\\/?s={search_term_string}\"},\"query-input\":{\"@type\":\"PropertyValueSpecification\",\"valueRequired\":true,\"valueName\":\"search_term_string\"}}],\"inLanguage\":\"en-US\"},{\"@type\":\"Organization\",\"@id\":\"https:\\\/\\\/ceolawyer.com\\\/espanol\\\/#organization\",\"name\":\"CEO Lawyer\",\"url\":\"https:\\\/\\\/ceolawyer.com\\\/espanol\\\/\",\"logo\":{\"@type\":\"ImageObject\",\"inLanguage\":\"en-US\",\"@id\":\"https:\\\/\\\/ceolawyer.com\\\/espanol\\\/#\\\/schema\\\/logo\\\/image\\\/\",\"url\":\"https:\\\/\\\/ceolawyer.com\\\/espanol\\\/wp-content\\\/uploads\\\/sites\\\/2\\\/2022\\\/05\\\/CEO_Logo.png\",\"contentUrl\":\"https:\\\/\\\/ceolawyer.com\\\/espanol\\\/wp-content\\\/uploads\\\/sites\\\/2\\\/2022\\\/05\\\/CEO_Logo.png\",\"width\":200,\"height\":108,\"caption\":\"CEO Lawyer\"},\"image\":{\"@id\":\"https:\\\/\\\/ceolawyer.com\\\/espanol\\\/#\\\/schema\\\/logo\\\/image\\\/\"}}]}<\/script>\n<!-- \/ Yoast SEO plugin. -->","yoast_head_json":{"title":"\u00bfQu\u00e9 Hacer si Chocaste un Auto Alquilado en Georgia? | CEO Lawyer","description":"Proteja sus derechos despu\u00e9s de un accidente de coche de alquiler en Georgia. Llame hoy a The CEO Lawyer Personal Injury Law Firm al: 888-307-3792.","robots":{"index":"index","follow":"follow","max-snippet":"max-snippet:-1","max-image-preview":"max-image-preview:large","max-video-preview":"max-video-preview:-1"},"canonical":"https:\/\/ceolawyer.com\/espanol\/faq\/ley-de-georgia\/accidente-automovilistico\/estas-involucrado-en-un-accidente-con-un-auto-alquilado-en-georgia-aqui-esta-lo-que-deberias-hacer-a-continuacion\/","og_locale":"en_US","og_type":"article","og_title":"\u00bfQu\u00e9 Hacer si Chocaste un Auto Alquilado en Georgia? | CEO Lawyer","og_description":"Proteja sus derechos despu\u00e9s de un accidente de coche de alquiler en Georgia. Llame hoy a The CEO Lawyer Personal Injury Law Firm al: 888-307-3792.","og_url":"https:\/\/ceolawyer.com\/espanol\/faq\/ley-de-georgia\/accidente-automovilistico\/estas-involucrado-en-un-accidente-con-un-auto-alquilado-en-georgia-aqui-esta-lo-que-deberias-hacer-a-continuacion\/","og_site_name":"CEO Lawyer","article_modified_time":"2026-03-18T18:22:06+00:00","og_image":[{"width":500,"height":333,"url":"https:\/\/ceolawyer.com\/espanol\/wp-content\/uploads\/sites\/2\/2024\/04\/Estas-Involucrado-en-un-accidente-con-un-auto-alquilado-en-Georgia-Aqui-esta-lo-que-deberias-hacer-a-continuacion.webp","type":"image\/webp"}],"twitter_card":"summary_large_image","twitter_misc":{"Est. reading time":"6 minutes"},"schema":{"@context":"https:\/\/schema.org","@graph":[{"@type":"WebPage","@id":"https:\/\/ceolawyer.com\/espanol\/faq\/ley-de-georgia\/accidente-automovilistico\/estas-involucrado-en-un-accidente-con-un-auto-alquilado-en-georgia-aqui-esta-lo-que-deberias-hacer-a-continuacion\/","url":"https:\/\/ceolawyer.com\/espanol\/faq\/ley-de-georgia\/accidente-automovilistico\/estas-involucrado-en-un-accidente-con-un-auto-alquilado-en-georgia-aqui-esta-lo-que-deberias-hacer-a-continuacion\/","name":"\u00bfQu\u00e9 Hacer si Chocaste un Auto Alquilado en Georgia? | CEO Lawyer","isPartOf":{"@id":"https:\/\/ceolawyer.com\/espanol\/#website"},"primaryImageOfPage":{"@id":"https:\/\/ceolawyer.com\/espanol\/faq\/ley-de-georgia\/accidente-automovilistico\/estas-involucrado-en-un-accidente-con-un-auto-alquilado-en-georgia-aqui-esta-lo-que-deberias-hacer-a-continuacion\/#primaryimage"},"image":{"@id":"https:\/\/ceolawyer.com\/espanol\/faq\/ley-de-georgia\/accidente-automovilistico\/estas-involucrado-en-un-accidente-con-un-auto-alquilado-en-georgia-aqui-esta-lo-que-deberias-hacer-a-continuacion\/#primaryimage"},"thumbnailUrl":"https:\/\/ceolawyer.com\/espanol\/wp-content\/uploads\/sites\/2\/2024\/04\/Estas-Involucrado-en-un-accidente-con-un-auto-alquilado-en-Georgia-Aqui-esta-lo-que-deberias-hacer-a-continuacion.webp","datePublished":"2024-04-24T18:59:09+00:00","dateModified":"2026-03-18T18:22:06+00:00","description":"Proteja sus derechos despu\u00e9s de un accidente de coche de alquiler en Georgia. Llame hoy a The CEO Lawyer Personal Injury Law Firm al: 888-307-3792.","breadcrumb":{"@id":"https:\/\/ceolawyer.com\/espanol\/faq\/ley-de-georgia\/accidente-automovilistico\/estas-involucrado-en-un-accidente-con-un-auto-alquilado-en-georgia-aqui-esta-lo-que-deberias-hacer-a-continuacion\/#breadcrumb"},"inLanguage":"en-US","potentialAction":[{"@type":"ReadAction","target":["https:\/\/ceolawyer.com\/espanol\/faq\/ley-de-georgia\/accidente-automovilistico\/estas-involucrado-en-un-accidente-con-un-auto-alquilado-en-georgia-aqui-esta-lo-que-deberias-hacer-a-continuacion\/"]}]},{"@type":"ImageObject","inLanguage":"en-US","@id":"https:\/\/ceolawyer.com\/espanol\/faq\/ley-de-georgia\/accidente-automovilistico\/estas-involucrado-en-un-accidente-con-un-auto-alquilado-en-georgia-aqui-esta-lo-que-deberias-hacer-a-continuacion\/#primaryimage","url":"https:\/\/ceolawyer.com\/espanol\/wp-content\/uploads\/sites\/2\/2024\/04\/Estas-Involucrado-en-un-accidente-con-un-auto-alquilado-en-Georgia-Aqui-esta-lo-que-deberias-hacer-a-continuacion.webp","contentUrl":"https:\/\/ceolawyer.com\/espanol\/wp-content\/uploads\/sites\/2\/2024\/04\/Estas-Involucrado-en-un-accidente-con-un-auto-alquilado-en-Georgia-Aqui-esta-lo-que-deberias-hacer-a-continuacion.webp","width":500,"height":333,"caption":"La parte delantera arrugada de un coche de alquiler en medio de la carretera despu\u00e9s de un accidente."},{"@type":"BreadcrumbList","@id":"https:\/\/ceolawyer.com\/espanol\/faq\/ley-de-georgia\/accidente-automovilistico\/estas-involucrado-en-un-accidente-con-un-auto-alquilado-en-georgia-aqui-esta-lo-que-deberias-hacer-a-continuacion\/#breadcrumb","itemListElement":[{"@type":"ListItem","position":1,"name":"Home","item":"https:\/\/ceolawyer.com\/espanol\/"},{"@type":"ListItem","position":2,"name":"FAQ","item":"https:\/\/ceolawyer.com\/espanol\/faq\/"},{"@type":"ListItem","position":3,"name":"Lesiones personales en Georgia FAQ","item":"https:\/\/ceolawyer.com\/espanol\/faq\/ley-de-georgia\/"},{"@type":"ListItem","position":4,"name":"\u00bfEst\u00e1s Involucrado en un accidente con un auto alquilado en Georgia? Aqu\u00ed est\u00e1 lo que deber\u00edas hacer a continuaci\u00f3n"}]},{"@type":"WebSite","@id":"https:\/\/ceolawyer.com\/espanol\/#website","url":"https:\/\/ceolawyer.com\/espanol\/","name":"CEO Lawyer","description":"Personal Injury Attorney","publisher":{"@id":"https:\/\/ceolawyer.com\/espanol\/#organization"},"potentialAction":[{"@type":"SearchAction","target":{"@type":"EntryPoint","urlTemplate":"https:\/\/ceolawyer.com\/espanol\/?s={search_term_string}"},"query-input":{"@type":"PropertyValueSpecification","valueRequired":true,"valueName":"search_term_string"}}],"inLanguage":"en-US"},{"@type":"Organization","@id":"https:\/\/ceolawyer.com\/espanol\/#organization","name":"CEO Lawyer","url":"https:\/\/ceolawyer.com\/espanol\/","logo":{"@type":"ImageObject","inLanguage":"en-US","@id":"https:\/\/ceolawyer.com\/espanol\/#\/schema\/logo\/image\/","url":"https:\/\/ceolawyer.com\/espanol\/wp-content\/uploads\/sites\/2\/2022\/05\/CEO_Logo.png","contentUrl":"https:\/\/ceolawyer.com\/espanol\/wp-content\/uploads\/sites\/2\/2022\/05\/CEO_Logo.png","width":200,"height":108,"caption":"CEO Lawyer"},"image":{"@id":"https:\/\/ceolawyer.com\/espanol\/#\/schema\/logo\/image\/"}}]}},"_links":{"self":[{"href":"https:\/\/ceolawyer.com\/espanol\/wp-json\/wp\/v2\/pages\/11839","targetHints":{"allow":["GET"]}}],"collection":[{"href":"https:\/\/ceolawyer.com\/espanol\/wp-json\/wp\/v2\/pages"}],"about":[{"href":"https:\/\/ceolawyer.com\/espanol\/wp-json\/wp\/v2\/types\/page"}],"author":[{"embeddable":true,"href":"https:\/\/ceolawyer.com\/espanol\/wp-json\/wp\/v2\/users\/18"}],"replies":[{"embeddable":true,"href":"https:\/\/ceolawyer.com\/espanol\/wp-json\/wp\/v2\/comments?post=11839"}],"version-history":[{"count":0,"href":"https:\/\/ceolawyer.com\/espanol\/wp-json\/wp\/v2\/pages\/11839\/revisions"}],"up":[{"embeddable":true,"href":"https:\/\/ceolawyer.com\/espanol\/wp-json\/wp\/v2\/pages\/13289"}],"wp:featuredmedia":[{"embeddable":true,"href":"https:\/\/ceolawyer.com\/espanol\/wp-json\/wp\/v2\/media\/11841"}],"wp:attachment":[{"href":"https:\/\/ceolawyer.com\/espanol\/wp-json\/wp\/v2\/media?parent=11839"}],"curies":[{"name":"wp","href":"https:\/\/api.w.org\/{rel}","templated":true}]}}