{"id":11881,"date":"2024-06-28T13:06:21","date_gmt":"2024-06-28T13:06:21","guid":{"rendered":"https:\/\/ceolawyer.com\/espanol\/?page_id=11881"},"modified":"2025-12-18T11:42:31","modified_gmt":"2025-12-18T11:42:31","slug":"mordeduras-de-perro","status":"publish","type":"page","link":"https:\/\/ceolawyer.com\/espanol\/abogado-de-lesiones-personales-acworth\/mordeduras-de-perro\/","title":{"rendered":"Abogado de mordeduras de perro en Acworth"},"content":{"rendered":"<p><img decoding=\"async\" class=\"alignright size-full wp-image-11883\" src=\"https:\/\/ceolawyer.com\/espanol\/wp-content\/uploads\/sites\/2\/2024\/06\/abogado-de-mordeduras-de-perro-en-acworth.webp\" alt=\"Un abogado tomando notas en un portapapeles mientras discute un caso con un cliente.\" width=\"500\" height=\"300\" srcset=\"https:\/\/ceolawyer.com\/espanol\/wp-content\/uploads\/sites\/2\/2024\/06\/abogado-de-mordeduras-de-perro-en-acworth.webp 500w, https:\/\/ceolawyer.com\/espanol\/wp-content\/uploads\/sites\/2\/2024\/06\/abogado-de-mordeduras-de-perro-en-acworth-300x180.webp 300w\" sizes=\"(max-width: 500px) 100vw, 500px\" \/>En Acworth, si un perro agresivo te ataca, puedes sufrir lesiones graves que exigen atenci\u00f3n m\u00e9dica continua y rehabilitaci\u00f3n. Los gastos de recuperaci\u00f3n pueden ser significativos, y no buscar tratamiento podr\u00eda tener consecuencias duraderas. Un abogado con experiencia en mordeduras de perro en Acworth, puede ayudarte a presentar una demanda por lesiones personales, para obtener una compensaci\u00f3n por gastos m\u00e9dicos, salarios perdidos y otros da\u00f1os relacionados con tu caso. Una consulta inicial con el equipo de CEO Lawyer Personal Injury Law Firm no tiene costo alguno y sin obligaci\u00f3n de continuar con nuestros servicios. En la primera reuni\u00f3n, nuestros principales objetivos son: ayudarte a comprender el proceso de una reclamaci\u00f3n por mordedura de perro, trazar un curso de acci\u00f3n general y ofrecerte la oportunidad de hacer cualquier pregunta apremiante. Para programar tu cita, llama al <a href=\"tel:+14706138409\">(470) 613-8409<\/a>.<\/p>\n<h2>\u00bfC\u00f3mo puede ayudarte un abogado experimentado en mordeduras de perro?<\/h2>\n<p>En un abrir y cerrar de ojos, el mejor amigo del hombre puede inesperadamente convertirse en un enemigo y terminar hiriendo a una persona u otro animal. Si bien los caninos pueden ser compa\u00f1eros adorables, un ataque de un perro vicioso y sin entrenamiento, puede ser un evento impactante. Adem\u00e1s, las mordeduras de perro pueden ser lesiones extremadamente graves, y el due\u00f1o de la mascota puede ser considerado responsable de los da\u00f1os sufridos por la v\u00edctima cuando no controla a su animal. Estos ataques pueden crear lesiones graves para la v\u00edctima que dejan da\u00f1os f\u00edsicos y financieros duraderos.<\/p>\n<p>Los ataques de perros afectan de manera desproporcionada a los menores, con m\u00e1s del <a href=\"https:\/\/www.chp.edu\/injury-prevention\/safety\/home-and-yard\/dog-bites\">50% de los ataques dirigidos a ni\u00f1os peque\u00f1os<\/a>. Un equipo legal de mordeduras de perro que brinda servicios en Acworth, como el de CEO Lawyer Personal Injury Law Firm, puede ayudarte a construir una reclamaci\u00f3n de mordedura de perro integral que agote todas las v\u00edas para la recuperaci\u00f3n de da\u00f1os. Lamentablemente, la mayor\u00eda de los ataques de perros son prevenibles, y un due\u00f1o negligente puede poner en riesgo a toda la comunidad. En lugar de tratar de hacer malabares con la recuperaci\u00f3n f\u00edsica y financiera de tu familia, deja que un abogado te ayude. CEO Lawyer Personal Injury Law Firm ha ayudado a innumerables miembros de la comunidad de Acworth a trav\u00e9s de servicios legales, que incluyen:<\/p>\n<ul>\n<li><strong>Organizar toda la documentaci\u00f3n recopilada:<\/strong> Despu\u00e9s de un accidente por mordedura de perro, te encontrar\u00e1s con papeleo diverso, incluidas evaluaciones hospitalarias e informaci\u00f3n del seguro. CEO Lawyer Personal Injury Law Firm puede ayudarte a ordenar la documentaci\u00f3n recopilada y utilizar\u00e1 los datos para futuros pasos de la investigaci\u00f3n y negociaci\u00f3n del reclamo.<\/li>\n<li><strong>Gestionar la comunicaci\u00f3n con todas las partes externas:<\/strong> A lo largo de un reclamo por mordedura de perro, deber\u00e1s ofrecer declaraciones y revisar informaci\u00f3n importante con partes externas, como los ajustadores de seguros. Un abogado puede quitarte esta carga hablando en tu nombre con todas las partes externas. Luego, tu abogado te transmitir\u00e1 informaci\u00f3n importante en una reuni\u00f3n separada.<\/li>\n<li><strong>Ayudarte a comprender las leyes, regulaciones y mejores pr\u00e1cticas relacionadas con tu caso:<\/strong> Cada estado tiene un enfoque diferente para los reclamos por lesiones personales y, m\u00e1s espec\u00edficamente, para los ataques caninos. Comprender los estatutos \u00fanicos de tu estado puede ser una tarea que requiere mucho tiempo, y los malentendidos podr\u00edan perjudicar las posibilidades de \u00e9xito de tu reclamo. Un <a href=\"https:\/\/ceolawyer.com\/acworth-personal-injury\/\">equipo legal de lesiones personales que brinde servicios en Acworth<\/a> puede comparar, de manera eficiente, los detalles de tu caso con las regulaciones del estado al preparar un reclamo por mordedura de perro.<\/li>\n<li><strong>Investigar tu accidente, incluida una evaluaci\u00f3n exhaustiva de las reclamaciones de negligencia:<\/strong> Permitir que un abogado investigue los detalles de tu accidente puede darte tiempo para concentrarte en la recuperaci\u00f3n. Un abogado profundizar\u00e1 en los detalles espec\u00edficos de tu caso y extraer\u00e1 informaci\u00f3n clave que puede ser valiosa al negociar un acuerdo.<\/li>\n<li><strong>Negociar en tu nombre: <\/strong>Una de las partes m\u00e1s dif\u00edciles del proceso de reclamo es negociar el acuerdo final porque puede ser complicado presentar una cifra que sea razonable tanto para la aseguradora como para la v\u00edctima. Tu abogado utilizar\u00e1 la evidencia recopilada para elaborar una cifra de acuerdo v\u00e1lida y luego abogar\u00e1 por su valor durante las negociaciones.<\/li>\n<\/ul>\n<h2>Comprensi\u00f3n de los estatutos de mordeduras de perro de Georgia<\/h2>\n<p>El estado de Georgia sigue lo que se considera una &#8220;regla modificada de la primera mordida&#8221;, que responsabiliza al due\u00f1o por las acciones de su perro, en la primera mordida, si se sabe que el perro es vicioso o peligroso de alguna otra manera. Sin embargo, este estatuto se extiende a los perros que no han sido entrenados adecuadamente e hieren a una persona, u otro animal, en un espacio p\u00fablico, incluso sin conocimiento de agresi\u00f3n previa. Se considera que el perro es peligroso cuando no est\u00e1 controlado, se le permite deambular libremente o, simplemente, se le deja sin supervisi\u00f3n.<\/p>\n<p>Georgia tambi\u00e9n promulg\u00f3 la &#8220;Ley de Propiedad Responsable de Perros&#8221; en 2012, cuyo objetivo era proteger tanto al p\u00fablico como a los due\u00f1os de perros simult\u00e1neamente. La ley, codificada a trav\u00e9s de <a href=\"https:\/\/www.animallaw.info\/statute\/ga-dog-consolidated-dog-laws#s1\">OCGA 4-8-1 a 4-8-33<\/a>, establece pautas para la propiedad responsable de perros y fija est\u00e1ndares para el control y la regulaci\u00f3n de los caninos. Existen algunas excepciones que eximir\u00e1n a un perro de enfrentar una sanci\u00f3n despu\u00e9s de un ataque, incluyendo:<\/p>\n<ul>\n<li>Ser un perro de trabajo (polic\u00eda, militar, etc.).<\/li>\n<li>Proteger la propiedad privada de intrusos no autorizados.<\/li>\n<\/ul>\n<h2>Indemnizaciones que puedes solicitar despu\u00e9s de que un perro te haya atacado<\/h2>\n<p>Al buscar una compensaci\u00f3n por los gastos incurridos despu\u00e9s de un accidente, los da\u00f1os se dividen en dos categor\u00edas: da\u00f1os econ\u00f3micos y no econ\u00f3micos. Los da\u00f1os econ\u00f3micos se refieren a p\u00e9rdidas monetarias que tienen un precio est\u00e1ndar como referencia al reemplazar el valor. Esto incluye gastos como facturas y salarios perdidos. Los da\u00f1os no econ\u00f3micos se refieren a p\u00e9rdidas no objetivables que son de naturaleza intangible, lo que generalmente hace que la recuperaci\u00f3n sea m\u00e1s dif\u00edcil de asegurar. Ejemplos de da\u00f1os no econ\u00f3micos incluyen dolor y sufrimiento y angustia mental. En una reclamaci\u00f3n por mordedura de perro, las compensaciones m\u00e1s com\u00fanmente recuperadas son:<\/p>\n<ul>\n<li>Facturas m\u00e9dicas y el costo del tratamiento continuo.<\/li>\n<li>Rehabilitaci\u00f3n f\u00edsica.<\/li>\n<li>Salarios perdidos.<\/li>\n<li>Capacidad limitada.<\/li>\n<li>Dolor y sufrimiento.<\/li>\n<li>Angustia emocional.<\/li>\n<li>Compensaci\u00f3n por desfiguraci\u00f3n o cicatrices permanentes.<\/li>\n<\/ul>\n<h2>Lesiones comunes sufridas despu\u00e9s de una mordedura de perro<\/h2>\n<p>Las mordeduras de perro no son poco frecuentes en los EE. UU., con un promedio de m\u00e1s de 4 millones de casos reportados anualmente. De estos casos, casi 1 mill\u00f3n de lesiones requirieron atenci\u00f3n m\u00e9dica. Estos incidentes tampoco son espec\u00edficos de perros callejeros o rabiosos, ya que 3 de cada 5 casos reportados son perpetrados por el perro de la familia o del vecindario.<\/p>\n<p>Un perro puede atacar sin motivo aparente, a menudo porque muchos animales tienen respuestas de miedo o ansiedad debido a la baja socializaci\u00f3n. Es trabajo del due\u00f1o ense\u00f1ar a su perro las habilidades que necesita para interactuar con humanos y otros animales, o al menos tener al animal sujeto o bajo su control si se sabe que es peligroso. Cuando no cumplen con su deber de cuidado hacia el p\u00fablico y hacia su mascota de esta manera, pueden ocurrir accidentes tr\u00e1gicos.<\/p>\n<p>Al atender accidentes por mordedura de perro, algunas de las lesiones tratadas con mayor frecuencia incluyen:<\/p>\n<ul>\n<li><strong>Heridas punzantes:<\/strong> Los dientes y la mand\u00edbula de un perro son incre\u00edblemente poderosos y pueden perforar profundamente la carne. Una herida punzante es grave, ya que los caninos son los principales portadores de enfermedades virales como la rabia y tambi\u00e9n pueden transmitir una bacteria llamada capnocitofaga, que puede causar respuestas infecciosas graves, incluida la sepsis.<\/li>\n<li><strong>Lesiones en las manos: <\/strong>Una ubicaci\u00f3n com\u00fan de lesiones por mordeduras de perro son las manos, ya que los perros pueden sentirse amenazados cuando un humano se acerca a ellos o va a agarrar algo en su vecindad general.<\/li>\n<li><strong>Lesiones en la cara:<\/strong> Otra ubicaci\u00f3n com\u00fan en el cuerpo donde los profesionales m\u00e9dicos tratan las heridas de ataque de perros es la cara, ya que acercar demasiado la cara a un perro puede considerarse un gesto intimidante, lo que provoca violencia.<\/li>\n<li><strong>Laceraciones:<\/strong> Una laceraci\u00f3n profunda en la piel, muy probablemente resultado de una mordedura canina, aunque tambi\u00e9n podr\u00eda ser causada por rasgu\u00f1os severos, se considera la forma m\u00e1s grave de lesi\u00f3n por mordedura de perro.<\/li>\n<li><strong>Da\u00f1o a los nervios: <\/strong>Este es un efecto de laceraciones profundas, avulsiones y mordeduras. Cuando los nervios est\u00e1n comprometidos, puede provocar entumecimiento u hormigueo peri\u00f3dico o duradero.<\/li>\n<li><strong>Rabia, t\u00e9tanos y otras enfermedades:<\/strong> La rabia es virtualmente 100% fatal una vez que la v\u00edctima muestra s\u00edntomas cl\u00ednicos. Los caninos son los principales portadores de la rabia, y se sabe que la enfermedad causa brotes de violencia (como un ataque de mordedura de perro).<\/li>\n<\/ul>\n<h2>Llama hoy mismo a un bufete de abogados de mordeduras de perro en Acworth para obtener ayuda<\/h2>\n<p>Un ataque de perro es un evento que puede alterar la vida de una persona, provocando una acumulaci\u00f3n inesperada de deudas, gastos y, posiblemente, lesiones permanentes que exigen tratamiento continuo. Sin embargo, este incidente no deber\u00eda resultar en la ruina financiera. El due\u00f1o de un perro es responsable de cualquier lesi\u00f3n que resulte de su negligencia, ya sea por no asegurar a su mascota de manera adecuada o por no advertir al p\u00fablico sobre su agresividad o falta de entrenamiento. Un abogado con experiencia en casos de mordedura de perro es crucial para preparar una reclamaci\u00f3n integral por lesiones personales y abogar por la compensaci\u00f3n de todas las p\u00e9rdidas que haya sufrido.<\/p>\n<p>Con CEO Lawyer Personal Injury Law Firm de tu lado, no hay necesidad de hacer malabares con tu recuperaci\u00f3n f\u00edsica y financiera al mismo tiempo. Un profesional estar\u00e1 ah\u00ed para ayudarte, reduciendo tu estr\u00e9s y aumentando tus posibilidades de obtener una compensaci\u00f3n. <a href=\"https:\/\/ceolawyer.com\/espanol\/contacto-con-nosotros\/\">Llena nuestro formulario<\/a> o ll\u00e1manos hoy al <a href=\"tel:+14706138422\">(470) 613-8422<\/a>. Programa una consulta gratuita para conocer tus opciones legales. Nuestro equipo est\u00e1 aqu\u00ed para darte claridad, estrategia y una defensa real.<\/p>\n","protected":false},"excerpt":{"rendered":"<p>En Acworth, si un perro agresivo te ataca, puedes sufrir lesiones graves que exigen atenci\u00f3n m\u00e9dica continua y rehabilitaci\u00f3n. Los gastos de recuperaci\u00f3n pueden ser significativos, y no buscar tratamiento podr\u00eda tener consecuencias duraderas. Un abogado con experiencia en mordeduras de perro en Acworth, puede ayudarte a presentar una demanda por lesiones personales, para obtener [&hellip;]<\/p>\n","protected":false},"author":18,"featured_media":11883,"parent":7603,"menu_order":0,"comment_status":"closed","ping_status":"closed","template":"","meta":{"_acf_changed":false,"footnotes":""},"class_list":["post-11881","page","type-page","status-publish","has-post-thumbnail","hentry"],"acf":[],"yoast_head":"<!-- This site is optimized with the Yoast SEO plugin v27.4 - https:\/\/yoast.com\/product\/yoast-seo-wordpress\/ -->\n<title>Abogado de mordeduras de perro en Acworth | CEO Lawyer<\/title>\n<meta name=\"description\" content=\"Cuando elije a nuestros abogados de mordedura de perro de Acworth, usted tiene la mejor oportunidad de compensaci\u00f3n. Llame a CEO Lawyer Personal Injury Law Firm al (470) 323-8779.\" \/>\n<meta name=\"robots\" content=\"index, follow, max-snippet:-1, max-image-preview:large, max-video-preview:-1\" \/>\n<link rel=\"canonical\" href=\"https:\/\/ceolawyer.com\/espanol\/abogado-de-lesiones-personales-acworth\/mordeduras-de-perro\/\" \/>\n<meta property=\"og:locale\" content=\"en_US\" \/>\n<meta property=\"og:type\" content=\"article\" \/>\n<meta property=\"og:title\" content=\"Abogado de mordeduras de perro en Acworth | CEO Lawyer\" \/>\n<meta property=\"og:description\" content=\"Cuando elije a nuestros abogados de mordedura de perro de Acworth, usted tiene la mejor oportunidad de compensaci\u00f3n. Llame a CEO Lawyer Personal Injury Law Firm al (470) 323-8779.\" \/>\n<meta property=\"og:url\" content=\"https:\/\/ceolawyer.com\/espanol\/abogado-de-lesiones-personales-acworth\/mordeduras-de-perro\/\" \/>\n<meta property=\"og:site_name\" content=\"CEO Lawyer\" \/>\n<meta property=\"article:modified_time\" content=\"2025-12-18T11:42:31+00:00\" \/>\n<meta property=\"og:image\" content=\"https:\/\/ceolawyer.com\/espanol\/wp-content\/uploads\/sites\/2\/2024\/06\/abogado-de-mordeduras-de-perro-en-acworth.webp\" \/>\n\t<meta property=\"og:image:width\" content=\"500\" \/>\n\t<meta property=\"og:image:height\" content=\"300\" \/>\n\t<meta property=\"og:image:type\" content=\"image\/webp\" \/>\n<meta name=\"twitter:card\" content=\"summary_large_image\" \/>\n<meta name=\"twitter:label1\" content=\"Est. reading time\" \/>\n\t<meta name=\"twitter:data1\" content=\"8 minutes\" \/>\n<script type=\"application\/ld+json\" class=\"yoast-schema-graph\">{\"@context\":\"https:\\\/\\\/schema.org\",\"@graph\":[{\"@type\":\"WebPage\",\"@id\":\"https:\\\/\\\/ceolawyer.com\\\/espanol\\\/abogado-de-lesiones-personales-acworth\\\/mordeduras-de-perro\\\/\",\"url\":\"https:\\\/\\\/ceolawyer.com\\\/espanol\\\/abogado-de-lesiones-personales-acworth\\\/mordeduras-de-perro\\\/\",\"name\":\"Abogado de mordeduras de perro en Acworth | CEO Lawyer\",\"isPartOf\":{\"@id\":\"https:\\\/\\\/ceolawyer.com\\\/espanol\\\/#website\"},\"primaryImageOfPage\":{\"@id\":\"https:\\\/\\\/ceolawyer.com\\\/espanol\\\/abogado-de-lesiones-personales-acworth\\\/mordeduras-de-perro\\\/#primaryimage\"},\"image\":{\"@id\":\"https:\\\/\\\/ceolawyer.com\\\/espanol\\\/abogado-de-lesiones-personales-acworth\\\/mordeduras-de-perro\\\/#primaryimage\"},\"thumbnailUrl\":\"https:\\\/\\\/ceolawyer.com\\\/espanol\\\/wp-content\\\/uploads\\\/sites\\\/2\\\/2024\\\/06\\\/abogado-de-mordeduras-de-perro-en-acworth.webp\",\"datePublished\":\"2024-06-28T13:06:21+00:00\",\"dateModified\":\"2025-12-18T11:42:31+00:00\",\"description\":\"Cuando elije a nuestros abogados de mordedura de perro de Acworth, usted tiene la mejor oportunidad de compensaci\u00f3n. Llame a CEO Lawyer Personal Injury Law Firm al (470) 323-8779.\",\"breadcrumb\":{\"@id\":\"https:\\\/\\\/ceolawyer.com\\\/espanol\\\/abogado-de-lesiones-personales-acworth\\\/mordeduras-de-perro\\\/#breadcrumb\"},\"inLanguage\":\"en-US\",\"potentialAction\":[{\"@type\":\"ReadAction\",\"target\":[\"https:\\\/\\\/ceolawyer.com\\\/espanol\\\/abogado-de-lesiones-personales-acworth\\\/mordeduras-de-perro\\\/\"]}]},{\"@type\":\"ImageObject\",\"inLanguage\":\"en-US\",\"@id\":\"https:\\\/\\\/ceolawyer.com\\\/espanol\\\/abogado-de-lesiones-personales-acworth\\\/mordeduras-de-perro\\\/#primaryimage\",\"url\":\"https:\\\/\\\/ceolawyer.com\\\/espanol\\\/wp-content\\\/uploads\\\/sites\\\/2\\\/2024\\\/06\\\/abogado-de-mordeduras-de-perro-en-acworth.webp\",\"contentUrl\":\"https:\\\/\\\/ceolawyer.com\\\/espanol\\\/wp-content\\\/uploads\\\/sites\\\/2\\\/2024\\\/06\\\/abogado-de-mordeduras-de-perro-en-acworth.webp\",\"width\":500,\"height\":300,\"caption\":\"Un abogado tomando notas en un portapapeles mientras discute un caso con un cliente.\"},{\"@type\":\"BreadcrumbList\",\"@id\":\"https:\\\/\\\/ceolawyer.com\\\/espanol\\\/abogado-de-lesiones-personales-acworth\\\/mordeduras-de-perro\\\/#breadcrumb\",\"itemListElement\":[{\"@type\":\"ListItem\",\"position\":1,\"name\":\"Home\",\"item\":\"https:\\\/\\\/ceolawyer.com\\\/espanol\\\/\"},{\"@type\":\"ListItem\",\"position\":2,\"name\":\"Abogado de lesiones personales en Acworth\",\"item\":\"https:\\\/\\\/ceolawyer.com\\\/espanol\\\/abogado-de-lesiones-personales-acworth\\\/\"},{\"@type\":\"ListItem\",\"position\":3,\"name\":\"Abogado de mordeduras de perro en Acworth\"}]},{\"@type\":\"WebSite\",\"@id\":\"https:\\\/\\\/ceolawyer.com\\\/espanol\\\/#website\",\"url\":\"https:\\\/\\\/ceolawyer.com\\\/espanol\\\/\",\"name\":\"CEO Lawyer\",\"description\":\"Personal Injury Attorney\",\"publisher\":{\"@id\":\"https:\\\/\\\/ceolawyer.com\\\/espanol\\\/#organization\"},\"potentialAction\":[{\"@type\":\"SearchAction\",\"target\":{\"@type\":\"EntryPoint\",\"urlTemplate\":\"https:\\\/\\\/ceolawyer.com\\\/espanol\\\/?s={search_term_string}\"},\"query-input\":{\"@type\":\"PropertyValueSpecification\",\"valueRequired\":true,\"valueName\":\"search_term_string\"}}],\"inLanguage\":\"en-US\"},{\"@type\":\"Organization\",\"@id\":\"https:\\\/\\\/ceolawyer.com\\\/espanol\\\/#organization\",\"name\":\"CEO Lawyer\",\"url\":\"https:\\\/\\\/ceolawyer.com\\\/espanol\\\/\",\"logo\":{\"@type\":\"ImageObject\",\"inLanguage\":\"en-US\",\"@id\":\"https:\\\/\\\/ceolawyer.com\\\/espanol\\\/#\\\/schema\\\/logo\\\/image\\\/\",\"url\":\"https:\\\/\\\/ceolawyer.com\\\/espanol\\\/wp-content\\\/uploads\\\/sites\\\/2\\\/2022\\\/05\\\/CEO_Logo.png\",\"contentUrl\":\"https:\\\/\\\/ceolawyer.com\\\/espanol\\\/wp-content\\\/uploads\\\/sites\\\/2\\\/2022\\\/05\\\/CEO_Logo.png\",\"width\":200,\"height\":108,\"caption\":\"CEO Lawyer\"},\"image\":{\"@id\":\"https:\\\/\\\/ceolawyer.com\\\/espanol\\\/#\\\/schema\\\/logo\\\/image\\\/\"}}]}<\/script>\n<!-- \/ Yoast SEO plugin. -->","yoast_head_json":{"title":"Abogado de mordeduras de perro en Acworth | CEO Lawyer","description":"Cuando elije a nuestros abogados de mordedura de perro de Acworth, usted tiene la mejor oportunidad de compensaci\u00f3n. Llame a CEO Lawyer Personal Injury Law Firm al (470) 323-8779.","robots":{"index":"index","follow":"follow","max-snippet":"max-snippet:-1","max-image-preview":"max-image-preview:large","max-video-preview":"max-video-preview:-1"},"canonical":"https:\/\/ceolawyer.com\/espanol\/abogado-de-lesiones-personales-acworth\/mordeduras-de-perro\/","og_locale":"en_US","og_type":"article","og_title":"Abogado de mordeduras de perro en Acworth | CEO Lawyer","og_description":"Cuando elije a nuestros abogados de mordedura de perro de Acworth, usted tiene la mejor oportunidad de compensaci\u00f3n. Llame a CEO Lawyer Personal Injury Law Firm al (470) 323-8779.","og_url":"https:\/\/ceolawyer.com\/espanol\/abogado-de-lesiones-personales-acworth\/mordeduras-de-perro\/","og_site_name":"CEO Lawyer","article_modified_time":"2025-12-18T11:42:31+00:00","og_image":[{"width":500,"height":300,"url":"https:\/\/ceolawyer.com\/espanol\/wp-content\/uploads\/sites\/2\/2024\/06\/abogado-de-mordeduras-de-perro-en-acworth.webp","type":"image\/webp"}],"twitter_card":"summary_large_image","twitter_misc":{"Est. reading time":"8 minutes"},"schema":{"@context":"https:\/\/schema.org","@graph":[{"@type":"WebPage","@id":"https:\/\/ceolawyer.com\/espanol\/abogado-de-lesiones-personales-acworth\/mordeduras-de-perro\/","url":"https:\/\/ceolawyer.com\/espanol\/abogado-de-lesiones-personales-acworth\/mordeduras-de-perro\/","name":"Abogado de mordeduras de perro en Acworth | CEO Lawyer","isPartOf":{"@id":"https:\/\/ceolawyer.com\/espanol\/#website"},"primaryImageOfPage":{"@id":"https:\/\/ceolawyer.com\/espanol\/abogado-de-lesiones-personales-acworth\/mordeduras-de-perro\/#primaryimage"},"image":{"@id":"https:\/\/ceolawyer.com\/espanol\/abogado-de-lesiones-personales-acworth\/mordeduras-de-perro\/#primaryimage"},"thumbnailUrl":"https:\/\/ceolawyer.com\/espanol\/wp-content\/uploads\/sites\/2\/2024\/06\/abogado-de-mordeduras-de-perro-en-acworth.webp","datePublished":"2024-06-28T13:06:21+00:00","dateModified":"2025-12-18T11:42:31+00:00","description":"Cuando elije a nuestros abogados de mordedura de perro de Acworth, usted tiene la mejor oportunidad de compensaci\u00f3n. Llame a CEO Lawyer Personal Injury Law Firm al (470) 323-8779.","breadcrumb":{"@id":"https:\/\/ceolawyer.com\/espanol\/abogado-de-lesiones-personales-acworth\/mordeduras-de-perro\/#breadcrumb"},"inLanguage":"en-US","potentialAction":[{"@type":"ReadAction","target":["https:\/\/ceolawyer.com\/espanol\/abogado-de-lesiones-personales-acworth\/mordeduras-de-perro\/"]}]},{"@type":"ImageObject","inLanguage":"en-US","@id":"https:\/\/ceolawyer.com\/espanol\/abogado-de-lesiones-personales-acworth\/mordeduras-de-perro\/#primaryimage","url":"https:\/\/ceolawyer.com\/espanol\/wp-content\/uploads\/sites\/2\/2024\/06\/abogado-de-mordeduras-de-perro-en-acworth.webp","contentUrl":"https:\/\/ceolawyer.com\/espanol\/wp-content\/uploads\/sites\/2\/2024\/06\/abogado-de-mordeduras-de-perro-en-acworth.webp","width":500,"height":300,"caption":"Un abogado tomando notas en un portapapeles mientras discute un caso con un cliente."},{"@type":"BreadcrumbList","@id":"https:\/\/ceolawyer.com\/espanol\/abogado-de-lesiones-personales-acworth\/mordeduras-de-perro\/#breadcrumb","itemListElement":[{"@type":"ListItem","position":1,"name":"Home","item":"https:\/\/ceolawyer.com\/espanol\/"},{"@type":"ListItem","position":2,"name":"Abogado de lesiones personales en Acworth","item":"https:\/\/ceolawyer.com\/espanol\/abogado-de-lesiones-personales-acworth\/"},{"@type":"ListItem","position":3,"name":"Abogado de mordeduras de perro en Acworth"}]},{"@type":"WebSite","@id":"https:\/\/ceolawyer.com\/espanol\/#website","url":"https:\/\/ceolawyer.com\/espanol\/","name":"CEO Lawyer","description":"Personal Injury Attorney","publisher":{"@id":"https:\/\/ceolawyer.com\/espanol\/#organization"},"potentialAction":[{"@type":"SearchAction","target":{"@type":"EntryPoint","urlTemplate":"https:\/\/ceolawyer.com\/espanol\/?s={search_term_string}"},"query-input":{"@type":"PropertyValueSpecification","valueRequired":true,"valueName":"search_term_string"}}],"inLanguage":"en-US"},{"@type":"Organization","@id":"https:\/\/ceolawyer.com\/espanol\/#organization","name":"CEO Lawyer","url":"https:\/\/ceolawyer.com\/espanol\/","logo":{"@type":"ImageObject","inLanguage":"en-US","@id":"https:\/\/ceolawyer.com\/espanol\/#\/schema\/logo\/image\/","url":"https:\/\/ceolawyer.com\/espanol\/wp-content\/uploads\/sites\/2\/2022\/05\/CEO_Logo.png","contentUrl":"https:\/\/ceolawyer.com\/espanol\/wp-content\/uploads\/sites\/2\/2022\/05\/CEO_Logo.png","width":200,"height":108,"caption":"CEO Lawyer"},"image":{"@id":"https:\/\/ceolawyer.com\/espanol\/#\/schema\/logo\/image\/"}}]}},"_links":{"self":[{"href":"https:\/\/ceolawyer.com\/espanol\/wp-json\/wp\/v2\/pages\/11881","targetHints":{"allow":["GET"]}}],"collection":[{"href":"https:\/\/ceolawyer.com\/espanol\/wp-json\/wp\/v2\/pages"}],"about":[{"href":"https:\/\/ceolawyer.com\/espanol\/wp-json\/wp\/v2\/types\/page"}],"author":[{"embeddable":true,"href":"https:\/\/ceolawyer.com\/espanol\/wp-json\/wp\/v2\/users\/18"}],"replies":[{"embeddable":true,"href":"https:\/\/ceolawyer.com\/espanol\/wp-json\/wp\/v2\/comments?post=11881"}],"version-history":[{"count":0,"href":"https:\/\/ceolawyer.com\/espanol\/wp-json\/wp\/v2\/pages\/11881\/revisions"}],"up":[{"embeddable":true,"href":"https:\/\/ceolawyer.com\/espanol\/wp-json\/wp\/v2\/pages\/7603"}],"wp:featuredmedia":[{"embeddable":true,"href":"https:\/\/ceolawyer.com\/espanol\/wp-json\/wp\/v2\/media\/11883"}],"wp:attachment":[{"href":"https:\/\/ceolawyer.com\/espanol\/wp-json\/wp\/v2\/media?parent=11881"}],"curies":[{"name":"wp","href":"https:\/\/api.w.org\/{rel}","templated":true}]}}