{"id":12761,"date":"2025-12-19T13:38:24","date_gmt":"2025-12-19T13:38:24","guid":{"rendered":"https:\/\/ceolawyer.com\/espanol\/?page_id=12761"},"modified":"2025-12-19T13:43:47","modified_gmt":"2025-12-19T13:43:47","slug":"atlanta","status":"publish","type":"page","link":"https:\/\/ceolawyer.com\/espanol\/informe-de-accidente\/informe-policial-de-un-accidente-de-auto-en-georgia\/atlanta\/","title":{"rendered":"C\u00f3mo Obtener el Informe de tu Accidente de Auto del Departamento de Polic\u00eda de Atlanta"},"content":{"rendered":"<p><img decoding=\"async\" class=\"alignright size-full wp-image-12763\" src=\"https:\/\/ceolawyer.com\/espanol\/wp-content\/uploads\/sites\/2\/2025\/12\/How-to-Obtain-Your-Atlanta-Police-Department-Car-Accident-Report.webp\" alt=\"Un auto de patrullaje detenido pr\u00f3ximo a la escena de un accidente en la calle de noche.\" width=\"500\" height=\"300\" srcset=\"https:\/\/ceolawyer.com\/espanol\/wp-content\/uploads\/sites\/2\/2025\/12\/How-to-Obtain-Your-Atlanta-Police-Department-Car-Accident-Report.webp 500w, https:\/\/ceolawyer.com\/espanol\/wp-content\/uploads\/sites\/2\/2025\/12\/How-to-Obtain-Your-Atlanta-Police-Department-Car-Accident-Report-300x180.webp 300w\" sizes=\"(max-width: 500px) 100vw, 500px\" \/>Si tuviste un accidente de auto en Atlanta, obtener una copia del informe policial es fundamental para presentar reclamaciones al seguro e, incluso, para posibles acciones legales.<\/p>\n<p>Esta es una gu\u00eda para conseguir el informe de tu accidente si este ocurri\u00f3 dentro de los l\u00edmites de la ciudad de Atlanta.<\/p>\n<p>Hay tres m\u00e9todos para solicitar el informe:<\/p>\n<ul>\n<li><strong>En l\u00ednea: <\/strong>Esta es la opci\u00f3n m\u00e1s r\u00e1pida. El Departamento de Polic\u00eda de Atlanta usa un sitio web llamado buycrash.com para proporcionar acceso a sus informes. Puede aplicarse una tarifa.<\/li>\n<li><strong>En persona: <\/strong>Puedes acudir a la Unidad Central de Registros del Departamento de Polic\u00eda de Atlanta para recoger tu informe.<\/li>\n<li><strong>Por correo: <\/strong>Puedes solicitar que el informe llegue a tu casa a trav\u00e9s del correo postal.<\/li>\n<\/ul>\n<h3>\u00bfQui\u00e9n puede obtener el informe policial de tu accidente?<\/h3>\n<p>Cualquier persona involucrada en el accidente, o con un motivo legal para acceder al informe, puede solicitar una copia. Esto incluye a compa\u00f1\u00edas de seguro, empresas de remolque o abogados relacionados con el caso.<\/p>\n<h2>C\u00f3mo obtener el informe del accidente en l\u00ednea<\/h2>\n<p>El Departamento de Polic\u00eda de Atlanta usa un proveedor externo, LexisNexis Risk Solutions, para facilitar el acceso en l\u00ednea a los informes de accidentes. Solo tienes que seguir estos pasos:<\/p>\n<ol>\n<li>Ve a <a href=\"http:\/\/buycrash.com\">BuyCrash.com<\/a>.<\/li>\n<li>Selecciona \u201cGeorgia\u201d como estado.<\/li>\n<li>En el segundo men\u00fa desplegable, elige la jurisdicci\u00f3n que investig\u00f3 tu accidente, es decir, el Departamento de Polic\u00eda de Atlanta.<\/li>\n<li>Haz clic en \u201cStart Search\u201d para continuar.<\/li>\n<li>Ingresa la siguiente informaci\u00f3n:<\/li>\n<\/ol>\n<ul>\n<li>Apellido<\/li>\n<li>Fecha del accidente<\/li>\n<li>N\u00famero de informe del caso<\/li>\n<li>N\u00famero de Identificaci\u00f3n del Veh\u00edculo (VIN)<\/li>\n<li>N\u00famero de licencia de conducir<\/li>\n<\/ul>\n<p>Nota: Este servicio puede incluir una tarifa.<\/p>\n<h2>C\u00f3mo obtener el informe de tu accidente en persona<\/h2>\n<p>Si prefieres gestionar t\u00fa mismo el proceso, la <a href=\"https:\/\/www.atlantapd.org\/services\/central-records-unit\">Unidad Central de Registros<\/a> del Departamento de Polic\u00eda de Georgia permite recoger informes en persona. Esto es lo que necesitas saber:<\/p>\n<h3>Ubicaci\u00f3n<\/h3>\n<p>Atlanta Public Safety Annex<\/p>\n<p>3493 Donald Lee Hollowell Pkwy NW<\/p>\n<p>Atlanta, GA 30331<\/p>\n<h3>Horario de atenci\u00f3n<\/h3>\n<p>Lunes a viernes, de 8:30 a.m. a 3:30 p.m.<\/p>\n<p>Y se recomienda llevar una identificaci\u00f3n v\u00e1lida para verificaci\u00f3n.<\/p>\n<h3>Solicita una estimaci\u00f3n<\/h3>\n<p>El Departamento de Polic\u00eda de Atlanta ofrece un <a href=\"https:\/\/www.atlantapd.org\/i-want-to\/submit-open-records-request\/online-open-records-request-form\">formulario de Solicitud de Registros P\u00fablicos<\/a> en l\u00ednea para obtener una estimaci\u00f3n del tiempo y costo de tu informe.<\/p>\n<p><strong><em>Si no recibes una respuesta en tres d\u00edas h\u00e1biles, llama al <a href=\"tel:+14045467448\">404-546-7448<\/a>.<\/em><\/strong><\/p>\n<h2>Obt\u00e9n tu informe por correo<\/h2>\n<p>Si no puedes acceder a tu informe en l\u00ednea o ir por \u00e9l t\u00fa mismo, sigue estos pasos para solicitarlo por correo:<\/p>\n<ol>\n<li>Env\u00eda una solicitud por escrito indicando \u201cAccident Report\u201d y una breve explicaci\u00f3n del motivo por el cual lo necesitas (seg\u00fan lo pide el <a href=\"https:\/\/gov.georgia.gov\/contact-us\/open-records-request\">C.G.A. 50-18-72<\/a>).<\/li>\n<li>Incluye un cheque o giro postal de $5.00 a nombre de la Ciudad de Atlanta.<\/li>\n<li>Env\u00eda la solicitud a:<\/li>\n<\/ol>\n<p>Atlanta Police Central Records<\/p>\n<p>3493 Donald Lee Hollowell Parkway, Atlanta, GA 30331<\/p>\n<p><strong>Horario de atenci\u00f3n: <\/strong>8:30 a.m. &#8211; 2:30 p.m.<\/p>\n<p><strong>Tel\u00e9fono: <\/strong><a href=\"tel:+14045467461\">404-546-7461<\/a><\/p>\n<h2>\u00bfCu\u00e1nto cuesta?<\/h2>\n<p>Los costos pueden incluir:<\/p>\n<ul>\n<li>Copia del informe: $0.10 por p\u00e1gina.<\/li>\n<li>Informe en CD o DVD: $1.00 por disco.<\/li>\n<li>Env\u00edo por correo: Tarifa fija de $5.00<\/li>\n<li>Informe certificado: $3.00<\/li>\n<li>Tarifa de b\u00fasqueda, revisi\u00f3n y copia de registros: Puede aplicarse un cargo por hora.<\/li>\n<\/ul>\n<h3>M\u00e9todos de pago<\/h3>\n<p>Cheque o giro postal a nombre de la Ciudad de Atlanta.<\/p>\n<h2>\u00bfCu\u00e1nto tarda en llegar el informe de tu accidente?<\/h2>\n<p>El Departamento de Polic\u00eda de Atlanta indica que el tiempo de entrega es de 3 a 4 semanas, dependiendo de la complejidad del informe.<\/p>\n<h2>Informaci\u00f3n necesaria para solicitar el informe policial de tu accidente<\/h2>\n<p>Para agilizar el proceso, ten disponible la siguiente informaci\u00f3n:<\/p>\n<ul>\n<li>Apellido de una de las personas involucradas en el accidente.<\/li>\n<li>Fecha exacta del accidente.<\/li>\n<li>Otros datos opcionales:\n<ul>\n<li>N\u00famero de informe del caso<\/li>\n<li>N\u00famero de Identificaci\u00f3n del Veh\u00edculo<\/li>\n<li>N\u00famero de licencia de conducir de un involucrado<\/li>\n<\/ul>\n<\/li>\n<\/ul>\n<h2>\u00bfQu\u00e9 incluye un informe de accidente del Departamento de Polic\u00eda de Atlanta?<\/h2>\n<p>El informe contiene los datos clave para reclamaciones por da\u00f1os personales, como:<\/p>\n<ul>\n<li>Datos de contacto e informaci\u00f3n de seguro de los conductores involucrados.<\/li>\n<li>Un relato detallado de los hechos, desde la perspectiva del oficial de polic\u00eda.<\/li>\n<li>Informaci\u00f3n sobre citatorios emitidos.<\/li>\n<\/ul>\n<h3>Estructura del Informe<\/h3>\n<p>Generalmente, los informes de accidentes de auto siguen este formato:<\/p>\n<ol>\n<li><strong>P\u00e1gina inicial: <\/strong>Datos del conductor, informaci\u00f3n del seguro y citatorios emitidos.<\/li>\n<li><strong>Recuento oficial: <\/strong>Descripci\u00f3n detallada del accidente, diagramas y da\u00f1os a la propiedad.<\/li>\n<li><strong>Informe complementario: <\/strong>Cualquier dato adicional sobre otros involucrados, incluidos los pasajeros, el despliegue de las bolsas de aire, el uso de cintur\u00f3n de seguridad y cualquier extracci\u00f3n necesaria de los veh\u00edculos.<\/li>\n<li><strong>P\u00e1gina de c\u00f3digos: <\/strong>Algunas dependencias de polic\u00eda usan c\u00f3digos en sus informes; esta p\u00e1gina ayuda a interpretarlos.<\/li>\n<\/ol>\n<p>Para m\u00e1s detalles y un acceso directo a los servicios del Departamento de Polic\u00eda de Atlanta, visita el <a href=\"https:\/\/www.atlantapd.org\/services\/central-records-unit\">sitio web de su Unidad Central de Registros<\/a>.<\/p>\n<h3>Privacidad y censura<\/h3>\n<p>El Departamento de Polic\u00eda de Atlanta puede eliminar informaci\u00f3n personal del informe para proteger la privacidad de los involucrados. Esto podr\u00eda incluir n\u00fameros de Seguro Social, n\u00fameros del permiso de conducir e informaci\u00f3n de contacto personal.<\/p>\n<h2>Apelaciones y correcciones<\/h2>\n<p>Es importante conocer el proceso para corregir cualquier error en el informe policial de tu accidente de auto.<\/p>\n<h3>\u00bfQu\u00e9 hacer si el informe contiene errores?<\/h3>\n<p>Los informes policiales se elaboran con base en la informaci\u00f3n disponible para el oficial en la escena del accidente. Es posible que contengan errores, especialmente si:<\/p>\n<ul>\n<li>No se tomaron declaraciones de testigos en el lugar de los hechos.<\/li>\n<li>Hay informaci\u00f3n contradictoria entre las partes involucradas.<\/li>\n<\/ul>\n<h3>C\u00f3mo corregir un informe<\/h3>\n<p>Si crees que tu informe tiene errores, sigue estos pasos:<\/p>\n<ol>\n<li>Re\u00fane pruebas que respalden la correcci\u00f3n, como declaraciones de testigos, videos o fotos del lugar del accidente.<\/li>\n<li>Contacta al oficial que elabor\u00f3 el informe. Su informaci\u00f3n de contacto aparece en el informe o puedes llamar al n\u00famero de tel\u00e9fono no urgente del Departamento de Polic\u00eda de Atlanta.<\/li>\n<li>Si los errores son significativos y pueden afectar la determinaci\u00f3n de responsabilidad del accidente, considera acudir a un <a href=\"https:\/\/ceolawyer.com\/atlanta-personal-injury\/car-accident-lawyer\/\">abogado de accidentes de auto en Atlanta<\/a>.<\/li>\n<\/ol>\n<h2>\u00bfNecesitas asistencia legal?<\/h2>\n<p>Si necesitas ayuda para obtener o corregir el informe de tu accidente de auto, CEO Lawyer Personal Injury Law Firm puede asistirte con eso.<\/p>\n<p>Nuestro equipo tambi\u00e9n puede ayudarte en cada paso del proceso, asegur\u00e1ndonos de que tu caso tenga \u00e9xito.<\/p>\n<p>Recuerda: Obtener el reporte policial de tu accidente de auto va a serte \u00fatil con los reclamos al seguro o problemas legales que vayas a enfrentar.<\/p>\n","protected":false},"excerpt":{"rendered":"<p>Si tuviste un accidente de auto en Atlanta, obtener una copia del informe policial es fundamental para presentar reclamaciones al seguro e, incluso, para posibles acciones legales. Esta es una gu\u00eda para conseguir el informe de tu accidente si este ocurri\u00f3 dentro de los l\u00edmites de la ciudad de Atlanta. Hay tres m\u00e9todos para solicitar [&hellip;]<\/p>\n","protected":false},"author":18,"featured_media":12763,"parent":12737,"menu_order":0,"comment_status":"closed","ping_status":"closed","template":"","meta":{"_acf_changed":false,"footnotes":""},"class_list":["post-12761","page","type-page","status-publish","has-post-thumbnail","hentry"],"acf":[],"yoast_head":"<!-- This site is optimized with the Yoast SEO plugin v27.2 - https:\/\/yoast.com\/product\/yoast-seo-wordpress\/ -->\n<title>C\u00f3mo Obtener el Informe de tu Accidente de Auto del Departamento de Polic\u00eda de Atlanta ! CEO Lawyer<\/title>\n<meta name=\"description\" content=\"Obt\u00e9n el informe policial de tu accidente del Departamento de Polic\u00eda de Atlanta sin complicaciones. En CEO Lawyer Personal Injury Law Firm te ayudamos. \u00a1Ll\u00e1manos al (888) 307-3792\" \/>\n<meta name=\"robots\" content=\"index, follow, max-snippet:-1, max-image-preview:large, max-video-preview:-1\" \/>\n<link rel=\"canonical\" href=\"https:\/\/ceolawyer.com\/espanol\/informe-de-accidente\/informe-policial-de-un-accidente-de-auto-en-georgia\/atlanta\/\" \/>\n<meta property=\"og:locale\" content=\"en_US\" \/>\n<meta property=\"og:type\" content=\"article\" \/>\n<meta property=\"og:title\" content=\"C\u00f3mo Obtener el Informe de tu Accidente de Auto del Departamento de Polic\u00eda de Atlanta ! CEO Lawyer\" \/>\n<meta property=\"og:description\" content=\"Obt\u00e9n el informe policial de tu accidente del Departamento de Polic\u00eda de Atlanta sin complicaciones. En CEO Lawyer Personal Injury Law Firm te ayudamos. \u00a1Ll\u00e1manos al (888) 307-3792\" \/>\n<meta property=\"og:url\" content=\"https:\/\/ceolawyer.com\/espanol\/informe-de-accidente\/informe-policial-de-un-accidente-de-auto-en-georgia\/atlanta\/\" \/>\n<meta property=\"og:site_name\" content=\"CEO Lawyer\" \/>\n<meta property=\"article:modified_time\" content=\"2025-12-19T13:43:47+00:00\" \/>\n<meta property=\"og:image\" content=\"https:\/\/ceolawyer.com\/espanol\/wp-content\/uploads\/sites\/2\/2025\/12\/How-to-Obtain-Your-Atlanta-Police-Department-Car-Accident-Report.webp\" \/>\n\t<meta property=\"og:image:width\" content=\"500\" \/>\n\t<meta property=\"og:image:height\" content=\"300\" \/>\n\t<meta property=\"og:image:type\" content=\"image\/webp\" \/>\n<meta name=\"twitter:card\" content=\"summary_large_image\" \/>\n<meta name=\"twitter:label1\" content=\"Est. reading time\" \/>\n\t<meta name=\"twitter:data1\" content=\"6 minutes\" \/>\n<script type=\"application\/ld+json\" class=\"yoast-schema-graph\">{\"@context\":\"https:\/\/schema.org\",\"@graph\":[{\"@type\":\"WebPage\",\"@id\":\"https:\/\/ceolawyer.com\/espanol\/informe-de-accidente\/informe-policial-de-un-accidente-de-auto-en-georgia\/atlanta\/\",\"url\":\"https:\/\/ceolawyer.com\/espanol\/informe-de-accidente\/informe-policial-de-un-accidente-de-auto-en-georgia\/atlanta\/\",\"name\":\"C\u00f3mo Obtener el Informe de tu Accidente de Auto del Departamento de Polic\u00eda de Atlanta ! CEO Lawyer\",\"isPartOf\":{\"@id\":\"https:\/\/ceolawyer.com\/espanol\/#website\"},\"primaryImageOfPage\":{\"@id\":\"https:\/\/ceolawyer.com\/espanol\/informe-de-accidente\/informe-policial-de-un-accidente-de-auto-en-georgia\/atlanta\/#primaryimage\"},\"image\":{\"@id\":\"https:\/\/ceolawyer.com\/espanol\/informe-de-accidente\/informe-policial-de-un-accidente-de-auto-en-georgia\/atlanta\/#primaryimage\"},\"thumbnailUrl\":\"https:\/\/ceolawyer.com\/espanol\/wp-content\/uploads\/sites\/2\/2025\/12\/How-to-Obtain-Your-Atlanta-Police-Department-Car-Accident-Report.webp\",\"datePublished\":\"2025-12-19T13:38:24+00:00\",\"dateModified\":\"2025-12-19T13:43:47+00:00\",\"description\":\"Obt\u00e9n el informe policial de tu accidente del Departamento de Polic\u00eda de Atlanta sin complicaciones. En CEO Lawyer Personal Injury Law Firm te ayudamos. \u00a1Ll\u00e1manos al (888) 307-3792\",\"breadcrumb\":{\"@id\":\"https:\/\/ceolawyer.com\/espanol\/informe-de-accidente\/informe-policial-de-un-accidente-de-auto-en-georgia\/atlanta\/#breadcrumb\"},\"inLanguage\":\"en-US\",\"potentialAction\":[{\"@type\":\"ReadAction\",\"target\":[\"https:\/\/ceolawyer.com\/espanol\/informe-de-accidente\/informe-policial-de-un-accidente-de-auto-en-georgia\/atlanta\/\"]}]},{\"@type\":\"ImageObject\",\"inLanguage\":\"en-US\",\"@id\":\"https:\/\/ceolawyer.com\/espanol\/informe-de-accidente\/informe-policial-de-un-accidente-de-auto-en-georgia\/atlanta\/#primaryimage\",\"url\":\"https:\/\/ceolawyer.com\/espanol\/wp-content\/uploads\/sites\/2\/2025\/12\/How-to-Obtain-Your-Atlanta-Police-Department-Car-Accident-Report.webp\",\"contentUrl\":\"https:\/\/ceolawyer.com\/espanol\/wp-content\/uploads\/sites\/2\/2025\/12\/How-to-Obtain-Your-Atlanta-Police-Department-Car-Accident-Report.webp\",\"width\":500,\"height\":300,\"caption\":\"Un auto de patrullaje detenido pr\u00f3ximo a la escena de un accidente en la calle de noche.\"},{\"@type\":\"BreadcrumbList\",\"@id\":\"https:\/\/ceolawyer.com\/espanol\/informe-de-accidente\/informe-policial-de-un-accidente-de-auto-en-georgia\/atlanta\/#breadcrumb\",\"itemListElement\":[{\"@type\":\"ListItem\",\"position\":1,\"name\":\"Home\",\"item\":\"https:\/\/ceolawyer.com\/espanol\/\"},{\"@type\":\"ListItem\",\"position\":2,\"name\":\"Consigue el Reporte Policial de tu Accidente de Auto\",\"item\":\"https:\/\/ceolawyer.com\/espanol\/informe-de-accidente\/\"},{\"@type\":\"ListItem\",\"position\":3,\"name\":\"C\u00f3mo Solicitar el Informe Policial de un Accidente de Auto en Georgia\",\"item\":\"https:\/\/ceolawyer.com\/espanol\/informe-de-accidente\/informe-policial-de-un-accidente-de-auto-en-georgia\/\"},{\"@type\":\"ListItem\",\"position\":4,\"name\":\"C\u00f3mo Obtener el Informe de tu Accidente de Auto del Departamento de Polic\u00eda de Atlanta\"}]},{\"@type\":\"WebSite\",\"@id\":\"https:\/\/ceolawyer.com\/espanol\/#website\",\"url\":\"https:\/\/ceolawyer.com\/espanol\/\",\"name\":\"CEO Lawyer\",\"description\":\"Personal Injury Attorney\",\"publisher\":{\"@id\":\"https:\/\/ceolawyer.com\/espanol\/#organization\"},\"potentialAction\":[{\"@type\":\"SearchAction\",\"target\":{\"@type\":\"EntryPoint\",\"urlTemplate\":\"https:\/\/ceolawyer.com\/espanol\/?s={search_term_string}\"},\"query-input\":{\"@type\":\"PropertyValueSpecification\",\"valueRequired\":true,\"valueName\":\"search_term_string\"}}],\"inLanguage\":\"en-US\"},{\"@type\":\"Organization\",\"@id\":\"https:\/\/ceolawyer.com\/espanol\/#organization\",\"name\":\"CEO Lawyer\",\"url\":\"https:\/\/ceolawyer.com\/espanol\/\",\"logo\":{\"@type\":\"ImageObject\",\"inLanguage\":\"en-US\",\"@id\":\"https:\/\/ceolawyer.com\/espanol\/#\/schema\/logo\/image\/\",\"url\":\"https:\/\/ceolawyer.com\/espanol\/wp-content\/uploads\/sites\/2\/2022\/05\/CEO_Logo.png\",\"contentUrl\":\"https:\/\/ceolawyer.com\/espanol\/wp-content\/uploads\/sites\/2\/2022\/05\/CEO_Logo.png\",\"width\":200,\"height\":108,\"caption\":\"CEO Lawyer\"},\"image\":{\"@id\":\"https:\/\/ceolawyer.com\/espanol\/#\/schema\/logo\/image\/\"}}]}<\/script>\n<!-- \/ Yoast SEO plugin. -->","yoast_head_json":{"title":"C\u00f3mo Obtener el Informe de tu Accidente de Auto del Departamento de Polic\u00eda de Atlanta ! CEO Lawyer","description":"Obt\u00e9n el informe policial de tu accidente del Departamento de Polic\u00eda de Atlanta sin complicaciones. En CEO Lawyer Personal Injury Law Firm te ayudamos. \u00a1Ll\u00e1manos al (888) 307-3792","robots":{"index":"index","follow":"follow","max-snippet":"max-snippet:-1","max-image-preview":"max-image-preview:large","max-video-preview":"max-video-preview:-1"},"canonical":"https:\/\/ceolawyer.com\/espanol\/informe-de-accidente\/informe-policial-de-un-accidente-de-auto-en-georgia\/atlanta\/","og_locale":"en_US","og_type":"article","og_title":"C\u00f3mo Obtener el Informe de tu Accidente de Auto del Departamento de Polic\u00eda de Atlanta ! CEO Lawyer","og_description":"Obt\u00e9n el informe policial de tu accidente del Departamento de Polic\u00eda de Atlanta sin complicaciones. En CEO Lawyer Personal Injury Law Firm te ayudamos. \u00a1Ll\u00e1manos al (888) 307-3792","og_url":"https:\/\/ceolawyer.com\/espanol\/informe-de-accidente\/informe-policial-de-un-accidente-de-auto-en-georgia\/atlanta\/","og_site_name":"CEO Lawyer","article_modified_time":"2025-12-19T13:43:47+00:00","og_image":[{"width":500,"height":300,"url":"https:\/\/ceolawyer.com\/espanol\/wp-content\/uploads\/sites\/2\/2025\/12\/How-to-Obtain-Your-Atlanta-Police-Department-Car-Accident-Report.webp","type":"image\/webp"}],"twitter_card":"summary_large_image","twitter_misc":{"Est. reading time":"6 minutes"},"schema":{"@context":"https:\/\/schema.org","@graph":[{"@type":"WebPage","@id":"https:\/\/ceolawyer.com\/espanol\/informe-de-accidente\/informe-policial-de-un-accidente-de-auto-en-georgia\/atlanta\/","url":"https:\/\/ceolawyer.com\/espanol\/informe-de-accidente\/informe-policial-de-un-accidente-de-auto-en-georgia\/atlanta\/","name":"C\u00f3mo Obtener el Informe de tu Accidente de Auto del Departamento de Polic\u00eda de Atlanta ! CEO Lawyer","isPartOf":{"@id":"https:\/\/ceolawyer.com\/espanol\/#website"},"primaryImageOfPage":{"@id":"https:\/\/ceolawyer.com\/espanol\/informe-de-accidente\/informe-policial-de-un-accidente-de-auto-en-georgia\/atlanta\/#primaryimage"},"image":{"@id":"https:\/\/ceolawyer.com\/espanol\/informe-de-accidente\/informe-policial-de-un-accidente-de-auto-en-georgia\/atlanta\/#primaryimage"},"thumbnailUrl":"https:\/\/ceolawyer.com\/espanol\/wp-content\/uploads\/sites\/2\/2025\/12\/How-to-Obtain-Your-Atlanta-Police-Department-Car-Accident-Report.webp","datePublished":"2025-12-19T13:38:24+00:00","dateModified":"2025-12-19T13:43:47+00:00","description":"Obt\u00e9n el informe policial de tu accidente del Departamento de Polic\u00eda de Atlanta sin complicaciones. En CEO Lawyer Personal Injury Law Firm te ayudamos. \u00a1Ll\u00e1manos al (888) 307-3792","breadcrumb":{"@id":"https:\/\/ceolawyer.com\/espanol\/informe-de-accidente\/informe-policial-de-un-accidente-de-auto-en-georgia\/atlanta\/#breadcrumb"},"inLanguage":"en-US","potentialAction":[{"@type":"ReadAction","target":["https:\/\/ceolawyer.com\/espanol\/informe-de-accidente\/informe-policial-de-un-accidente-de-auto-en-georgia\/atlanta\/"]}]},{"@type":"ImageObject","inLanguage":"en-US","@id":"https:\/\/ceolawyer.com\/espanol\/informe-de-accidente\/informe-policial-de-un-accidente-de-auto-en-georgia\/atlanta\/#primaryimage","url":"https:\/\/ceolawyer.com\/espanol\/wp-content\/uploads\/sites\/2\/2025\/12\/How-to-Obtain-Your-Atlanta-Police-Department-Car-Accident-Report.webp","contentUrl":"https:\/\/ceolawyer.com\/espanol\/wp-content\/uploads\/sites\/2\/2025\/12\/How-to-Obtain-Your-Atlanta-Police-Department-Car-Accident-Report.webp","width":500,"height":300,"caption":"Un auto de patrullaje detenido pr\u00f3ximo a la escena de un accidente en la calle de noche."},{"@type":"BreadcrumbList","@id":"https:\/\/ceolawyer.com\/espanol\/informe-de-accidente\/informe-policial-de-un-accidente-de-auto-en-georgia\/atlanta\/#breadcrumb","itemListElement":[{"@type":"ListItem","position":1,"name":"Home","item":"https:\/\/ceolawyer.com\/espanol\/"},{"@type":"ListItem","position":2,"name":"Consigue el Reporte Policial de tu Accidente de Auto","item":"https:\/\/ceolawyer.com\/espanol\/informe-de-accidente\/"},{"@type":"ListItem","position":3,"name":"C\u00f3mo Solicitar el Informe Policial de un Accidente de Auto en Georgia","item":"https:\/\/ceolawyer.com\/espanol\/informe-de-accidente\/informe-policial-de-un-accidente-de-auto-en-georgia\/"},{"@type":"ListItem","position":4,"name":"C\u00f3mo Obtener el Informe de tu Accidente de Auto del Departamento de Polic\u00eda de Atlanta"}]},{"@type":"WebSite","@id":"https:\/\/ceolawyer.com\/espanol\/#website","url":"https:\/\/ceolawyer.com\/espanol\/","name":"CEO Lawyer","description":"Personal Injury Attorney","publisher":{"@id":"https:\/\/ceolawyer.com\/espanol\/#organization"},"potentialAction":[{"@type":"SearchAction","target":{"@type":"EntryPoint","urlTemplate":"https:\/\/ceolawyer.com\/espanol\/?s={search_term_string}"},"query-input":{"@type":"PropertyValueSpecification","valueRequired":true,"valueName":"search_term_string"}}],"inLanguage":"en-US"},{"@type":"Organization","@id":"https:\/\/ceolawyer.com\/espanol\/#organization","name":"CEO Lawyer","url":"https:\/\/ceolawyer.com\/espanol\/","logo":{"@type":"ImageObject","inLanguage":"en-US","@id":"https:\/\/ceolawyer.com\/espanol\/#\/schema\/logo\/image\/","url":"https:\/\/ceolawyer.com\/espanol\/wp-content\/uploads\/sites\/2\/2022\/05\/CEO_Logo.png","contentUrl":"https:\/\/ceolawyer.com\/espanol\/wp-content\/uploads\/sites\/2\/2022\/05\/CEO_Logo.png","width":200,"height":108,"caption":"CEO Lawyer"},"image":{"@id":"https:\/\/ceolawyer.com\/espanol\/#\/schema\/logo\/image\/"}}]}},"_links":{"self":[{"href":"https:\/\/ceolawyer.com\/espanol\/wp-json\/wp\/v2\/pages\/12761","targetHints":{"allow":["GET"]}}],"collection":[{"href":"https:\/\/ceolawyer.com\/espanol\/wp-json\/wp\/v2\/pages"}],"about":[{"href":"https:\/\/ceolawyer.com\/espanol\/wp-json\/wp\/v2\/types\/page"}],"author":[{"embeddable":true,"href":"https:\/\/ceolawyer.com\/espanol\/wp-json\/wp\/v2\/users\/18"}],"replies":[{"embeddable":true,"href":"https:\/\/ceolawyer.com\/espanol\/wp-json\/wp\/v2\/comments?post=12761"}],"version-history":[{"count":0,"href":"https:\/\/ceolawyer.com\/espanol\/wp-json\/wp\/v2\/pages\/12761\/revisions"}],"up":[{"embeddable":true,"href":"https:\/\/ceolawyer.com\/espanol\/wp-json\/wp\/v2\/pages\/12737"}],"wp:featuredmedia":[{"embeddable":true,"href":"https:\/\/ceolawyer.com\/espanol\/wp-json\/wp\/v2\/media\/12763"}],"wp:attachment":[{"href":"https:\/\/ceolawyer.com\/espanol\/wp-json\/wp\/v2\/media?parent=12761"}],"curies":[{"name":"wp","href":"https:\/\/api.w.org\/{rel}","templated":true}]}}