{"id":12809,"date":"2025-12-19T15:41:32","date_gmt":"2025-12-19T15:41:32","guid":{"rendered":"https:\/\/ceolawyer.com\/espanol\/?page_id=12809"},"modified":"2025-12-19T15:47:06","modified_gmt":"2025-12-19T15:47:06","slug":"dekalb-county","status":"publish","type":"page","link":"https:\/\/ceolawyer.com\/espanol\/informe-de-accidente\/informe-policial-de-un-accidente-de-auto-en-georgia\/dekalb-county\/","title":{"rendered":"C\u00f3mo Obtener el Informe de tu Accidente de Auto del Departamento de Polic\u00eda del Condado de DeKalb"},"content":{"rendered":"<p><img decoding=\"async\" class=\"alignright size-full wp-image-12811\" src=\"https:\/\/ceolawyer.com\/espanol\/wp-content\/uploads\/sites\/2\/2025\/12\/How-to-Obtain-Your-DeKalb-County-Police-Department-Car-Accident-Report.webp\" alt=\"Una captura por detr\u00e1s de un auto policial detenido al lado de la calle de noche.\" width=\"500\" height=\"300\" srcset=\"https:\/\/ceolawyer.com\/espanol\/wp-content\/uploads\/sites\/2\/2025\/12\/How-to-Obtain-Your-DeKalb-County-Police-Department-Car-Accident-Report.webp 500w, https:\/\/ceolawyer.com\/espanol\/wp-content\/uploads\/sites\/2\/2025\/12\/How-to-Obtain-Your-DeKalb-County-Police-Department-Car-Accident-Report-300x180.webp 300w\" sizes=\"(max-width: 500px) 100vw, 500px\" \/>Tras un accidente automovil\u00edstico, conseguir una copia del informe policial es fundamental. Este documento oficial contiene detalles clave sobre el accidente y pueden servir para:<\/p>\n<ul>\n<li><strong>Presentar reclamaciones al seguro: <\/strong>Es una fuente imparcial de informaci\u00f3n, lo que puede acelerar tu reclamaci\u00f3n y ayudarte a obtener una compensaci\u00f3n justa.<\/li>\n<li><strong>Procesos legales: <\/strong>Si decides demandar a la parte culpable del accidente o tomar otras acciones legales, el informe proporciona un registro documentado del accidente y puede usarse como evidencia en tu caso.<\/li>\n<li><strong>Como registro personal: <\/strong>Contar con una copia del informe puede ser \u00fatil en el futuro si surgen dudas sobre el accidente.<\/li>\n<\/ul>\n<p>Si el accidente ocurri\u00f3 en el Condado de DeKalb, Georgia, el Departamento de Polic\u00eda de DeKalb es la entidad responsable de gestionar estos informes.<\/p>\n<h3>Antes de solicitar el informe\u2026 re\u00fane esta informaci\u00f3n<\/h3>\n<p>Tener a la mano estos datos te facilitar\u00e1 conseguir tu informe:<\/p>\n<ul>\n<li><strong>Fecha, hora y lugar del accidente<\/strong><\/li>\n<li><strong>N\u00famero de caso (si lo tienes)<\/strong><\/li>\n<li><strong>Informaci\u00f3n sobre los involucrados (nombres, datos de contacto)<\/strong><\/li>\n<\/ul>\n<h2>As\u00ed solicitas el informe de tu accidente con el Departamento de Polic\u00eda de DeKalb<\/h2>\n<h3>En l\u00ednea<\/h3>\n<ol>\n<li>Entra a <a href=\"http:\/\/buycrash.com\">BuyCrash.com<\/a>.<\/li>\n<li>Selecciona Georgia como tu estado.<\/li>\n<li>En el segundo men\u00fa desplegable, elige \u201cDeKalb County Police Department\u201d.<\/li>\n<li>Haz clic en \u201cStart Search\u201d.<\/li>\n<li>Ingresa los siguientes datos:<\/li>\n<\/ol>\n<ul>\n<li>Apellido<\/li>\n<li>Fecha del accidente<\/li>\n<li>N\u00famero de informe del caso<\/li>\n<li>VIN (N\u00famero de Identificaci\u00f3n del Veh\u00edculo)<\/li>\n<li>N\u00famero de licencia de conducir<\/li>\n<\/ul>\n<p>Nota: Puede aplicarse una tarifa por este servicio.<\/p>\n<h3>Por correo postal<\/h3>\n<ol>\n<li>Descarga y completa el <a href=\"https:\/\/www.dekalbcountyga.gov\/sites\/default\/files\/users\/user3654\/Motor%20Vehicle%20Accident%20Report%20Request%20Form.pdf\">Formulario de Solicitud de Informe de Accidente de Auto<\/a>.<\/li>\n<li>Env\u00eda el formulario junto con un cheque certificado o un giro postal por $5.00 d\u00f3lares (a nombre de \u201cDeKalb County Police Department\u201d) a la siguiente direcci\u00f3n:<\/li>\n<\/ol>\n<p>DeKalb County Police Department<\/p>\n<p>Attn: Police Records Section<\/p>\n<p>1960 West Exchange Place<\/p>\n<p>Second Floor, Room 210<\/p>\n<p>Tucker, GA 30084<\/p>\n<h3>En persona<\/h3>\n<ol>\n<li>Dir\u00edgete a las oficinas del departamento a: 1960 W. Exchange Place, Tucker, GA 30084<\/li>\n<ul>\n<li><strong>Horario de atenci\u00f3n: <\/strong>8:30AM-5:00PM.<\/li>\n<\/ul>\n<li>Se aplica una tarifa de $5.00 d\u00f3lares por la solicitud del informe.<\/li>\n<\/ol>\n<h4>Consideraciones adicionales al solicitar el informe de tu accidente<\/h4>\n<ul>\n<li>Los informes de incidentes que no se clasifican como accidentes (por ejemplo, atropellos con fuga) se manejan de diferente manera. Llama al Departamento de Polic\u00eda del Condado de DeKalb al <a href=\"tel:+14042942911\">(404) 294-2911<\/a> para obtener m\u00e1s informaci\u00f3n.<\/li>\n<li>No hay cargo por los dos primeros informes solicitados por correo electr\u00f3nico. A partir del tercero, se aplica una tarifa de $0.25 centavos por p\u00e1gina.<\/li>\n<li>Al solicitar el informe por correo postal o en persona, debes presentar una identificaci\u00f3n oficial v\u00e1lida.<\/li>\n<li>Los informes suelen estar disponibles en un lapso de cinco d\u00edas h\u00e1biles despu\u00e9s del accidente.<\/li>\n<li>Si el accidente ocurri\u00f3 en otro condado o estado, contacta a la agencia de polic\u00eda correspondiente.<\/li>\n<\/ul>\n<h3>Solicitar un informe de accidente antiguo<\/h3>\n<p>Si necesitas el reporte de un accidente que tuvo lugar hace varios a\u00f1os, sigue estos pasos:<\/p>\n<ol>\n<li>Contacta al Departamento de Polic\u00eda de DeKalb a trav\u00e9s de sus canales oficiales.<\/li>\n<li>Proporciona los detalles del accidente (fecha aproximada, lugar del accidente y cualquier dato relevante).<\/li>\n<li>Indica claramente que est\u00e1s pidiendo un informe antiguo y explica el motivo de tu solicitud.<\/li>\n<li>Ten en cuenta que la recuperaci\u00f3n de registros antiguos puede tardar m\u00e1s tiempo, ya que podr\u00edan estar archivados.<\/li>\n<\/ol>\n<h2>\u00bfC\u00f3mo puede ayudarte un abogado experimentado en accidentes de auto?<\/h2>\n<p>Si est\u00e1s en medio de una reclamaci\u00f3n de seguros o un procedimiento legal tras un accidente, considera buscar apoyo legal de un <a href=\"https:\/\/ceolawyer.com\/dekalb-county-personal-injury\/car-accident-lawyer\/\">profesional en accidentes de autom\u00f3vil en el Condado de DeKalb<\/a>.<\/p>\n<h3>\u00bfQu\u00e9 incluye el informe policial de un accidente?<\/h3>\n<ul>\n<li>Fecha, hora y lugar del accidente.<\/li>\n<li>Nombres, informaci\u00f3n de contacto y datos de la licencia de conducir de los involucrados.<\/li>\n<li>Declaraciones de conductores, pasajeros y testigos.<\/li>\n<li>Un diagrama del accidente que muestra la escena y el punto de colisi\u00f3n.<\/li>\n<li>Las conclusiones del oficial sobre la causa del accidente.<\/li>\n<\/ul>\n<h3>\u00bfQu\u00e9 servicios puede proveerte un abogado?<\/h3>\n<ul>\n<li>Organizar y analizar las pruebas del caso\u2014incluyendo el informe policial.<\/li>\n<li>Acceso a una red de profesionales que pueden fortalecer tu caso.<\/li>\n<li>Lidia con las aseguradoras y abogados defensores para garantizar que recibas una compensaci\u00f3n justa.<\/li>\n<li>Organiza toda la documentaci\u00f3n sobre da\u00f1os, incluyendo registros y gastos m\u00e9dicos.<\/li>\n<li>Gestiona los pagos a entidades con derechos sobre tu reclamaci\u00f3n.<\/li>\n<li>Negociaciones de acuerdos.<\/li>\n<\/ul>\n<p>Un abogado con experiencia en accidentes de auto es la opci\u00f3n para proteger tus derechos y llegar al acuerdo que te convenga y cubra tus necesidades.<\/p>\n<p>Si quieres m\u00e1s informaci\u00f3n o asistencia, contacta a CEO Lawyer Personal Injury Law Firm a los siguientes tel\u00e9fonos:<\/p>\n<ul>\n<li><a href=\"tel:+14708229057\">(470) 822-9057<\/a>.<\/li>\n<li>Atlanta: <a href=\"tel:+14237778888\">(404) 777-4919<\/a>.<\/li>\n<li>Chattanooga: <a href=\"tel:+14237778888\">(423) 777-8888<\/a>.<\/li>\n<\/ul>\n<p>Recuerda que tu seguridad mientras manejas debe ser una prioridad. Mantente informado, maneja con precauci\u00f3n y conoce cu\u00e1les son tus derechos si llegas a tener un accidente de auto.<\/p>\n<p><em>Aviso: Este art\u00edculo es meramente informativo y no constituye asesor\u00eda legal. Para recibir apoyo espec\u00edfico sobre tu accidente, acude a nosotros para una consulta o contacta a tu abogado.<\/em><\/p>\n","protected":false},"excerpt":{"rendered":"<p>Tras un accidente automovil\u00edstico, conseguir una copia del informe policial es fundamental. Este documento oficial contiene detalles clave sobre el accidente y pueden servir para: Presentar reclamaciones al seguro: Es una fuente imparcial de informaci\u00f3n, lo que puede acelerar tu reclamaci\u00f3n y ayudarte a obtener una compensaci\u00f3n justa. Procesos legales: Si decides demandar a la [&hellip;]<\/p>\n","protected":false},"author":18,"featured_media":12811,"parent":12737,"menu_order":0,"comment_status":"closed","ping_status":"closed","template":"","meta":{"_acf_changed":false,"footnotes":""},"class_list":["post-12809","page","type-page","status-publish","has-post-thumbnail","hentry"],"acf":[],"yoast_head":"<!-- This site is optimized with the Yoast SEO plugin v27.4 - https:\/\/yoast.com\/product\/yoast-seo-wordpress\/ -->\n<title>C\u00f3mo Obtener el Informe de tu Accidente de Auto del Departamento de Polic\u00eda del Condado de DeKalb | CEO Lawyer<\/title>\n<meta name=\"description\" content=\"Conseguir el reporte de tu accidente de auto del Departamento de Polic\u00eda de Dekalb es f\u00e1cil, s\u00f3lo sigue nuestras instrucciones. Contacta a CEO Lawyer Personal Injury Law Firm para m\u00e1s apoyo legal al (470) 822-9057.\" \/>\n<meta name=\"robots\" content=\"index, follow, max-snippet:-1, max-image-preview:large, max-video-preview:-1\" \/>\n<link rel=\"canonical\" href=\"https:\/\/ceolawyer.com\/espanol\/informe-de-accidente\/informe-policial-de-un-accidente-de-auto-en-georgia\/dekalb-county\/\" \/>\n<meta property=\"og:locale\" content=\"en_US\" \/>\n<meta property=\"og:type\" content=\"article\" \/>\n<meta property=\"og:title\" content=\"C\u00f3mo Obtener el Informe de tu Accidente de Auto del Departamento de Polic\u00eda del Condado de DeKalb | CEO Lawyer\" \/>\n<meta property=\"og:description\" content=\"Conseguir el reporte de tu accidente de auto del Departamento de Polic\u00eda de Dekalb es f\u00e1cil, s\u00f3lo sigue nuestras instrucciones. Contacta a CEO Lawyer Personal Injury Law Firm para m\u00e1s apoyo legal al (470) 822-9057.\" \/>\n<meta property=\"og:url\" content=\"https:\/\/ceolawyer.com\/espanol\/informe-de-accidente\/informe-policial-de-un-accidente-de-auto-en-georgia\/dekalb-county\/\" \/>\n<meta property=\"og:site_name\" content=\"CEO Lawyer\" \/>\n<meta property=\"article:modified_time\" content=\"2025-12-19T15:47:06+00:00\" \/>\n<meta property=\"og:image\" content=\"https:\/\/ceolawyer.com\/espanol\/wp-content\/uploads\/sites\/2\/2025\/12\/How-to-Obtain-Your-DeKalb-County-Police-Department-Car-Accident-Report.webp\" \/>\n\t<meta property=\"og:image:width\" content=\"500\" \/>\n\t<meta property=\"og:image:height\" content=\"300\" \/>\n\t<meta property=\"og:image:type\" content=\"image\/webp\" \/>\n<meta name=\"twitter:card\" content=\"summary_large_image\" \/>\n<meta name=\"twitter:label1\" content=\"Est. reading time\" \/>\n\t<meta name=\"twitter:data1\" content=\"4 minutes\" \/>\n<script type=\"application\/ld+json\" class=\"yoast-schema-graph\">{\"@context\":\"https:\\\/\\\/schema.org\",\"@graph\":[{\"@type\":\"WebPage\",\"@id\":\"https:\\\/\\\/ceolawyer.com\\\/espanol\\\/informe-de-accidente\\\/informe-policial-de-un-accidente-de-auto-en-georgia\\\/dekalb-county\\\/\",\"url\":\"https:\\\/\\\/ceolawyer.com\\\/espanol\\\/informe-de-accidente\\\/informe-policial-de-un-accidente-de-auto-en-georgia\\\/dekalb-county\\\/\",\"name\":\"C\u00f3mo Obtener el Informe de tu Accidente de Auto del Departamento de Polic\u00eda del Condado de DeKalb | CEO Lawyer\",\"isPartOf\":{\"@id\":\"https:\\\/\\\/ceolawyer.com\\\/espanol\\\/#website\"},\"primaryImageOfPage\":{\"@id\":\"https:\\\/\\\/ceolawyer.com\\\/espanol\\\/informe-de-accidente\\\/informe-policial-de-un-accidente-de-auto-en-georgia\\\/dekalb-county\\\/#primaryimage\"},\"image\":{\"@id\":\"https:\\\/\\\/ceolawyer.com\\\/espanol\\\/informe-de-accidente\\\/informe-policial-de-un-accidente-de-auto-en-georgia\\\/dekalb-county\\\/#primaryimage\"},\"thumbnailUrl\":\"https:\\\/\\\/ceolawyer.com\\\/espanol\\\/wp-content\\\/uploads\\\/sites\\\/2\\\/2025\\\/12\\\/How-to-Obtain-Your-DeKalb-County-Police-Department-Car-Accident-Report.webp\",\"datePublished\":\"2025-12-19T15:41:32+00:00\",\"dateModified\":\"2025-12-19T15:47:06+00:00\",\"description\":\"Conseguir el reporte de tu accidente de auto del Departamento de Polic\u00eda de Dekalb es f\u00e1cil, s\u00f3lo sigue nuestras instrucciones. Contacta a CEO Lawyer Personal Injury Law Firm para m\u00e1s apoyo legal al (470) 822-9057.\",\"breadcrumb\":{\"@id\":\"https:\\\/\\\/ceolawyer.com\\\/espanol\\\/informe-de-accidente\\\/informe-policial-de-un-accidente-de-auto-en-georgia\\\/dekalb-county\\\/#breadcrumb\"},\"inLanguage\":\"en-US\",\"potentialAction\":[{\"@type\":\"ReadAction\",\"target\":[\"https:\\\/\\\/ceolawyer.com\\\/espanol\\\/informe-de-accidente\\\/informe-policial-de-un-accidente-de-auto-en-georgia\\\/dekalb-county\\\/\"]}]},{\"@type\":\"ImageObject\",\"inLanguage\":\"en-US\",\"@id\":\"https:\\\/\\\/ceolawyer.com\\\/espanol\\\/informe-de-accidente\\\/informe-policial-de-un-accidente-de-auto-en-georgia\\\/dekalb-county\\\/#primaryimage\",\"url\":\"https:\\\/\\\/ceolawyer.com\\\/espanol\\\/wp-content\\\/uploads\\\/sites\\\/2\\\/2025\\\/12\\\/How-to-Obtain-Your-DeKalb-County-Police-Department-Car-Accident-Report.webp\",\"contentUrl\":\"https:\\\/\\\/ceolawyer.com\\\/espanol\\\/wp-content\\\/uploads\\\/sites\\\/2\\\/2025\\\/12\\\/How-to-Obtain-Your-DeKalb-County-Police-Department-Car-Accident-Report.webp\",\"width\":500,\"height\":300,\"caption\":\"Una captura por detr\u00e1s de un auto policial detenido al lado de la calle de noche.\"},{\"@type\":\"BreadcrumbList\",\"@id\":\"https:\\\/\\\/ceolawyer.com\\\/espanol\\\/informe-de-accidente\\\/informe-policial-de-un-accidente-de-auto-en-georgia\\\/dekalb-county\\\/#breadcrumb\",\"itemListElement\":[{\"@type\":\"ListItem\",\"position\":1,\"name\":\"Home\",\"item\":\"https:\\\/\\\/ceolawyer.com\\\/espanol\\\/\"},{\"@type\":\"ListItem\",\"position\":2,\"name\":\"Consigue el Reporte Policial de tu Accidente de Auto\",\"item\":\"https:\\\/\\\/ceolawyer.com\\\/espanol\\\/informe-de-accidente\\\/\"},{\"@type\":\"ListItem\",\"position\":3,\"name\":\"C\u00f3mo Solicitar el Informe Policial de un Accidente de Auto en Georgia\",\"item\":\"https:\\\/\\\/ceolawyer.com\\\/espanol\\\/informe-de-accidente\\\/informe-policial-de-un-accidente-de-auto-en-georgia\\\/\"},{\"@type\":\"ListItem\",\"position\":4,\"name\":\"C\u00f3mo Obtener el Informe de tu Accidente de Auto del Departamento de Polic\u00eda del Condado de DeKalb\"}]},{\"@type\":\"WebSite\",\"@id\":\"https:\\\/\\\/ceolawyer.com\\\/espanol\\\/#website\",\"url\":\"https:\\\/\\\/ceolawyer.com\\\/espanol\\\/\",\"name\":\"CEO Lawyer\",\"description\":\"Personal Injury Attorney\",\"publisher\":{\"@id\":\"https:\\\/\\\/ceolawyer.com\\\/espanol\\\/#organization\"},\"potentialAction\":[{\"@type\":\"SearchAction\",\"target\":{\"@type\":\"EntryPoint\",\"urlTemplate\":\"https:\\\/\\\/ceolawyer.com\\\/espanol\\\/?s={search_term_string}\"},\"query-input\":{\"@type\":\"PropertyValueSpecification\",\"valueRequired\":true,\"valueName\":\"search_term_string\"}}],\"inLanguage\":\"en-US\"},{\"@type\":\"Organization\",\"@id\":\"https:\\\/\\\/ceolawyer.com\\\/espanol\\\/#organization\",\"name\":\"CEO Lawyer\",\"url\":\"https:\\\/\\\/ceolawyer.com\\\/espanol\\\/\",\"logo\":{\"@type\":\"ImageObject\",\"inLanguage\":\"en-US\",\"@id\":\"https:\\\/\\\/ceolawyer.com\\\/espanol\\\/#\\\/schema\\\/logo\\\/image\\\/\",\"url\":\"https:\\\/\\\/ceolawyer.com\\\/espanol\\\/wp-content\\\/uploads\\\/sites\\\/2\\\/2022\\\/05\\\/CEO_Logo.png\",\"contentUrl\":\"https:\\\/\\\/ceolawyer.com\\\/espanol\\\/wp-content\\\/uploads\\\/sites\\\/2\\\/2022\\\/05\\\/CEO_Logo.png\",\"width\":200,\"height\":108,\"caption\":\"CEO Lawyer\"},\"image\":{\"@id\":\"https:\\\/\\\/ceolawyer.com\\\/espanol\\\/#\\\/schema\\\/logo\\\/image\\\/\"}}]}<\/script>\n<!-- \/ Yoast SEO plugin. -->","yoast_head_json":{"title":"C\u00f3mo Obtener el Informe de tu Accidente de Auto del Departamento de Polic\u00eda del Condado de DeKalb | CEO Lawyer","description":"Conseguir el reporte de tu accidente de auto del Departamento de Polic\u00eda de Dekalb es f\u00e1cil, s\u00f3lo sigue nuestras instrucciones. Contacta a CEO Lawyer Personal Injury Law Firm para m\u00e1s apoyo legal al (470) 822-9057.","robots":{"index":"index","follow":"follow","max-snippet":"max-snippet:-1","max-image-preview":"max-image-preview:large","max-video-preview":"max-video-preview:-1"},"canonical":"https:\/\/ceolawyer.com\/espanol\/informe-de-accidente\/informe-policial-de-un-accidente-de-auto-en-georgia\/dekalb-county\/","og_locale":"en_US","og_type":"article","og_title":"C\u00f3mo Obtener el Informe de tu Accidente de Auto del Departamento de Polic\u00eda del Condado de DeKalb | CEO Lawyer","og_description":"Conseguir el reporte de tu accidente de auto del Departamento de Polic\u00eda de Dekalb es f\u00e1cil, s\u00f3lo sigue nuestras instrucciones. Contacta a CEO Lawyer Personal Injury Law Firm para m\u00e1s apoyo legal al (470) 822-9057.","og_url":"https:\/\/ceolawyer.com\/espanol\/informe-de-accidente\/informe-policial-de-un-accidente-de-auto-en-georgia\/dekalb-county\/","og_site_name":"CEO Lawyer","article_modified_time":"2025-12-19T15:47:06+00:00","og_image":[{"width":500,"height":300,"url":"https:\/\/ceolawyer.com\/espanol\/wp-content\/uploads\/sites\/2\/2025\/12\/How-to-Obtain-Your-DeKalb-County-Police-Department-Car-Accident-Report.webp","type":"image\/webp"}],"twitter_card":"summary_large_image","twitter_misc":{"Est. reading time":"4 minutes"},"schema":{"@context":"https:\/\/schema.org","@graph":[{"@type":"WebPage","@id":"https:\/\/ceolawyer.com\/espanol\/informe-de-accidente\/informe-policial-de-un-accidente-de-auto-en-georgia\/dekalb-county\/","url":"https:\/\/ceolawyer.com\/espanol\/informe-de-accidente\/informe-policial-de-un-accidente-de-auto-en-georgia\/dekalb-county\/","name":"C\u00f3mo Obtener el Informe de tu Accidente de Auto del Departamento de Polic\u00eda del Condado de DeKalb | CEO Lawyer","isPartOf":{"@id":"https:\/\/ceolawyer.com\/espanol\/#website"},"primaryImageOfPage":{"@id":"https:\/\/ceolawyer.com\/espanol\/informe-de-accidente\/informe-policial-de-un-accidente-de-auto-en-georgia\/dekalb-county\/#primaryimage"},"image":{"@id":"https:\/\/ceolawyer.com\/espanol\/informe-de-accidente\/informe-policial-de-un-accidente-de-auto-en-georgia\/dekalb-county\/#primaryimage"},"thumbnailUrl":"https:\/\/ceolawyer.com\/espanol\/wp-content\/uploads\/sites\/2\/2025\/12\/How-to-Obtain-Your-DeKalb-County-Police-Department-Car-Accident-Report.webp","datePublished":"2025-12-19T15:41:32+00:00","dateModified":"2025-12-19T15:47:06+00:00","description":"Conseguir el reporte de tu accidente de auto del Departamento de Polic\u00eda de Dekalb es f\u00e1cil, s\u00f3lo sigue nuestras instrucciones. Contacta a CEO Lawyer Personal Injury Law Firm para m\u00e1s apoyo legal al (470) 822-9057.","breadcrumb":{"@id":"https:\/\/ceolawyer.com\/espanol\/informe-de-accidente\/informe-policial-de-un-accidente-de-auto-en-georgia\/dekalb-county\/#breadcrumb"},"inLanguage":"en-US","potentialAction":[{"@type":"ReadAction","target":["https:\/\/ceolawyer.com\/espanol\/informe-de-accidente\/informe-policial-de-un-accidente-de-auto-en-georgia\/dekalb-county\/"]}]},{"@type":"ImageObject","inLanguage":"en-US","@id":"https:\/\/ceolawyer.com\/espanol\/informe-de-accidente\/informe-policial-de-un-accidente-de-auto-en-georgia\/dekalb-county\/#primaryimage","url":"https:\/\/ceolawyer.com\/espanol\/wp-content\/uploads\/sites\/2\/2025\/12\/How-to-Obtain-Your-DeKalb-County-Police-Department-Car-Accident-Report.webp","contentUrl":"https:\/\/ceolawyer.com\/espanol\/wp-content\/uploads\/sites\/2\/2025\/12\/How-to-Obtain-Your-DeKalb-County-Police-Department-Car-Accident-Report.webp","width":500,"height":300,"caption":"Una captura por detr\u00e1s de un auto policial detenido al lado de la calle de noche."},{"@type":"BreadcrumbList","@id":"https:\/\/ceolawyer.com\/espanol\/informe-de-accidente\/informe-policial-de-un-accidente-de-auto-en-georgia\/dekalb-county\/#breadcrumb","itemListElement":[{"@type":"ListItem","position":1,"name":"Home","item":"https:\/\/ceolawyer.com\/espanol\/"},{"@type":"ListItem","position":2,"name":"Consigue el Reporte Policial de tu Accidente de Auto","item":"https:\/\/ceolawyer.com\/espanol\/informe-de-accidente\/"},{"@type":"ListItem","position":3,"name":"C\u00f3mo Solicitar el Informe Policial de un Accidente de Auto en Georgia","item":"https:\/\/ceolawyer.com\/espanol\/informe-de-accidente\/informe-policial-de-un-accidente-de-auto-en-georgia\/"},{"@type":"ListItem","position":4,"name":"C\u00f3mo Obtener el Informe de tu Accidente de Auto del Departamento de Polic\u00eda del Condado de DeKalb"}]},{"@type":"WebSite","@id":"https:\/\/ceolawyer.com\/espanol\/#website","url":"https:\/\/ceolawyer.com\/espanol\/","name":"CEO Lawyer","description":"Personal Injury Attorney","publisher":{"@id":"https:\/\/ceolawyer.com\/espanol\/#organization"},"potentialAction":[{"@type":"SearchAction","target":{"@type":"EntryPoint","urlTemplate":"https:\/\/ceolawyer.com\/espanol\/?s={search_term_string}"},"query-input":{"@type":"PropertyValueSpecification","valueRequired":true,"valueName":"search_term_string"}}],"inLanguage":"en-US"},{"@type":"Organization","@id":"https:\/\/ceolawyer.com\/espanol\/#organization","name":"CEO Lawyer","url":"https:\/\/ceolawyer.com\/espanol\/","logo":{"@type":"ImageObject","inLanguage":"en-US","@id":"https:\/\/ceolawyer.com\/espanol\/#\/schema\/logo\/image\/","url":"https:\/\/ceolawyer.com\/espanol\/wp-content\/uploads\/sites\/2\/2022\/05\/CEO_Logo.png","contentUrl":"https:\/\/ceolawyer.com\/espanol\/wp-content\/uploads\/sites\/2\/2022\/05\/CEO_Logo.png","width":200,"height":108,"caption":"CEO Lawyer"},"image":{"@id":"https:\/\/ceolawyer.com\/espanol\/#\/schema\/logo\/image\/"}}]}},"_links":{"self":[{"href":"https:\/\/ceolawyer.com\/espanol\/wp-json\/wp\/v2\/pages\/12809","targetHints":{"allow":["GET"]}}],"collection":[{"href":"https:\/\/ceolawyer.com\/espanol\/wp-json\/wp\/v2\/pages"}],"about":[{"href":"https:\/\/ceolawyer.com\/espanol\/wp-json\/wp\/v2\/types\/page"}],"author":[{"embeddable":true,"href":"https:\/\/ceolawyer.com\/espanol\/wp-json\/wp\/v2\/users\/18"}],"replies":[{"embeddable":true,"href":"https:\/\/ceolawyer.com\/espanol\/wp-json\/wp\/v2\/comments?post=12809"}],"version-history":[{"count":0,"href":"https:\/\/ceolawyer.com\/espanol\/wp-json\/wp\/v2\/pages\/12809\/revisions"}],"up":[{"embeddable":true,"href":"https:\/\/ceolawyer.com\/espanol\/wp-json\/wp\/v2\/pages\/12737"}],"wp:featuredmedia":[{"embeddable":true,"href":"https:\/\/ceolawyer.com\/espanol\/wp-json\/wp\/v2\/media\/12811"}],"wp:attachment":[{"href":"https:\/\/ceolawyer.com\/espanol\/wp-json\/wp\/v2\/media?parent=12809"}],"curies":[{"name":"wp","href":"https:\/\/api.w.org\/{rel}","templated":true}]}}