{"id":12815,"date":"2025-12-19T15:54:26","date_gmt":"2025-12-19T15:54:26","guid":{"rendered":"https:\/\/ceolawyer.com\/espanol\/?page_id=12815"},"modified":"2025-12-19T16:00:06","modified_gmt":"2025-12-19T16:00:06","slug":"dougherty-county","status":"publish","type":"page","link":"https:\/\/ceolawyer.com\/espanol\/informe-de-accidente\/informe-policial-de-un-accidente-de-auto-en-georgia\/dougherty-county\/","title":{"rendered":"C\u00f3mo Obtener el Informe de tu Accidente de Auto del Departamento de Polic\u00eda del Condado de Dougherty"},"content":{"rendered":"<p><img decoding=\"async\" class=\"alignright size-full wp-image-12817\" src=\"https:\/\/ceolawyer.com\/espanol\/wp-content\/uploads\/sites\/2\/2025\/12\/How-to-Obtain-Your-Dekalb-Sheriffs-Office-Car-Accident-Report-1.webp\" alt=\"Un oficial policial dejando su auto para acercarse al veh\u00edculo de una v\u00edctima de accidente.\" width=\"500\" height=\"300\" srcset=\"https:\/\/ceolawyer.com\/espanol\/wp-content\/uploads\/sites\/2\/2025\/12\/How-to-Obtain-Your-Dekalb-Sheriffs-Office-Car-Accident-Report-1.webp 500w, https:\/\/ceolawyer.com\/espanol\/wp-content\/uploads\/sites\/2\/2025\/12\/How-to-Obtain-Your-Dekalb-Sheriffs-Office-Car-Accident-Report-1-300x180.webp 300w\" sizes=\"(max-width: 500px) 100vw, 500px\" \/>Los accidentes de tr\u00e1fico pueden ser momentos de estr\u00e9s y es normal sentirse abrumado: Desde garantizar que todos est\u00e9n a salvo, hasta lidiar con los reclamos del seguro (lo que va a necesitar toda tu atenci\u00f3n y revisar cada detalle). Si estuviste involucrado en un accidente de auto en el Condado de Dougherty, Georgia, conseguir el informe del Departamento de Polic\u00eda local es un paso importante.<\/p>\n<p>Este reporte tiene informaci\u00f3n sobre el accidente que puede ayudarte con los reclamos del seguro, procesos legales o para tus registros personales.<\/p>\n<h3>Sobre el Departamento de Polic\u00eda del Condado de Dougherty<\/h3>\n<p>El departamento atiende las \u00e1reas no incorporadas del condado, cubriendo 269 millas cuadradas y 474 millas de carretera, con una poblaci\u00f3n aproximada de 18,189 habitantes. Su misi\u00f3n es mejorar la calidad de vida de todos los residentes promoviendo la seguridad p\u00fablica, resolviendo casos criminales, protegiendo los derechos de los ciudadanos y proporcionando programas educativos para la comunidad<\/p>\n<h2>Pasos para conseguir el informe policial de tu accidente<\/h2>\n<h3>En persona<\/h3>\n<ul>\n<li>Visita las oficinas del Departamento de Polic\u00eda del Condado de Dougherty en: 2106 Habersham Road, Albany, Georgia 31701.<\/li>\n<li>Estando ah\u00ed, el personal te brindar\u00e1 apoyo para solicitar el reporte.<\/li>\n<li>La tarifa es de $5.00 d\u00f3lares, con un costo adicional de $0.10 centavos por cada p\u00e1gina extra.<\/li>\n<li>Generalmente, el informe est\u00e1 disponible entre <strong>tres y cinco d\u00edas<\/strong> despu\u00e9s del accidente.<\/li>\n<\/ul>\n<h3>Por tel\u00e9fono<\/h3>\n<ul>\n<li>Llama a las oficinas del departamento al <a href=\"tel:+12294306600\">(229) 430-6600<\/a>.<\/li>\n<li>Pregunta sobre el reporte policial de tu accidente, proporcionando la informaci\u00f3n necesaria.<\/li>\n<li>Tambi\u00e9n puedes pedir m\u00e1s informaci\u00f3n sobre el proceso y las tarifas.<\/li>\n<\/ul>\n<h3>En l\u00ednea<\/h3>\n<p>Actualmente, el informe no est\u00e1 disponible directamente en el sitio web del departamento. Sin embargo, puedes intentar obtenerlo a trav\u00e9s de BuyCrash (pueden aplicarse tarifas adicionales).<\/p>\n<p>Para solicitarlo sigue estos pasos:<\/p>\n<ol>\n<li>Ingresa a <a href=\"http:\/\/buycrash.com\">BuyCrash.com<\/a>.<\/li>\n<li>Selecciona \u201cGeorgia\u201d como tu estado.<\/li>\n<li>En el segundo men\u00fa desplegable, elige \u201cDougherty County Police Department\u201d como la jurisdicci\u00f3n.<\/li>\n<li>Haz clic en \u201cStart Search\u201d para comenzar.<\/li>\n<li>Ingresa la siguiente informaci\u00f3n:<\/li>\n<\/ol>\n<ul>\n<li>Apellido<\/li>\n<li>Fecha del accidente<\/li>\n<li>N\u00famero del informe<\/li>\n<li>N\u00famero de Identificaci\u00f3n del Veh\u00edculo<\/li>\n<li>N\u00famero de licencia de conducir<\/li>\n<\/ul>\n<h2>Qu\u00e9 contiene el informe de tu accidente<\/h2>\n<p>El reporte elaborado por el Departamento de Polic\u00eda del Condado de Dougherty, generalmente, incluye:<\/p>\n<h4>Datos del accidente<\/h4>\n<ul>\n<li>Fecha y hora del accidente<\/li>\n<li>Ubicaci\u00f3n exacta, incluyendo calles o intersecciones.<\/li>\n<li>Condiciones clim\u00e1ticas y de la carretera en el momento del accidente.<\/li>\n<\/ul>\n<h4>Informaci\u00f3n de los involucrados y los veh\u00edculos<\/h4>\n<ul>\n<li>Descripci\u00f3n de los autom\u00f3viles involucrados (marca, modelo, color y matr\u00edculas).<\/li>\n<li>Datos de contacto de conductores, pasajeros y testigos.<\/li>\n<li>Informaci\u00f3n sobre las lesiones y da\u00f1os materiales.<\/li>\n<li>N\u00fameros de licencias de conducir.<\/li>\n<li>Informaci\u00f3n del seguro (compa\u00f1\u00edas y n\u00fameros de p\u00f3liza).<\/li>\n<li>Detalles del registro vehicular.<\/li>\n<\/ul>\n<h4>Descripci\u00f3n del accidente<\/h4>\n<ul>\n<li>Un recuento detallado de c\u00f3mo ocurri\u00f3 el accidente, incluyendo declaraciones de todos los involucrados y testigos.<\/li>\n<li>Diagramas de la escena del accidente.<\/li>\n<li>Factores contribuyentes.<\/li>\n<\/ul>\n<h4>Datos del oficial<\/h4>\n<ul>\n<li>Nombre y n\u00famero de placa del oficial que respondi\u00f3 al accidente.<\/li>\n<li>N\u00famero del informe.<\/li>\n<li>Informaci\u00f3n de contacto del oficial para consultas adicionales.<\/li>\n<\/ul>\n<h3>Por qu\u00e9 el informe es importante<\/h3>\n<p>El reporte es un documento oficial que puede ser usado para:<\/p>\n<ul>\n<li><strong>Reclamos de seguro: <\/strong>Facilita la resoluci\u00f3n de tu reclamo con tu compa\u00f1\u00eda de seguros.<\/li>\n<li><strong>Procesos legales: <\/strong>Puede servir como evidencia en caso de que decidas tomar acciones legales contra las partes responsables.<\/li>\n<li><strong>Aclaraci\u00f3n de los hechos: <\/strong>Ayuda a entender la secuencia de eventos y los factores que influyeron en el accidente.<\/li>\n<\/ul>\n<h3>Causas comunes de accidentes en el Condado de Dougherty<\/h3>\n<ul>\n<li>Exceso de velocidad.<\/li>\n<li>Conducir bajo los efectos del alcohol.<\/li>\n<li>No usar cintur\u00f3n de seguridad.<\/li>\n<li>Distracci\u00f3n al volante (uso de tel\u00e9fono, entre otros).<\/li>\n<li>Zonas de construcci\u00f3n inseguras.<\/li>\n<li>Iluminaci\u00f3n deficiente y dise\u00f1o de carreteras.<\/li>\n<li>Accidentes con camiones.<\/li>\n<\/ul>\n<h2>Qu\u00e9 hacer si encuentras errores en tu informe<\/h2>\n<p>Sigue estos pasos:<\/p>\n<ol>\n<li>Contacta al oficial que redact\u00f3 el informe y explica las inexactitudes.<\/li>\n<li>Re\u00fane evidencia como fotos o declaraciones de testigos que respalden tu reclamo.<\/li>\n<li>Consulta si el departamento permite solicitar modificaciones al informe.<\/li>\n<li>Si el error afecta tu caso, busca asesor\u00eda legal.<\/li>\n<\/ol>\n<h3>Consejos para evitar errores en futuros informes<\/h3>\n<ul>\n<li>Mant\u00e9n la calma y evita discusiones en la escena del accidente.<\/li>\n<li>Intercambia la informaci\u00f3n correcta con los otros involucrados.<\/li>\n<li>Toma fotos claras de la escena y de los veh\u00edculos.<\/li>\n<li>Consigue los datos de contacto de testigos.<\/li>\n<li>Llama a la polic\u00eda de inmediato y coopera con los oficiales.<\/li>\n<li>Proporciona informaci\u00f3n espec\u00edfica y precisa sobre el accidente.<\/li>\n<li>Revisa el informe y solicita correcciones si es necesario.<\/li>\n<li>Busca la asesor\u00eda de un abogado experimentado en da\u00f1os personales.<\/li>\n<\/ul>\n<h2>El rol de un abogado de accidentes de auto<\/h2>\n<p>Un abogado puede ayudarte a:<\/p>\n<ul>\n<li>Brindar asesor\u00eda legal adecuada.<\/li>\n<li>Investigar a fondo tu caso y recopilar evidencia.<\/li>\n<li>Determinar la responsabilidad en el accidente.<\/li>\n<li>Negociar para obtener una compensaci\u00f3n justa.<\/li>\n<li>Evaluar los da\u00f1os, incluyendo gastos m\u00e9dicos y salarios perdidos.<\/li>\n<li>Representarte en caso de una demanda.<\/li>\n<\/ul>\n<p>Si tuviste un accidente de tr\u00e1fico en el Condado de Dougherty y necesitas representaci\u00f3n legal, contacta a CEO Lawyer Personal Injury Law Firm. Nuestro <a href=\"https:\/\/ceolawyer.com\/georgia-personal-injury\/car-accident-lawyer\/\">equipo de abogados con experiencia<\/a> te brindar\u00e1 la ayuda que necesitas.<\/p>\n","protected":false},"excerpt":{"rendered":"<p>Los accidentes de tr\u00e1fico pueden ser momentos de estr\u00e9s y es normal sentirse abrumado: Desde garantizar que todos est\u00e9n a salvo, hasta lidiar con los reclamos del seguro (lo que va a necesitar toda tu atenci\u00f3n y revisar cada detalle). Si estuviste involucrado en un accidente de auto en el Condado de Dougherty, Georgia, conseguir [&hellip;]<\/p>\n","protected":false},"author":18,"featured_media":12817,"parent":12737,"menu_order":0,"comment_status":"closed","ping_status":"closed","template":"","meta":{"_acf_changed":false,"footnotes":""},"class_list":["post-12815","page","type-page","status-publish","has-post-thumbnail","hentry"],"acf":[],"yoast_head":"<!-- This site is optimized with the Yoast SEO plugin v27.5 - https:\/\/yoast.com\/product\/yoast-seo-wordpress\/ -->\n<title>C\u00f3mo Obtener el Informe de tu Accidente de Auto del Departamento de Polic\u00eda del Condado de Dougherty | CEO Lawyer<\/title>\n<meta name=\"description\" content=\"Contacta a CEO Lawyer Personal Injury Law Firm y descubre c\u00f3mo solicitar el informe de polic\u00eda de tu accidente de auto del departamento de polic\u00eda de Dougherty\" \/>\n<meta name=\"robots\" content=\"index, follow, max-snippet:-1, max-image-preview:large, max-video-preview:-1\" \/>\n<link rel=\"canonical\" href=\"https:\/\/ceolawyer.com\/espanol\/informe-de-accidente\/informe-policial-de-un-accidente-de-auto-en-georgia\/dougherty-county\/\" \/>\n<meta property=\"og:locale\" content=\"en_US\" \/>\n<meta property=\"og:type\" content=\"article\" \/>\n<meta property=\"og:title\" content=\"C\u00f3mo Obtener el Informe de tu Accidente de Auto del Departamento de Polic\u00eda del Condado de Dougherty | CEO Lawyer\" \/>\n<meta property=\"og:description\" content=\"Contacta a CEO Lawyer Personal Injury Law Firm y descubre c\u00f3mo solicitar el informe de polic\u00eda de tu accidente de auto del departamento de polic\u00eda de Dougherty\" \/>\n<meta property=\"og:url\" content=\"https:\/\/ceolawyer.com\/espanol\/informe-de-accidente\/informe-policial-de-un-accidente-de-auto-en-georgia\/dougherty-county\/\" \/>\n<meta property=\"og:site_name\" content=\"CEO Lawyer\" \/>\n<meta property=\"article:modified_time\" content=\"2025-12-19T16:00:06+00:00\" \/>\n<meta property=\"og:image\" content=\"https:\/\/ceolawyer.com\/espanol\/wp-content\/uploads\/sites\/2\/2025\/12\/How-to-Obtain-Your-Dekalb-Sheriffs-Office-Car-Accident-Report-1.webp\" \/>\n\t<meta property=\"og:image:width\" content=\"500\" \/>\n\t<meta property=\"og:image:height\" content=\"300\" \/>\n\t<meta property=\"og:image:type\" content=\"image\/webp\" \/>\n<meta name=\"twitter:card\" content=\"summary_large_image\" \/>\n<meta name=\"twitter:label1\" content=\"Est. reading time\" \/>\n\t<meta name=\"twitter:data1\" content=\"4 minutes\" \/>\n<script type=\"application\/ld+json\" class=\"yoast-schema-graph\">{\"@context\":\"https:\\\/\\\/schema.org\",\"@graph\":[{\"@type\":\"WebPage\",\"@id\":\"https:\\\/\\\/ceolawyer.com\\\/espanol\\\/informe-de-accidente\\\/informe-policial-de-un-accidente-de-auto-en-georgia\\\/dougherty-county\\\/\",\"url\":\"https:\\\/\\\/ceolawyer.com\\\/espanol\\\/informe-de-accidente\\\/informe-policial-de-un-accidente-de-auto-en-georgia\\\/dougherty-county\\\/\",\"name\":\"C\u00f3mo Obtener el Informe de tu Accidente de Auto del Departamento de Polic\u00eda del Condado de Dougherty | CEO Lawyer\",\"isPartOf\":{\"@id\":\"https:\\\/\\\/ceolawyer.com\\\/espanol\\\/#website\"},\"primaryImageOfPage\":{\"@id\":\"https:\\\/\\\/ceolawyer.com\\\/espanol\\\/informe-de-accidente\\\/informe-policial-de-un-accidente-de-auto-en-georgia\\\/dougherty-county\\\/#primaryimage\"},\"image\":{\"@id\":\"https:\\\/\\\/ceolawyer.com\\\/espanol\\\/informe-de-accidente\\\/informe-policial-de-un-accidente-de-auto-en-georgia\\\/dougherty-county\\\/#primaryimage\"},\"thumbnailUrl\":\"https:\\\/\\\/ceolawyer.com\\\/espanol\\\/wp-content\\\/uploads\\\/sites\\\/2\\\/2025\\\/12\\\/How-to-Obtain-Your-Dekalb-Sheriffs-Office-Car-Accident-Report-1.webp\",\"datePublished\":\"2025-12-19T15:54:26+00:00\",\"dateModified\":\"2025-12-19T16:00:06+00:00\",\"description\":\"Contacta a CEO Lawyer Personal Injury Law Firm y descubre c\u00f3mo solicitar el informe de polic\u00eda de tu accidente de auto del departamento de polic\u00eda de Dougherty\",\"breadcrumb\":{\"@id\":\"https:\\\/\\\/ceolawyer.com\\\/espanol\\\/informe-de-accidente\\\/informe-policial-de-un-accidente-de-auto-en-georgia\\\/dougherty-county\\\/#breadcrumb\"},\"inLanguage\":\"en-US\",\"potentialAction\":[{\"@type\":\"ReadAction\",\"target\":[\"https:\\\/\\\/ceolawyer.com\\\/espanol\\\/informe-de-accidente\\\/informe-policial-de-un-accidente-de-auto-en-georgia\\\/dougherty-county\\\/\"]}]},{\"@type\":\"ImageObject\",\"inLanguage\":\"en-US\",\"@id\":\"https:\\\/\\\/ceolawyer.com\\\/espanol\\\/informe-de-accidente\\\/informe-policial-de-un-accidente-de-auto-en-georgia\\\/dougherty-county\\\/#primaryimage\",\"url\":\"https:\\\/\\\/ceolawyer.com\\\/espanol\\\/wp-content\\\/uploads\\\/sites\\\/2\\\/2025\\\/12\\\/How-to-Obtain-Your-Dekalb-Sheriffs-Office-Car-Accident-Report-1.webp\",\"contentUrl\":\"https:\\\/\\\/ceolawyer.com\\\/espanol\\\/wp-content\\\/uploads\\\/sites\\\/2\\\/2025\\\/12\\\/How-to-Obtain-Your-Dekalb-Sheriffs-Office-Car-Accident-Report-1.webp\",\"width\":500,\"height\":300,\"caption\":\"Un oficial policial dejando su auto para acercarse al veh\u00edculo de una v\u00edctima de accidente.\"},{\"@type\":\"BreadcrumbList\",\"@id\":\"https:\\\/\\\/ceolawyer.com\\\/espanol\\\/informe-de-accidente\\\/informe-policial-de-un-accidente-de-auto-en-georgia\\\/dougherty-county\\\/#breadcrumb\",\"itemListElement\":[{\"@type\":\"ListItem\",\"position\":1,\"name\":\"Home\",\"item\":\"https:\\\/\\\/ceolawyer.com\\\/espanol\\\/\"},{\"@type\":\"ListItem\",\"position\":2,\"name\":\"Consigue el Reporte Policial de tu Accidente de Auto\",\"item\":\"https:\\\/\\\/ceolawyer.com\\\/espanol\\\/informe-de-accidente\\\/\"},{\"@type\":\"ListItem\",\"position\":3,\"name\":\"C\u00f3mo Solicitar el Informe Policial de un Accidente de Auto en Georgia\",\"item\":\"https:\\\/\\\/ceolawyer.com\\\/espanol\\\/informe-de-accidente\\\/informe-policial-de-un-accidente-de-auto-en-georgia\\\/\"},{\"@type\":\"ListItem\",\"position\":4,\"name\":\"C\u00f3mo Obtener el Informe de tu Accidente de Auto del Departamento de Polic\u00eda del Condado de Dougherty\"}]},{\"@type\":\"WebSite\",\"@id\":\"https:\\\/\\\/ceolawyer.com\\\/espanol\\\/#website\",\"url\":\"https:\\\/\\\/ceolawyer.com\\\/espanol\\\/\",\"name\":\"CEO Lawyer\",\"description\":\"Personal Injury Attorney\",\"publisher\":{\"@id\":\"https:\\\/\\\/ceolawyer.com\\\/espanol\\\/#organization\"},\"potentialAction\":[{\"@type\":\"SearchAction\",\"target\":{\"@type\":\"EntryPoint\",\"urlTemplate\":\"https:\\\/\\\/ceolawyer.com\\\/espanol\\\/?s={search_term_string}\"},\"query-input\":{\"@type\":\"PropertyValueSpecification\",\"valueRequired\":true,\"valueName\":\"search_term_string\"}}],\"inLanguage\":\"en-US\"},{\"@type\":\"Organization\",\"@id\":\"https:\\\/\\\/ceolawyer.com\\\/espanol\\\/#organization\",\"name\":\"CEO Lawyer\",\"url\":\"https:\\\/\\\/ceolawyer.com\\\/espanol\\\/\",\"logo\":{\"@type\":\"ImageObject\",\"inLanguage\":\"en-US\",\"@id\":\"https:\\\/\\\/ceolawyer.com\\\/espanol\\\/#\\\/schema\\\/logo\\\/image\\\/\",\"url\":\"https:\\\/\\\/ceolawyer.com\\\/espanol\\\/wp-content\\\/uploads\\\/sites\\\/2\\\/2022\\\/05\\\/CEO_Logo.png\",\"contentUrl\":\"https:\\\/\\\/ceolawyer.com\\\/espanol\\\/wp-content\\\/uploads\\\/sites\\\/2\\\/2022\\\/05\\\/CEO_Logo.png\",\"width\":200,\"height\":108,\"caption\":\"CEO Lawyer\"},\"image\":{\"@id\":\"https:\\\/\\\/ceolawyer.com\\\/espanol\\\/#\\\/schema\\\/logo\\\/image\\\/\"}}]}<\/script>\n<!-- \/ Yoast SEO plugin. -->","yoast_head_json":{"title":"C\u00f3mo Obtener el Informe de tu Accidente de Auto del Departamento de Polic\u00eda del Condado de Dougherty | CEO Lawyer","description":"Contacta a CEO Lawyer Personal Injury Law Firm y descubre c\u00f3mo solicitar el informe de polic\u00eda de tu accidente de auto del departamento de polic\u00eda de Dougherty","robots":{"index":"index","follow":"follow","max-snippet":"max-snippet:-1","max-image-preview":"max-image-preview:large","max-video-preview":"max-video-preview:-1"},"canonical":"https:\/\/ceolawyer.com\/espanol\/informe-de-accidente\/informe-policial-de-un-accidente-de-auto-en-georgia\/dougherty-county\/","og_locale":"en_US","og_type":"article","og_title":"C\u00f3mo Obtener el Informe de tu Accidente de Auto del Departamento de Polic\u00eda del Condado de Dougherty | CEO Lawyer","og_description":"Contacta a CEO Lawyer Personal Injury Law Firm y descubre c\u00f3mo solicitar el informe de polic\u00eda de tu accidente de auto del departamento de polic\u00eda de Dougherty","og_url":"https:\/\/ceolawyer.com\/espanol\/informe-de-accidente\/informe-policial-de-un-accidente-de-auto-en-georgia\/dougherty-county\/","og_site_name":"CEO Lawyer","article_modified_time":"2025-12-19T16:00:06+00:00","og_image":[{"width":500,"height":300,"url":"https:\/\/ceolawyer.com\/espanol\/wp-content\/uploads\/sites\/2\/2025\/12\/How-to-Obtain-Your-Dekalb-Sheriffs-Office-Car-Accident-Report-1.webp","type":"image\/webp"}],"twitter_card":"summary_large_image","twitter_misc":{"Est. reading time":"4 minutes"},"schema":{"@context":"https:\/\/schema.org","@graph":[{"@type":"WebPage","@id":"https:\/\/ceolawyer.com\/espanol\/informe-de-accidente\/informe-policial-de-un-accidente-de-auto-en-georgia\/dougherty-county\/","url":"https:\/\/ceolawyer.com\/espanol\/informe-de-accidente\/informe-policial-de-un-accidente-de-auto-en-georgia\/dougherty-county\/","name":"C\u00f3mo Obtener el Informe de tu Accidente de Auto del Departamento de Polic\u00eda del Condado de Dougherty | CEO Lawyer","isPartOf":{"@id":"https:\/\/ceolawyer.com\/espanol\/#website"},"primaryImageOfPage":{"@id":"https:\/\/ceolawyer.com\/espanol\/informe-de-accidente\/informe-policial-de-un-accidente-de-auto-en-georgia\/dougherty-county\/#primaryimage"},"image":{"@id":"https:\/\/ceolawyer.com\/espanol\/informe-de-accidente\/informe-policial-de-un-accidente-de-auto-en-georgia\/dougherty-county\/#primaryimage"},"thumbnailUrl":"https:\/\/ceolawyer.com\/espanol\/wp-content\/uploads\/sites\/2\/2025\/12\/How-to-Obtain-Your-Dekalb-Sheriffs-Office-Car-Accident-Report-1.webp","datePublished":"2025-12-19T15:54:26+00:00","dateModified":"2025-12-19T16:00:06+00:00","description":"Contacta a CEO Lawyer Personal Injury Law Firm y descubre c\u00f3mo solicitar el informe de polic\u00eda de tu accidente de auto del departamento de polic\u00eda de Dougherty","breadcrumb":{"@id":"https:\/\/ceolawyer.com\/espanol\/informe-de-accidente\/informe-policial-de-un-accidente-de-auto-en-georgia\/dougherty-county\/#breadcrumb"},"inLanguage":"en-US","potentialAction":[{"@type":"ReadAction","target":["https:\/\/ceolawyer.com\/espanol\/informe-de-accidente\/informe-policial-de-un-accidente-de-auto-en-georgia\/dougherty-county\/"]}]},{"@type":"ImageObject","inLanguage":"en-US","@id":"https:\/\/ceolawyer.com\/espanol\/informe-de-accidente\/informe-policial-de-un-accidente-de-auto-en-georgia\/dougherty-county\/#primaryimage","url":"https:\/\/ceolawyer.com\/espanol\/wp-content\/uploads\/sites\/2\/2025\/12\/How-to-Obtain-Your-Dekalb-Sheriffs-Office-Car-Accident-Report-1.webp","contentUrl":"https:\/\/ceolawyer.com\/espanol\/wp-content\/uploads\/sites\/2\/2025\/12\/How-to-Obtain-Your-Dekalb-Sheriffs-Office-Car-Accident-Report-1.webp","width":500,"height":300,"caption":"Un oficial policial dejando su auto para acercarse al veh\u00edculo de una v\u00edctima de accidente."},{"@type":"BreadcrumbList","@id":"https:\/\/ceolawyer.com\/espanol\/informe-de-accidente\/informe-policial-de-un-accidente-de-auto-en-georgia\/dougherty-county\/#breadcrumb","itemListElement":[{"@type":"ListItem","position":1,"name":"Home","item":"https:\/\/ceolawyer.com\/espanol\/"},{"@type":"ListItem","position":2,"name":"Consigue el Reporte Policial de tu Accidente de Auto","item":"https:\/\/ceolawyer.com\/espanol\/informe-de-accidente\/"},{"@type":"ListItem","position":3,"name":"C\u00f3mo Solicitar el Informe Policial de un Accidente de Auto en Georgia","item":"https:\/\/ceolawyer.com\/espanol\/informe-de-accidente\/informe-policial-de-un-accidente-de-auto-en-georgia\/"},{"@type":"ListItem","position":4,"name":"C\u00f3mo Obtener el Informe de tu Accidente de Auto del Departamento de Polic\u00eda del Condado de Dougherty"}]},{"@type":"WebSite","@id":"https:\/\/ceolawyer.com\/espanol\/#website","url":"https:\/\/ceolawyer.com\/espanol\/","name":"CEO Lawyer","description":"Personal Injury Attorney","publisher":{"@id":"https:\/\/ceolawyer.com\/espanol\/#organization"},"potentialAction":[{"@type":"SearchAction","target":{"@type":"EntryPoint","urlTemplate":"https:\/\/ceolawyer.com\/espanol\/?s={search_term_string}"},"query-input":{"@type":"PropertyValueSpecification","valueRequired":true,"valueName":"search_term_string"}}],"inLanguage":"en-US"},{"@type":"Organization","@id":"https:\/\/ceolawyer.com\/espanol\/#organization","name":"CEO Lawyer","url":"https:\/\/ceolawyer.com\/espanol\/","logo":{"@type":"ImageObject","inLanguage":"en-US","@id":"https:\/\/ceolawyer.com\/espanol\/#\/schema\/logo\/image\/","url":"https:\/\/ceolawyer.com\/espanol\/wp-content\/uploads\/sites\/2\/2022\/05\/CEO_Logo.png","contentUrl":"https:\/\/ceolawyer.com\/espanol\/wp-content\/uploads\/sites\/2\/2022\/05\/CEO_Logo.png","width":200,"height":108,"caption":"CEO Lawyer"},"image":{"@id":"https:\/\/ceolawyer.com\/espanol\/#\/schema\/logo\/image\/"}}]}},"_links":{"self":[{"href":"https:\/\/ceolawyer.com\/espanol\/wp-json\/wp\/v2\/pages\/12815","targetHints":{"allow":["GET"]}}],"collection":[{"href":"https:\/\/ceolawyer.com\/espanol\/wp-json\/wp\/v2\/pages"}],"about":[{"href":"https:\/\/ceolawyer.com\/espanol\/wp-json\/wp\/v2\/types\/page"}],"author":[{"embeddable":true,"href":"https:\/\/ceolawyer.com\/espanol\/wp-json\/wp\/v2\/users\/18"}],"replies":[{"embeddable":true,"href":"https:\/\/ceolawyer.com\/espanol\/wp-json\/wp\/v2\/comments?post=12815"}],"version-history":[{"count":0,"href":"https:\/\/ceolawyer.com\/espanol\/wp-json\/wp\/v2\/pages\/12815\/revisions"}],"up":[{"embeddable":true,"href":"https:\/\/ceolawyer.com\/espanol\/wp-json\/wp\/v2\/pages\/12737"}],"wp:featuredmedia":[{"embeddable":true,"href":"https:\/\/ceolawyer.com\/espanol\/wp-json\/wp\/v2\/media\/12817"}],"wp:attachment":[{"href":"https:\/\/ceolawyer.com\/espanol\/wp-json\/wp\/v2\/media?parent=12815"}],"curies":[{"name":"wp","href":"https:\/\/api.w.org\/{rel}","templated":true}]}}