{"id":12873,"date":"2025-12-22T11:40:00","date_gmt":"2025-12-22T11:40:00","guid":{"rendered":"https:\/\/ceolawyer.com\/espanol\/?page_id=12873"},"modified":"2026-02-16T14:17:30","modified_gmt":"2026-02-16T14:17:30","slug":"gwinnett-county","status":"publish","type":"page","link":"https:\/\/ceolawyer.com\/espanol\/informe-de-accidente\/informe-policial-de-un-accidente-de-auto-en-georgia\/gwinnett-county\/","title":{"rendered":"C\u00f3mo Obtener el Informe de tu Accidente de Auto del Departamento de Polic\u00eda del Condado de Gwinnett"},"content":{"rendered":"<p><img decoding=\"async\" class=\"alignright size-full wp-image-12875\" src=\"https:\/\/ceolawyer.com\/espanol\/wp-content\/uploads\/sites\/2\/2025\/12\/How-to-Obtain-Your-Gwinnett-County-Car-Accident-Report.webp\" alt=\"Una toma desde arriba del cap\u00f3 de una patrulla.\" width=\"500\" height=\"300\" srcset=\"https:\/\/ceolawyer.com\/espanol\/wp-content\/uploads\/sites\/2\/2025\/12\/How-to-Obtain-Your-Gwinnett-County-Car-Accident-Report.webp 500w, https:\/\/ceolawyer.com\/espanol\/wp-content\/uploads\/sites\/2\/2025\/12\/How-to-Obtain-Your-Gwinnett-County-Car-Accident-Report-300x180.webp 300w\" sizes=\"(max-width: 500px) 100vw, 500px\" \/>Lo primero que debes hacer despu\u00e9s de sufrir un accidente en Gwinnett, Georgia, es respirar y solicitar una copia del informe de polic\u00eda.<\/p>\n<p>Este documento oficial es clave para iniciar un proceso de reclamo del seguro o tomar acciones legales contra los responsables del accidente.<\/p>\n<h3>\u00bfQu\u00e9 hacer despu\u00e9s de un accidente?<\/h3>\n<p>Si sufriste un accidente, esto es lo que debes hacer:<\/p>\n<ol>\n<li>Aseg\u00farate de mantenerte a salvo<\/li>\n<li>Si es seguro, mueve tu auto fuera del tr\u00e1fico.<\/li>\n<li>Intercambia informaci\u00f3n de contacto y aseguradoras con los otros involucrados.<\/li>\n<li>Llama al n\u00famero de no emergencia: <a href=\"tel:+17705135000\">(770) 513-5000<\/a> para reportar el accidente. Si hubo da\u00f1os y lesiones graves, llama al 911 para asistencia inmediata.<\/li>\n<li>Incluso si no sufriste lesiones notables, es importante que un m\u00e9dico te eval\u00fae.<\/li>\n<li>Informa a tu compa\u00f1\u00eda de seguros.<\/li>\n<li>No admitas ning\u00fan tipo de responsabilidad. Deja que las autoridades y las aseguradoras realicen sus investigaciones.<\/li>\n<li>Mant\u00e9n la calma<\/li>\n<\/ol>\n<h2>M\u00e9todos para solicitar el informe de tu accidente<\/h2>\n<h3>En l\u00ednea<\/h3>\n<ul>\n<li>Visita el sitio oficial de la Oficina del Sheriff del Condado de Gwinnett.<\/li>\n<li>Da clic en la secci\u00f3n de <a href=\"https:\/\/www.gwinnettcounty.com\/government\/departments\/communications\/media-relations\/open-records\">Registros P\u00fablicos<\/a>.<\/li>\n<li>Entra o crea un usuario en el Centro de Registros P\u00fablicos e ingresa la informaci\u00f3n que te soliciten.<\/li>\n<\/ul>\n<p>Tambi\u00e9n puedes adquirir el informe a trav\u00e9s de BuyCrash:<\/p>\n<ul>\n<li>Ingresa al sitio y selecciona \u201cGeorgia\u201d como estado.<\/li>\n<li>En el segundo men\u00fa desplegable, elige \u201cGwinnett County Sheriff\u2019s Office\u201d como la jurisdicci\u00f3n que investig\u00f3 el accidente.<\/li>\n<li>Da clic en \u201cStart Search\u201d para continuar.<\/li>\n<li>Ingresa los siguientes datos:\n<ul>\n<li>Apellido<\/li>\n<li>Fecha del accidente<\/li>\n<li>N\u00famero de reporte del caso<\/li>\n<li>N\u00famero de Identificaci\u00f3n del Veh\u00edculo<\/li>\n<li>N\u00famero de licencia de conducir<\/li>\n<\/ul>\n<\/li>\n<\/ul>\n<p><em>Nota: Este m\u00e9todo puede incluir tarifas adicionales<\/em><\/p>\n<h3>En persona<\/h3>\n<p>Si prefieres acudir a una oficina para recibir una copia del informe, el Departamento de Polic\u00eda del Condado de Gwinnett cuenta con diferentes oficinas:<\/p>\n<ul>\n<li><strong>Oficina central: <\/strong>770 Hi Hope Rd, Lawrenceville, GA 30044.<\/li>\n<li><strong>Precinto en Bay Creek: <\/strong>185 Ozara Road, Loganville, GA 30052.<\/li>\n<li><strong>Precinto central: <\/strong>3125 Satellite Blvd, Duluth, GA 30096.<\/li>\n<li><strong>Precinto del Este: <\/strong>2273 Alcovy Rd, Dacula, GA, 30019.<\/li>\n<li><strong>Precinto del Norte: <\/strong>2735 Mall of GA Blvd, Buford, GA 30518.<\/li>\n<li><strong>Precinto del Oeste: <\/strong>6160 Crescent Dr, Norcross, GA 30071.<\/li>\n<\/ul>\n<p>Generalmente, los reportes est\u00e1n listos en cuatro d\u00edas h\u00e1biles despu\u00e9s del accidente. Para saber m\u00e1s sobre el estatus de tu solicitud, puedes llamar al <a href=\"tel:+17705135000\">(770) 513-5000<\/a>.<\/p>\n<h2>\u00bfQu\u00e9 informaci\u00f3n se incluye en un reporte de accidentes?<\/h2>\n<p>Estos son los detalles que, generalmente, se incluyen en un reporte emitido por el Departamento de Polic\u00eda del Condado de Gwinnett:<\/p>\n<ul>\n<li>Fecha, hora y lugar del accidente.<\/li>\n<li>Condiciones del clima y de la carretera.<\/li>\n<li>Informaci\u00f3n de los veh\u00edculos.<\/li>\n<li>Informaci\u00f3n de los conductores involucrados.<\/li>\n<li>Informaci\u00f3n de las compa\u00f1\u00edas de seguros.<\/li>\n<li>Informaci\u00f3n de los pasajeros y testigos.<\/li>\n<li>Declaraciones de conductores, pasajeros y testigos.<\/li>\n<li>Representaciones visuales de la escena del accidente.<\/li>\n<li>Una lista de lesiones y da\u00f1os.<\/li>\n<li>N\u00famero del informe<\/li>\n<li>Lista de multas.<\/li>\n<\/ul>\n<p>La informaci\u00f3n espec\u00edfica puede variar, pero es importante saber qu\u00e9 puede incluir el reporte.<\/p>\n<h2>C\u00f3mo usar el reporte del accidente a tu favor<\/h2>\n<p>Este documento es crucial para las siguientes situaciones:<\/p>\n<ul>\n<li><strong>Reclamos de seguros: <\/strong>Las compa\u00f1\u00edas de seguro utilizan esto como parte de su proceso para atender solicitudes de indemnizaci\u00f3n.<\/li>\n<li><strong>Evidencia para litigios: <\/strong>Si se tomaron acciones legales, el reporte policial puede servir como una herramienta para tu abogado a la hora de armar tu caso.<\/li>\n<li><strong>Registro personal: <\/strong>Este documento brinda informaci\u00f3n objetiva para futuras referencias.<\/li>\n<\/ul>\n<h2>Aseg\u00farate de tener la asesor\u00eda legal que mereces<\/h2>\n<p>El equipo de CEO Lawyer Personal Injury Law Firm est\u00e1 listo para ayudarte a conseguir la compensaci\u00f3n justa posible despu\u00e9s de tu accidente de auto en el Condado de Gwinnett. As\u00ed es c\u00f3mo podemos ayudarte:<\/p>\n<ul>\n<li><strong>Representaci\u00f3n adecuada: <\/strong><a href=\"https:\/\/ceolawyer.com\/gwinnett-county-personal-injury\/car-accident-lawyer\/\">Nuestros abogados<\/a> entienden lo intrincado que son las leyes sobre accidentes de auto y podr\u00e1n brindarte apoyo.<\/li>\n<li><strong>Proteger tus derechos: <\/strong>Te guiaremos durante el proceso de tu reclamaci\u00f3n.<\/li>\n<li><strong>Asegurar tu compensaci\u00f3n: <\/strong>Con nuestra ayuda, podr\u00e1s asegurarte de recibir la indemnizaci\u00f3n adecuada para cubrir tus gastos m\u00e9dicos, recuperar el dinero que perdiste por no poder ir al trabajo y otros da\u00f1os relacionados con el accidente.<\/li>\n<li><strong>Comunicaci\u00f3n clara: <\/strong>Te mantendremos informado de todos los detalles de tu caso para que puedas tomar decisiones informadas.<\/li>\n<\/ul>\n<p>Acude a nosotros para agendar una consulta gratuita y recuerda que teniendo a un abogado experimentado de tu lado har\u00e1 una gran diferencia despu\u00e9s de tu accidente.<\/p>\n","protected":false},"excerpt":{"rendered":"<p>Lo primero que debes hacer despu\u00e9s de sufrir un accidente en Gwinnett, Georgia, es respirar y solicitar una copia del informe de polic\u00eda. Este documento oficial es clave para iniciar un proceso de reclamo del seguro o tomar acciones legales contra los responsables del accidente. \u00bfQu\u00e9 hacer despu\u00e9s de un accidente? Si sufriste un accidente, [&hellip;]<\/p>\n","protected":false},"author":18,"featured_media":12875,"parent":12737,"menu_order":0,"comment_status":"closed","ping_status":"closed","template":"","meta":{"_acf_changed":false,"footnotes":""},"class_list":["post-12873","page","type-page","status-publish","has-post-thumbnail","hentry"],"acf":[],"yoast_head":"<!-- This site is optimized with the Yoast SEO plugin v27.2 - https:\/\/yoast.com\/product\/yoast-seo-wordpress\/ -->\n<title>C\u00f3mo Obtener el Informe de tu Accidente de Auto del Departamento de Polic\u00eda del Condado de Gwinnett | CEO Lawyer<\/title>\n<meta name=\"description\" content=\"\u00bfTuviste un accidente en Gwinnett? Te explicamos c\u00f3mo obtener tu informe. Contacta a CEO Lawyer Personal Injury Law Firm para ayuda legal experta.\" \/>\n<meta name=\"robots\" content=\"index, follow, max-snippet:-1, max-image-preview:large, max-video-preview:-1\" \/>\n<link rel=\"canonical\" href=\"https:\/\/ceolawyer.com\/espanol\/informe-de-accidente\/informe-policial-de-un-accidente-de-auto-en-georgia\/gwinnett-county\/\" \/>\n<meta property=\"og:locale\" content=\"en_US\" \/>\n<meta property=\"og:type\" content=\"article\" \/>\n<meta property=\"og:title\" content=\"C\u00f3mo Obtener el Informe de tu Accidente de Auto del Departamento de Polic\u00eda del Condado de Gwinnett | CEO Lawyer\" \/>\n<meta property=\"og:description\" content=\"\u00bfTuviste un accidente en Gwinnett? Te explicamos c\u00f3mo obtener tu informe. Contacta a CEO Lawyer Personal Injury Law Firm para ayuda legal experta.\" \/>\n<meta property=\"og:url\" content=\"https:\/\/ceolawyer.com\/espanol\/informe-de-accidente\/informe-policial-de-un-accidente-de-auto-en-georgia\/gwinnett-county\/\" \/>\n<meta property=\"og:site_name\" content=\"CEO Lawyer\" \/>\n<meta property=\"article:modified_time\" content=\"2026-02-16T14:17:30+00:00\" \/>\n<meta property=\"og:image\" content=\"https:\/\/ceolawyer.com\/espanol\/wp-content\/uploads\/sites\/2\/2025\/12\/How-to-Obtain-Your-Gwinnett-County-Car-Accident-Report.webp\" \/>\n\t<meta property=\"og:image:width\" content=\"500\" \/>\n\t<meta property=\"og:image:height\" content=\"300\" \/>\n\t<meta property=\"og:image:type\" content=\"image\/webp\" \/>\n<meta name=\"twitter:card\" content=\"summary_large_image\" \/>\n<meta name=\"twitter:label1\" content=\"Est. reading time\" \/>\n\t<meta name=\"twitter:data1\" content=\"4 minutes\" \/>\n<script type=\"application\/ld+json\" class=\"yoast-schema-graph\">{\"@context\":\"https:\/\/schema.org\",\"@graph\":[{\"@type\":\"WebPage\",\"@id\":\"https:\/\/ceolawyer.com\/espanol\/informe-de-accidente\/informe-policial-de-un-accidente-de-auto-en-georgia\/gwinnett-county\/\",\"url\":\"https:\/\/ceolawyer.com\/espanol\/informe-de-accidente\/informe-policial-de-un-accidente-de-auto-en-georgia\/gwinnett-county\/\",\"name\":\"C\u00f3mo Obtener el Informe de tu Accidente de Auto del Departamento de Polic\u00eda del Condado de Gwinnett | CEO Lawyer\",\"isPartOf\":{\"@id\":\"https:\/\/ceolawyer.com\/espanol\/#website\"},\"primaryImageOfPage\":{\"@id\":\"https:\/\/ceolawyer.com\/espanol\/informe-de-accidente\/informe-policial-de-un-accidente-de-auto-en-georgia\/gwinnett-county\/#primaryimage\"},\"image\":{\"@id\":\"https:\/\/ceolawyer.com\/espanol\/informe-de-accidente\/informe-policial-de-un-accidente-de-auto-en-georgia\/gwinnett-county\/#primaryimage\"},\"thumbnailUrl\":\"https:\/\/ceolawyer.com\/espanol\/wp-content\/uploads\/sites\/2\/2025\/12\/How-to-Obtain-Your-Gwinnett-County-Car-Accident-Report.webp\",\"datePublished\":\"2025-12-22T11:40:00+00:00\",\"dateModified\":\"2026-02-16T14:17:30+00:00\",\"description\":\"\u00bfTuviste un accidente en Gwinnett? Te explicamos c\u00f3mo obtener tu informe. Contacta a CEO Lawyer Personal Injury Law Firm para ayuda legal experta.\",\"breadcrumb\":{\"@id\":\"https:\/\/ceolawyer.com\/espanol\/informe-de-accidente\/informe-policial-de-un-accidente-de-auto-en-georgia\/gwinnett-county\/#breadcrumb\"},\"inLanguage\":\"en-US\",\"potentialAction\":[{\"@type\":\"ReadAction\",\"target\":[\"https:\/\/ceolawyer.com\/espanol\/informe-de-accidente\/informe-policial-de-un-accidente-de-auto-en-georgia\/gwinnett-county\/\"]}]},{\"@type\":\"ImageObject\",\"inLanguage\":\"en-US\",\"@id\":\"https:\/\/ceolawyer.com\/espanol\/informe-de-accidente\/informe-policial-de-un-accidente-de-auto-en-georgia\/gwinnett-county\/#primaryimage\",\"url\":\"https:\/\/ceolawyer.com\/espanol\/wp-content\/uploads\/sites\/2\/2025\/12\/How-to-Obtain-Your-Gwinnett-County-Car-Accident-Report.webp\",\"contentUrl\":\"https:\/\/ceolawyer.com\/espanol\/wp-content\/uploads\/sites\/2\/2025\/12\/How-to-Obtain-Your-Gwinnett-County-Car-Accident-Report.webp\",\"width\":500,\"height\":300,\"caption\":\"Una toma desde arriba del cap\u00f3 de una patrulla.\"},{\"@type\":\"BreadcrumbList\",\"@id\":\"https:\/\/ceolawyer.com\/espanol\/informe-de-accidente\/informe-policial-de-un-accidente-de-auto-en-georgia\/gwinnett-county\/#breadcrumb\",\"itemListElement\":[{\"@type\":\"ListItem\",\"position\":1,\"name\":\"Home\",\"item\":\"https:\/\/ceolawyer.com\/espanol\/\"},{\"@type\":\"ListItem\",\"position\":2,\"name\":\"Consigue el Reporte Policial de tu Accidente de Auto\",\"item\":\"https:\/\/ceolawyer.com\/espanol\/informe-de-accidente\/\"},{\"@type\":\"ListItem\",\"position\":3,\"name\":\"C\u00f3mo Solicitar el Informe Policial de un Accidente de Auto en Georgia\",\"item\":\"https:\/\/ceolawyer.com\/espanol\/informe-de-accidente\/informe-policial-de-un-accidente-de-auto-en-georgia\/\"},{\"@type\":\"ListItem\",\"position\":4,\"name\":\"C\u00f3mo Obtener el Informe de tu Accidente de Auto del Departamento de Polic\u00eda del Condado de Gwinnett\"}]},{\"@type\":\"WebSite\",\"@id\":\"https:\/\/ceolawyer.com\/espanol\/#website\",\"url\":\"https:\/\/ceolawyer.com\/espanol\/\",\"name\":\"CEO Lawyer\",\"description\":\"Personal Injury Attorney\",\"publisher\":{\"@id\":\"https:\/\/ceolawyer.com\/espanol\/#organization\"},\"potentialAction\":[{\"@type\":\"SearchAction\",\"target\":{\"@type\":\"EntryPoint\",\"urlTemplate\":\"https:\/\/ceolawyer.com\/espanol\/?s={search_term_string}\"},\"query-input\":{\"@type\":\"PropertyValueSpecification\",\"valueRequired\":true,\"valueName\":\"search_term_string\"}}],\"inLanguage\":\"en-US\"},{\"@type\":\"Organization\",\"@id\":\"https:\/\/ceolawyer.com\/espanol\/#organization\",\"name\":\"CEO Lawyer\",\"url\":\"https:\/\/ceolawyer.com\/espanol\/\",\"logo\":{\"@type\":\"ImageObject\",\"inLanguage\":\"en-US\",\"@id\":\"https:\/\/ceolawyer.com\/espanol\/#\/schema\/logo\/image\/\",\"url\":\"https:\/\/ceolawyer.com\/espanol\/wp-content\/uploads\/sites\/2\/2022\/05\/CEO_Logo.png\",\"contentUrl\":\"https:\/\/ceolawyer.com\/espanol\/wp-content\/uploads\/sites\/2\/2022\/05\/CEO_Logo.png\",\"width\":200,\"height\":108,\"caption\":\"CEO Lawyer\"},\"image\":{\"@id\":\"https:\/\/ceolawyer.com\/espanol\/#\/schema\/logo\/image\/\"}}]}<\/script>\n<!-- \/ Yoast SEO plugin. -->","yoast_head_json":{"title":"C\u00f3mo Obtener el Informe de tu Accidente de Auto del Departamento de Polic\u00eda del Condado de Gwinnett | CEO Lawyer","description":"\u00bfTuviste un accidente en Gwinnett? Te explicamos c\u00f3mo obtener tu informe. Contacta a CEO Lawyer Personal Injury Law Firm para ayuda legal experta.","robots":{"index":"index","follow":"follow","max-snippet":"max-snippet:-1","max-image-preview":"max-image-preview:large","max-video-preview":"max-video-preview:-1"},"canonical":"https:\/\/ceolawyer.com\/espanol\/informe-de-accidente\/informe-policial-de-un-accidente-de-auto-en-georgia\/gwinnett-county\/","og_locale":"en_US","og_type":"article","og_title":"C\u00f3mo Obtener el Informe de tu Accidente de Auto del Departamento de Polic\u00eda del Condado de Gwinnett | CEO Lawyer","og_description":"\u00bfTuviste un accidente en Gwinnett? Te explicamos c\u00f3mo obtener tu informe. Contacta a CEO Lawyer Personal Injury Law Firm para ayuda legal experta.","og_url":"https:\/\/ceolawyer.com\/espanol\/informe-de-accidente\/informe-policial-de-un-accidente-de-auto-en-georgia\/gwinnett-county\/","og_site_name":"CEO Lawyer","article_modified_time":"2026-02-16T14:17:30+00:00","og_image":[{"width":500,"height":300,"url":"https:\/\/ceolawyer.com\/espanol\/wp-content\/uploads\/sites\/2\/2025\/12\/How-to-Obtain-Your-Gwinnett-County-Car-Accident-Report.webp","type":"image\/webp"}],"twitter_card":"summary_large_image","twitter_misc":{"Est. reading time":"4 minutes"},"schema":{"@context":"https:\/\/schema.org","@graph":[{"@type":"WebPage","@id":"https:\/\/ceolawyer.com\/espanol\/informe-de-accidente\/informe-policial-de-un-accidente-de-auto-en-georgia\/gwinnett-county\/","url":"https:\/\/ceolawyer.com\/espanol\/informe-de-accidente\/informe-policial-de-un-accidente-de-auto-en-georgia\/gwinnett-county\/","name":"C\u00f3mo Obtener el Informe de tu Accidente de Auto del Departamento de Polic\u00eda del Condado de Gwinnett | CEO Lawyer","isPartOf":{"@id":"https:\/\/ceolawyer.com\/espanol\/#website"},"primaryImageOfPage":{"@id":"https:\/\/ceolawyer.com\/espanol\/informe-de-accidente\/informe-policial-de-un-accidente-de-auto-en-georgia\/gwinnett-county\/#primaryimage"},"image":{"@id":"https:\/\/ceolawyer.com\/espanol\/informe-de-accidente\/informe-policial-de-un-accidente-de-auto-en-georgia\/gwinnett-county\/#primaryimage"},"thumbnailUrl":"https:\/\/ceolawyer.com\/espanol\/wp-content\/uploads\/sites\/2\/2025\/12\/How-to-Obtain-Your-Gwinnett-County-Car-Accident-Report.webp","datePublished":"2025-12-22T11:40:00+00:00","dateModified":"2026-02-16T14:17:30+00:00","description":"\u00bfTuviste un accidente en Gwinnett? Te explicamos c\u00f3mo obtener tu informe. Contacta a CEO Lawyer Personal Injury Law Firm para ayuda legal experta.","breadcrumb":{"@id":"https:\/\/ceolawyer.com\/espanol\/informe-de-accidente\/informe-policial-de-un-accidente-de-auto-en-georgia\/gwinnett-county\/#breadcrumb"},"inLanguage":"en-US","potentialAction":[{"@type":"ReadAction","target":["https:\/\/ceolawyer.com\/espanol\/informe-de-accidente\/informe-policial-de-un-accidente-de-auto-en-georgia\/gwinnett-county\/"]}]},{"@type":"ImageObject","inLanguage":"en-US","@id":"https:\/\/ceolawyer.com\/espanol\/informe-de-accidente\/informe-policial-de-un-accidente-de-auto-en-georgia\/gwinnett-county\/#primaryimage","url":"https:\/\/ceolawyer.com\/espanol\/wp-content\/uploads\/sites\/2\/2025\/12\/How-to-Obtain-Your-Gwinnett-County-Car-Accident-Report.webp","contentUrl":"https:\/\/ceolawyer.com\/espanol\/wp-content\/uploads\/sites\/2\/2025\/12\/How-to-Obtain-Your-Gwinnett-County-Car-Accident-Report.webp","width":500,"height":300,"caption":"Una toma desde arriba del cap\u00f3 de una patrulla."},{"@type":"BreadcrumbList","@id":"https:\/\/ceolawyer.com\/espanol\/informe-de-accidente\/informe-policial-de-un-accidente-de-auto-en-georgia\/gwinnett-county\/#breadcrumb","itemListElement":[{"@type":"ListItem","position":1,"name":"Home","item":"https:\/\/ceolawyer.com\/espanol\/"},{"@type":"ListItem","position":2,"name":"Consigue el Reporte Policial de tu Accidente de Auto","item":"https:\/\/ceolawyer.com\/espanol\/informe-de-accidente\/"},{"@type":"ListItem","position":3,"name":"C\u00f3mo Solicitar el Informe Policial de un Accidente de Auto en Georgia","item":"https:\/\/ceolawyer.com\/espanol\/informe-de-accidente\/informe-policial-de-un-accidente-de-auto-en-georgia\/"},{"@type":"ListItem","position":4,"name":"C\u00f3mo Obtener el Informe de tu Accidente de Auto del Departamento de Polic\u00eda del Condado de Gwinnett"}]},{"@type":"WebSite","@id":"https:\/\/ceolawyer.com\/espanol\/#website","url":"https:\/\/ceolawyer.com\/espanol\/","name":"CEO Lawyer","description":"Personal Injury Attorney","publisher":{"@id":"https:\/\/ceolawyer.com\/espanol\/#organization"},"potentialAction":[{"@type":"SearchAction","target":{"@type":"EntryPoint","urlTemplate":"https:\/\/ceolawyer.com\/espanol\/?s={search_term_string}"},"query-input":{"@type":"PropertyValueSpecification","valueRequired":true,"valueName":"search_term_string"}}],"inLanguage":"en-US"},{"@type":"Organization","@id":"https:\/\/ceolawyer.com\/espanol\/#organization","name":"CEO Lawyer","url":"https:\/\/ceolawyer.com\/espanol\/","logo":{"@type":"ImageObject","inLanguage":"en-US","@id":"https:\/\/ceolawyer.com\/espanol\/#\/schema\/logo\/image\/","url":"https:\/\/ceolawyer.com\/espanol\/wp-content\/uploads\/sites\/2\/2022\/05\/CEO_Logo.png","contentUrl":"https:\/\/ceolawyer.com\/espanol\/wp-content\/uploads\/sites\/2\/2022\/05\/CEO_Logo.png","width":200,"height":108,"caption":"CEO Lawyer"},"image":{"@id":"https:\/\/ceolawyer.com\/espanol\/#\/schema\/logo\/image\/"}}]}},"_links":{"self":[{"href":"https:\/\/ceolawyer.com\/espanol\/wp-json\/wp\/v2\/pages\/12873","targetHints":{"allow":["GET"]}}],"collection":[{"href":"https:\/\/ceolawyer.com\/espanol\/wp-json\/wp\/v2\/pages"}],"about":[{"href":"https:\/\/ceolawyer.com\/espanol\/wp-json\/wp\/v2\/types\/page"}],"author":[{"embeddable":true,"href":"https:\/\/ceolawyer.com\/espanol\/wp-json\/wp\/v2\/users\/18"}],"replies":[{"embeddable":true,"href":"https:\/\/ceolawyer.com\/espanol\/wp-json\/wp\/v2\/comments?post=12873"}],"version-history":[{"count":0,"href":"https:\/\/ceolawyer.com\/espanol\/wp-json\/wp\/v2\/pages\/12873\/revisions"}],"up":[{"embeddable":true,"href":"https:\/\/ceolawyer.com\/espanol\/wp-json\/wp\/v2\/pages\/12737"}],"wp:featuredmedia":[{"embeddable":true,"href":"https:\/\/ceolawyer.com\/espanol\/wp-json\/wp\/v2\/media\/12875"}],"wp:attachment":[{"href":"https:\/\/ceolawyer.com\/espanol\/wp-json\/wp\/v2\/media?parent=12873"}],"curies":[{"name":"wp","href":"https:\/\/api.w.org\/{rel}","templated":true}]}}