{"id":12898,"date":"2025-12-22T12:22:52","date_gmt":"2025-12-22T12:22:52","guid":{"rendered":"https:\/\/ceolawyer.com\/espanol\/?page_id=12898"},"modified":"2025-12-22T12:26:17","modified_gmt":"2025-12-22T12:26:17","slug":"jonesboro","status":"publish","type":"page","link":"https:\/\/ceolawyer.com\/espanol\/informe-de-accidente\/informe-policial-de-un-accidente-de-auto-en-georgia\/jonesboro\/","title":{"rendered":"C\u00f3mo Obtener el Informe de tu Accidente de Auto del Departamento de Polic\u00eda de Jonesboro"},"content":{"rendered":"<p><img decoding=\"async\" class=\"alignright size-full wp-image-12900\" src=\"https:\/\/ceolawyer.com\/espanol\/wp-content\/uploads\/sites\/2\/2025\/12\/How-to-Obtain-Your-Jonesboro-Police-Department-Car-Accident-Report.webp\" alt=\"Una toma de cerca de las luces de emergencia de un coche de polic\u00eda encendidas a plena luz del d\u00eda.\" width=\"500\" height=\"300\" srcset=\"https:\/\/ceolawyer.com\/espanol\/wp-content\/uploads\/sites\/2\/2025\/12\/How-to-Obtain-Your-Jonesboro-Police-Department-Car-Accident-Report.webp 500w, https:\/\/ceolawyer.com\/espanol\/wp-content\/uploads\/sites\/2\/2025\/12\/How-to-Obtain-Your-Jonesboro-Police-Department-Car-Accident-Report-300x180.webp 300w\" sizes=\"(max-width: 500px) 100vw, 500px\" \/>Los accidentes automovil\u00edsticos pueden ser confusos y estresantes. Puede que necesites un informe policial para tu aseguradora, para una posible demanda legal o simplemente para mantener un registro personal para futuras referencias.<\/p>\n<p>Si el accidente ocurri\u00f3 en Jonesboro, Georgia, el proceso para conseguir una copia del reporte es un proceso sencillo.<\/p>\n<h3>Qu\u00e9 hacer despu\u00e9s de un accidente<\/h3>\n<ul>\n<li>Llama al 911 y aseg\u00farate de obtener el n\u00famero del informe que genere el oficial de polic\u00eda que responda al accidente.<\/li>\n<li>Contacta a tu aseguradora lo antes posible. Ellos te guiar\u00e1n en el proceso de reclamaci\u00f3n.<\/li>\n<li>Si sufriste lesiones graves o tu auto tuvo da\u00f1os importantes, considera consultar a un abogado con amplia experiencia en da\u00f1os personales.<\/li>\n<\/ul>\n<h3>Sobre el Departamento de Polic\u00eda de Jonesboro<\/h3>\n<p>Esta entidad se dedica a garantizar la seguridad de sus residentes y sus agentes est\u00e1n comprometidos con responder a los accidentes de manera r\u00e1pida y eficiente.<\/p>\n<p>Los informes policiales generados por este departamento son un recurso valioso para las compa\u00f1\u00edas de seguro y pueden servir como prueba en caso de que necesites emprender acciones legales.<\/p>\n<h2>M\u00e9todos para solicitar el informe<\/h2>\n<h3>En l\u00ednea<\/h3>\n<p>La manera m\u00e1s conveniente y r\u00e1pida para obtener una copia del informe de tu accidente de auto es a trav\u00e9s de BuyCrash, una plataforma de LexisNexis Risk Solutions. Sigue estos pasos:<\/p>\n<ol>\n<li>Dir\u00edgete a <a href=\"http:\/\/buycrash.com\">BuyCrash.com<\/a>.<\/li>\n<li>Ingresa la informaci\u00f3n necesaria sobre el accidente (fecha, lugar y hora del accidente, los nombres de los involucrados, etc.).<\/li>\n<li>Probablemente haya una tarifa por tramitar el informe. Aseg\u00farate de realizar un pago seguro en l\u00ednea.<\/li>\n<li>Una vez que se procese tu solicitud, recibir\u00e1s una copia digital del reporte emitido por el Departamento de Polic\u00eda de Jonesboro.<\/li>\n<\/ol>\n<h3>En persona<\/h3>\n<p>Si prefieres ir directamente a la fuente, puedes solicitar el informe en las oficinas principales del Departamento de Polic\u00eda de Jonesboro. Dir\u00edgete a 170 South Main Street, Jonesboro, GA 30236, de lunes a viernes de 8AM a 5PM.<\/p>\n<p>Recuerda llevar tu identificaci\u00f3n y cualquier informaci\u00f3n relevante del accidente para que sea m\u00e1s f\u00e1cil recuperarlo. Tambi\u00e9n que la copia del informe puede tardar en estar disponible hasta dos d\u00edas h\u00e1biles despu\u00e9s de la fecha del accidente.<\/p>\n<h3>Departamento de Transportes de Georgia<\/h3>\n<p>Puedes enviar una al Departamento de Transportes de Georgia siguiendo estos pasos:<\/p>\n<ul>\n<li>Llena el formulario de <a href=\"https:\/\/www.dot.ga.gov\/DriveSmart\/Data\/Documents\/Crash%20Reports%20and%20Forms\/request_form.pdf\">Solicitud de Reportes de Accidentes Individuales<\/a>.<\/li>\n<li>Env\u00edalo junto al pago a:<\/li>\n<\/ul>\n<p>Georgia Department of Transportation<\/p>\n<p>935 United Ave. SE, Bldg 24<\/p>\n<p>Atlanta, GA 30316<\/p>\n<ul>\n<li>El informe ser\u00e1 enviado por correo electr\u00f3nico o postal.<\/li>\n<\/ul>\n<p>Los informes tienen un costo de $5 d\u00f3lares. Se aplica un extra de $2 d\u00f3lares si el reporte debe estar certificado. Realiza el pago mediante giro postal o cheque de caja (no se acepta efectivo ni cheques personales).<\/p>\n<h2>Principales causas de accidentes de tr\u00e1fico<\/h2>\n<ul>\n<li>Comer, usar el tel\u00e9fono, manipular la radio y otras acciones que pueden distraer al conductor.<\/li>\n<li>El exceso de velocidad disminuye el tiempo de reacci\u00f3n.<\/li>\n<li>Manejar bajo la influencia de alcohol o drogas<\/li>\n<li>No mantener la distancia, cambios repentinos de carril y otras acciones que indiquen conducci\u00f3n imprudente.<\/li>\n<li>Condiciones clim\u00e1ticas adversas, como lluvia, nieve o niebla.<\/li>\n<li>No respetar sem\u00e1foros y se\u00f1ales de tr\u00e1fico.<\/li>\n<li>Conductores sin experiencia.<\/li>\n<li>fallas mec\u00e1nicas, como frenos o neum\u00e1ticos defectuosos.<\/li>\n<li>Ira del camino o comportamiento agresivo al conducir.<\/li>\n<\/ul>\n<h3>Qu\u00e9 hacer tras un accidente<\/h3>\n<ol>\n<li>Verifica si hay heridos y llama a emergencias.<\/li>\n<li>Activa las luces intermitentes y coloca conos o se\u00f1ales si es seguro hacerlo.<\/li>\n<li>Intercambia informaci\u00f3n con los otros conductores.<\/li>\n<li>Solicita el informe y anota el n\u00famero de reporte.<\/li>\n<li>Contacta a tu aseguradora.<\/li>\n<li>Busca atenci\u00f3n m\u00e9dica.<\/li>\n<li>Re\u00fane pruebas (fotos de la escena, da\u00f1os, heridas e informaci\u00f3n de contacto de testigos).<\/li>\n<li>Consulta a un abogado.<\/li>\n<\/ol>\n<h2>La importancia del informe en reclamaciones de seguro<\/h2>\n<p>Tu informe de accidente es clave para:<\/p>\n<ul>\n<li>Presentar una reclamaci\u00f3n a tu aseguradora.<\/li>\n<li>Establecer responsabilidades legales.<\/li>\n<li>Obtener compensaci\u00f3n por da\u00f1os y perjuicios.<\/li>\n<\/ul>\n<h2>\u00bfCu\u00e1ndo consultar a un abogado?<\/h2>\n<p>Un <a href=\"https:\/\/ceolawyer.com\/georgia-personal-injury\/car-accident-lawyer\/\">abogado con experiencia en accidentes de tr\u00e1fico<\/a> puede ayudarte a:<\/p>\n<ul>\n<li>Analizar el informe y asesorarte sobre tus derechos.<\/li>\n<li>Recopilar pruebas adicionales para fortalecer tu caso.<\/li>\n<li>Negociar con las aseguradoras para obtener una compensaci\u00f3n justa.<\/li>\n<li>Representarte en caso de litigio.<\/li>\n<\/ul>\n<p>Si necesitas asesoramiento legal, contacta con CEO Lawyer Personal Injury Law Firm para una consulta gratuita llamando al <a href=\"tel:+14708229057\"><strong>(470) 822-9057<\/strong><\/a><\/p>\n","protected":false},"excerpt":{"rendered":"<p>Los accidentes automovil\u00edsticos pueden ser confusos y estresantes. Puede que necesites un informe policial para tu aseguradora, para una posible demanda legal o simplemente para mantener un registro personal para futuras referencias. Si el accidente ocurri\u00f3 en Jonesboro, Georgia, el proceso para conseguir una copia del reporte es un proceso sencillo. Qu\u00e9 hacer despu\u00e9s de [&hellip;]<\/p>\n","protected":false},"author":18,"featured_media":12900,"parent":12737,"menu_order":0,"comment_status":"closed","ping_status":"closed","template":"","meta":{"_acf_changed":false,"footnotes":""},"class_list":["post-12898","page","type-page","status-publish","has-post-thumbnail","hentry"],"acf":[],"yoast_head":"<!-- This site is optimized with the Yoast SEO plugin v27.5 - https:\/\/yoast.com\/product\/yoast-seo-wordpress\/ -->\n<title>C\u00f3mo Obtener el Informe de tu Accidente de Auto del Departamento de Polic\u00eda de Jonesboro | CEO Lawyer<\/title>\n<meta name=\"description\" content=\"Si tuviste un accidente en Jonesboro, te explicamos c\u00f3mo obtener tu informe. CEO Lawyer Personal Injury Law Firm te asesora. \u00a1Ll\u00e1manos ahora!\" \/>\n<meta name=\"robots\" content=\"index, follow, max-snippet:-1, max-image-preview:large, max-video-preview:-1\" \/>\n<link rel=\"canonical\" href=\"https:\/\/ceolawyer.com\/espanol\/informe-de-accidente\/informe-policial-de-un-accidente-de-auto-en-georgia\/jonesboro\/\" \/>\n<meta property=\"og:locale\" content=\"en_US\" \/>\n<meta property=\"og:type\" content=\"article\" \/>\n<meta property=\"og:title\" content=\"C\u00f3mo Obtener el Informe de tu Accidente de Auto del Departamento de Polic\u00eda de Jonesboro | CEO Lawyer\" \/>\n<meta property=\"og:description\" content=\"Si tuviste un accidente en Jonesboro, te explicamos c\u00f3mo obtener tu informe. CEO Lawyer Personal Injury Law Firm te asesora. \u00a1Ll\u00e1manos ahora!\" \/>\n<meta property=\"og:url\" content=\"https:\/\/ceolawyer.com\/espanol\/informe-de-accidente\/informe-policial-de-un-accidente-de-auto-en-georgia\/jonesboro\/\" \/>\n<meta property=\"og:site_name\" content=\"CEO Lawyer\" \/>\n<meta property=\"article:modified_time\" content=\"2025-12-22T12:26:17+00:00\" \/>\n<meta property=\"og:image\" content=\"https:\/\/ceolawyer.com\/espanol\/wp-content\/uploads\/sites\/2\/2025\/12\/How-to-Obtain-Your-Jonesboro-Police-Department-Car-Accident-Report.webp\" \/>\n\t<meta property=\"og:image:width\" content=\"500\" \/>\n\t<meta property=\"og:image:height\" content=\"300\" \/>\n\t<meta property=\"og:image:type\" content=\"image\/webp\" \/>\n<meta name=\"twitter:card\" content=\"summary_large_image\" \/>\n<meta name=\"twitter:label1\" content=\"Est. reading time\" \/>\n\t<meta name=\"twitter:data1\" content=\"4 minutes\" \/>\n<script type=\"application\/ld+json\" class=\"yoast-schema-graph\">{\"@context\":\"https:\\\/\\\/schema.org\",\"@graph\":[{\"@type\":\"WebPage\",\"@id\":\"https:\\\/\\\/ceolawyer.com\\\/espanol\\\/informe-de-accidente\\\/informe-policial-de-un-accidente-de-auto-en-georgia\\\/jonesboro\\\/\",\"url\":\"https:\\\/\\\/ceolawyer.com\\\/espanol\\\/informe-de-accidente\\\/informe-policial-de-un-accidente-de-auto-en-georgia\\\/jonesboro\\\/\",\"name\":\"C\u00f3mo Obtener el Informe de tu Accidente de Auto del Departamento de Polic\u00eda de Jonesboro | CEO Lawyer\",\"isPartOf\":{\"@id\":\"https:\\\/\\\/ceolawyer.com\\\/espanol\\\/#website\"},\"primaryImageOfPage\":{\"@id\":\"https:\\\/\\\/ceolawyer.com\\\/espanol\\\/informe-de-accidente\\\/informe-policial-de-un-accidente-de-auto-en-georgia\\\/jonesboro\\\/#primaryimage\"},\"image\":{\"@id\":\"https:\\\/\\\/ceolawyer.com\\\/espanol\\\/informe-de-accidente\\\/informe-policial-de-un-accidente-de-auto-en-georgia\\\/jonesboro\\\/#primaryimage\"},\"thumbnailUrl\":\"https:\\\/\\\/ceolawyer.com\\\/espanol\\\/wp-content\\\/uploads\\\/sites\\\/2\\\/2025\\\/12\\\/How-to-Obtain-Your-Jonesboro-Police-Department-Car-Accident-Report.webp\",\"datePublished\":\"2025-12-22T12:22:52+00:00\",\"dateModified\":\"2025-12-22T12:26:17+00:00\",\"description\":\"Si tuviste un accidente en Jonesboro, te explicamos c\u00f3mo obtener tu informe. CEO Lawyer Personal Injury Law Firm te asesora. \u00a1Ll\u00e1manos ahora!\",\"breadcrumb\":{\"@id\":\"https:\\\/\\\/ceolawyer.com\\\/espanol\\\/informe-de-accidente\\\/informe-policial-de-un-accidente-de-auto-en-georgia\\\/jonesboro\\\/#breadcrumb\"},\"inLanguage\":\"en-US\",\"potentialAction\":[{\"@type\":\"ReadAction\",\"target\":[\"https:\\\/\\\/ceolawyer.com\\\/espanol\\\/informe-de-accidente\\\/informe-policial-de-un-accidente-de-auto-en-georgia\\\/jonesboro\\\/\"]}]},{\"@type\":\"ImageObject\",\"inLanguage\":\"en-US\",\"@id\":\"https:\\\/\\\/ceolawyer.com\\\/espanol\\\/informe-de-accidente\\\/informe-policial-de-un-accidente-de-auto-en-georgia\\\/jonesboro\\\/#primaryimage\",\"url\":\"https:\\\/\\\/ceolawyer.com\\\/espanol\\\/wp-content\\\/uploads\\\/sites\\\/2\\\/2025\\\/12\\\/How-to-Obtain-Your-Jonesboro-Police-Department-Car-Accident-Report.webp\",\"contentUrl\":\"https:\\\/\\\/ceolawyer.com\\\/espanol\\\/wp-content\\\/uploads\\\/sites\\\/2\\\/2025\\\/12\\\/How-to-Obtain-Your-Jonesboro-Police-Department-Car-Accident-Report.webp\",\"width\":500,\"height\":300,\"caption\":\"Una toma de cerca de las luces de emergencia de un coche de polic\u00eda encendidas a plena luz del d\u00eda.\"},{\"@type\":\"BreadcrumbList\",\"@id\":\"https:\\\/\\\/ceolawyer.com\\\/espanol\\\/informe-de-accidente\\\/informe-policial-de-un-accidente-de-auto-en-georgia\\\/jonesboro\\\/#breadcrumb\",\"itemListElement\":[{\"@type\":\"ListItem\",\"position\":1,\"name\":\"Home\",\"item\":\"https:\\\/\\\/ceolawyer.com\\\/espanol\\\/\"},{\"@type\":\"ListItem\",\"position\":2,\"name\":\"Consigue el Reporte Policial de tu Accidente de Auto\",\"item\":\"https:\\\/\\\/ceolawyer.com\\\/espanol\\\/informe-de-accidente\\\/\"},{\"@type\":\"ListItem\",\"position\":3,\"name\":\"C\u00f3mo Solicitar el Informe Policial de un Accidente de Auto en Georgia\",\"item\":\"https:\\\/\\\/ceolawyer.com\\\/espanol\\\/informe-de-accidente\\\/informe-policial-de-un-accidente-de-auto-en-georgia\\\/\"},{\"@type\":\"ListItem\",\"position\":4,\"name\":\"C\u00f3mo Obtener el Informe de tu Accidente de Auto del Departamento de Polic\u00eda de Jonesboro\"}]},{\"@type\":\"WebSite\",\"@id\":\"https:\\\/\\\/ceolawyer.com\\\/espanol\\\/#website\",\"url\":\"https:\\\/\\\/ceolawyer.com\\\/espanol\\\/\",\"name\":\"CEO Lawyer\",\"description\":\"Personal Injury Attorney\",\"publisher\":{\"@id\":\"https:\\\/\\\/ceolawyer.com\\\/espanol\\\/#organization\"},\"potentialAction\":[{\"@type\":\"SearchAction\",\"target\":{\"@type\":\"EntryPoint\",\"urlTemplate\":\"https:\\\/\\\/ceolawyer.com\\\/espanol\\\/?s={search_term_string}\"},\"query-input\":{\"@type\":\"PropertyValueSpecification\",\"valueRequired\":true,\"valueName\":\"search_term_string\"}}],\"inLanguage\":\"en-US\"},{\"@type\":\"Organization\",\"@id\":\"https:\\\/\\\/ceolawyer.com\\\/espanol\\\/#organization\",\"name\":\"CEO Lawyer\",\"url\":\"https:\\\/\\\/ceolawyer.com\\\/espanol\\\/\",\"logo\":{\"@type\":\"ImageObject\",\"inLanguage\":\"en-US\",\"@id\":\"https:\\\/\\\/ceolawyer.com\\\/espanol\\\/#\\\/schema\\\/logo\\\/image\\\/\",\"url\":\"https:\\\/\\\/ceolawyer.com\\\/espanol\\\/wp-content\\\/uploads\\\/sites\\\/2\\\/2022\\\/05\\\/CEO_Logo.png\",\"contentUrl\":\"https:\\\/\\\/ceolawyer.com\\\/espanol\\\/wp-content\\\/uploads\\\/sites\\\/2\\\/2022\\\/05\\\/CEO_Logo.png\",\"width\":200,\"height\":108,\"caption\":\"CEO Lawyer\"},\"image\":{\"@id\":\"https:\\\/\\\/ceolawyer.com\\\/espanol\\\/#\\\/schema\\\/logo\\\/image\\\/\"}}]}<\/script>\n<!-- \/ Yoast SEO plugin. -->","yoast_head_json":{"title":"C\u00f3mo Obtener el Informe de tu Accidente de Auto del Departamento de Polic\u00eda de Jonesboro | CEO Lawyer","description":"Si tuviste un accidente en Jonesboro, te explicamos c\u00f3mo obtener tu informe. CEO Lawyer Personal Injury Law Firm te asesora. \u00a1Ll\u00e1manos ahora!","robots":{"index":"index","follow":"follow","max-snippet":"max-snippet:-1","max-image-preview":"max-image-preview:large","max-video-preview":"max-video-preview:-1"},"canonical":"https:\/\/ceolawyer.com\/espanol\/informe-de-accidente\/informe-policial-de-un-accidente-de-auto-en-georgia\/jonesboro\/","og_locale":"en_US","og_type":"article","og_title":"C\u00f3mo Obtener el Informe de tu Accidente de Auto del Departamento de Polic\u00eda de Jonesboro | CEO Lawyer","og_description":"Si tuviste un accidente en Jonesboro, te explicamos c\u00f3mo obtener tu informe. CEO Lawyer Personal Injury Law Firm te asesora. \u00a1Ll\u00e1manos ahora!","og_url":"https:\/\/ceolawyer.com\/espanol\/informe-de-accidente\/informe-policial-de-un-accidente-de-auto-en-georgia\/jonesboro\/","og_site_name":"CEO Lawyer","article_modified_time":"2025-12-22T12:26:17+00:00","og_image":[{"width":500,"height":300,"url":"https:\/\/ceolawyer.com\/espanol\/wp-content\/uploads\/sites\/2\/2025\/12\/How-to-Obtain-Your-Jonesboro-Police-Department-Car-Accident-Report.webp","type":"image\/webp"}],"twitter_card":"summary_large_image","twitter_misc":{"Est. reading time":"4 minutes"},"schema":{"@context":"https:\/\/schema.org","@graph":[{"@type":"WebPage","@id":"https:\/\/ceolawyer.com\/espanol\/informe-de-accidente\/informe-policial-de-un-accidente-de-auto-en-georgia\/jonesboro\/","url":"https:\/\/ceolawyer.com\/espanol\/informe-de-accidente\/informe-policial-de-un-accidente-de-auto-en-georgia\/jonesboro\/","name":"C\u00f3mo Obtener el Informe de tu Accidente de Auto del Departamento de Polic\u00eda de Jonesboro | CEO Lawyer","isPartOf":{"@id":"https:\/\/ceolawyer.com\/espanol\/#website"},"primaryImageOfPage":{"@id":"https:\/\/ceolawyer.com\/espanol\/informe-de-accidente\/informe-policial-de-un-accidente-de-auto-en-georgia\/jonesboro\/#primaryimage"},"image":{"@id":"https:\/\/ceolawyer.com\/espanol\/informe-de-accidente\/informe-policial-de-un-accidente-de-auto-en-georgia\/jonesboro\/#primaryimage"},"thumbnailUrl":"https:\/\/ceolawyer.com\/espanol\/wp-content\/uploads\/sites\/2\/2025\/12\/How-to-Obtain-Your-Jonesboro-Police-Department-Car-Accident-Report.webp","datePublished":"2025-12-22T12:22:52+00:00","dateModified":"2025-12-22T12:26:17+00:00","description":"Si tuviste un accidente en Jonesboro, te explicamos c\u00f3mo obtener tu informe. CEO Lawyer Personal Injury Law Firm te asesora. \u00a1Ll\u00e1manos ahora!","breadcrumb":{"@id":"https:\/\/ceolawyer.com\/espanol\/informe-de-accidente\/informe-policial-de-un-accidente-de-auto-en-georgia\/jonesboro\/#breadcrumb"},"inLanguage":"en-US","potentialAction":[{"@type":"ReadAction","target":["https:\/\/ceolawyer.com\/espanol\/informe-de-accidente\/informe-policial-de-un-accidente-de-auto-en-georgia\/jonesboro\/"]}]},{"@type":"ImageObject","inLanguage":"en-US","@id":"https:\/\/ceolawyer.com\/espanol\/informe-de-accidente\/informe-policial-de-un-accidente-de-auto-en-georgia\/jonesboro\/#primaryimage","url":"https:\/\/ceolawyer.com\/espanol\/wp-content\/uploads\/sites\/2\/2025\/12\/How-to-Obtain-Your-Jonesboro-Police-Department-Car-Accident-Report.webp","contentUrl":"https:\/\/ceolawyer.com\/espanol\/wp-content\/uploads\/sites\/2\/2025\/12\/How-to-Obtain-Your-Jonesboro-Police-Department-Car-Accident-Report.webp","width":500,"height":300,"caption":"Una toma de cerca de las luces de emergencia de un coche de polic\u00eda encendidas a plena luz del d\u00eda."},{"@type":"BreadcrumbList","@id":"https:\/\/ceolawyer.com\/espanol\/informe-de-accidente\/informe-policial-de-un-accidente-de-auto-en-georgia\/jonesboro\/#breadcrumb","itemListElement":[{"@type":"ListItem","position":1,"name":"Home","item":"https:\/\/ceolawyer.com\/espanol\/"},{"@type":"ListItem","position":2,"name":"Consigue el Reporte Policial de tu Accidente de Auto","item":"https:\/\/ceolawyer.com\/espanol\/informe-de-accidente\/"},{"@type":"ListItem","position":3,"name":"C\u00f3mo Solicitar el Informe Policial de un Accidente de Auto en Georgia","item":"https:\/\/ceolawyer.com\/espanol\/informe-de-accidente\/informe-policial-de-un-accidente-de-auto-en-georgia\/"},{"@type":"ListItem","position":4,"name":"C\u00f3mo Obtener el Informe de tu Accidente de Auto del Departamento de Polic\u00eda de Jonesboro"}]},{"@type":"WebSite","@id":"https:\/\/ceolawyer.com\/espanol\/#website","url":"https:\/\/ceolawyer.com\/espanol\/","name":"CEO Lawyer","description":"Personal Injury Attorney","publisher":{"@id":"https:\/\/ceolawyer.com\/espanol\/#organization"},"potentialAction":[{"@type":"SearchAction","target":{"@type":"EntryPoint","urlTemplate":"https:\/\/ceolawyer.com\/espanol\/?s={search_term_string}"},"query-input":{"@type":"PropertyValueSpecification","valueRequired":true,"valueName":"search_term_string"}}],"inLanguage":"en-US"},{"@type":"Organization","@id":"https:\/\/ceolawyer.com\/espanol\/#organization","name":"CEO Lawyer","url":"https:\/\/ceolawyer.com\/espanol\/","logo":{"@type":"ImageObject","inLanguage":"en-US","@id":"https:\/\/ceolawyer.com\/espanol\/#\/schema\/logo\/image\/","url":"https:\/\/ceolawyer.com\/espanol\/wp-content\/uploads\/sites\/2\/2022\/05\/CEO_Logo.png","contentUrl":"https:\/\/ceolawyer.com\/espanol\/wp-content\/uploads\/sites\/2\/2022\/05\/CEO_Logo.png","width":200,"height":108,"caption":"CEO Lawyer"},"image":{"@id":"https:\/\/ceolawyer.com\/espanol\/#\/schema\/logo\/image\/"}}]}},"_links":{"self":[{"href":"https:\/\/ceolawyer.com\/espanol\/wp-json\/wp\/v2\/pages\/12898","targetHints":{"allow":["GET"]}}],"collection":[{"href":"https:\/\/ceolawyer.com\/espanol\/wp-json\/wp\/v2\/pages"}],"about":[{"href":"https:\/\/ceolawyer.com\/espanol\/wp-json\/wp\/v2\/types\/page"}],"author":[{"embeddable":true,"href":"https:\/\/ceolawyer.com\/espanol\/wp-json\/wp\/v2\/users\/18"}],"replies":[{"embeddable":true,"href":"https:\/\/ceolawyer.com\/espanol\/wp-json\/wp\/v2\/comments?post=12898"}],"version-history":[{"count":0,"href":"https:\/\/ceolawyer.com\/espanol\/wp-json\/wp\/v2\/pages\/12898\/revisions"}],"up":[{"embeddable":true,"href":"https:\/\/ceolawyer.com\/espanol\/wp-json\/wp\/v2\/pages\/12737"}],"wp:featuredmedia":[{"embeddable":true,"href":"https:\/\/ceolawyer.com\/espanol\/wp-json\/wp\/v2\/media\/12900"}],"wp:attachment":[{"href":"https:\/\/ceolawyer.com\/espanol\/wp-json\/wp\/v2\/media?parent=12898"}],"curies":[{"name":"wp","href":"https:\/\/api.w.org\/{rel}","templated":true}]}}