{"id":12917,"date":"2025-12-22T13:02:28","date_gmt":"2025-12-22T13:02:28","guid":{"rendered":"https:\/\/ceolawyer.com\/espanol\/?page_id=12917"},"modified":"2025-12-22T13:07:26","modified_gmt":"2025-12-22T13:07:26","slug":"liberty-county","status":"publish","type":"page","link":"https:\/\/ceolawyer.com\/espanol\/informe-de-accidente\/informe-policial-de-un-accidente-de-auto-en-georgia\/liberty-county\/","title":{"rendered":"C\u00f3mo obtener tu informe de accidente automovil\u00edstico del departamento del alguacil de Liberty County"},"content":{"rendered":"<p><img decoding=\"async\" class=\"alignright size-full wp-image-12919\" src=\"https:\/\/ceolawyer.com\/espanol\/wp-content\/uploads\/sites\/2\/2025\/12\/How-to-Obtain-Your-Liberty-County-Sheriff-Department-Car-Accident-Report.webp\" alt=\"Oficiales de polic\u00eda con gafas de sol de pie junto a su veh\u00edculo por la tarde.\" width=\"500\" height=\"300\" srcset=\"https:\/\/ceolawyer.com\/espanol\/wp-content\/uploads\/sites\/2\/2025\/12\/How-to-Obtain-Your-Liberty-County-Sheriff-Department-Car-Accident-Report.webp 500w, https:\/\/ceolawyer.com\/espanol\/wp-content\/uploads\/sites\/2\/2025\/12\/How-to-Obtain-Your-Liberty-County-Sheriff-Department-Car-Accident-Report-300x180.webp 300w\" sizes=\"(max-width: 500px) 100vw, 500px\" \/>Estar involucrado en un accidente automovil\u00edstico puede ser una experiencia desoladora. En medio del choque inicial, un paso crucial a menudo se pasa por alto: obtener el informe oficial policial de accidente.<\/p>\n<p>Este documento, preparado por el departamento del alguacil de Liberty County, juega un papel vital en varios aspectos del proceso pos-accidente. No importa si lo necesitas para tu reclamo de seguro, procesos legales o simplemente para tus registros, asegurar una copia del informe es esencial.<\/p>\n<h2>Departamento del alguacil de Liberty County<\/h2>\n<p>La oficina del alguacil de Liberty County, situada en Hinesville, Georgia, es una base de la aplicaci\u00f3n de la ley dentro del condado. Su foco primario descansa en proteger la seguridad p\u00fablica a trav\u00e9s de \u00e1reas sin incorporar, aquellas no cubiertas por los departamentos policiales municipales.<\/p>\n<p>Sus responsabilidades se extienden m\u00e1s all\u00e1 de patrullar y responder a emergencias. La oficina del alguacil aplica juicios legales relacionados a ejecuciones hipotecarias, embargos y moras fiscales.<\/p>\n<p>Adicionalmente, manejan las c\u00e1rceles del condado y supervisan el bienestar de los presos.<\/p>\n<h2>Obt\u00e9n tu informe de accidente automovil\u00edstico del departamento del alguacil de Liberty County<\/h2>\n<p>Aqu\u00ed hay una gu\u00eda comprensiva en adquirir tu informe de accidente automovil\u00edstico del departamento del alguacil de Liberty County:<\/p>\n<h3>M\u00e9todos de contacto<\/h3>\n<p>Mientras que el <a href=\"https:\/\/www.libertyso.org\/public-information\/open-records-request\/\">sitio oficial de la oficina del alguacil de Liberty County<\/a> menciona una p\u00e1gina de pedido de registros abiertos, el m\u00e9todo espec\u00edfico para enviar un pedido para un informe de accidente automovil\u00edstico sigue bajo revisi\u00f3n.<\/p>\n<h4>Tel\u00e9fono<\/h4>\n<p>El acercamiento m\u00e1s directo es contactar la oficina del alguacil directamente al <a href=\"tel:+19128764555\">(912) 876-4555<\/a>. Prep\u00e1rate para otorgar detalles sobre el accidente, incluyendo la fecha, el lugar y cualquier n\u00famero de caso que pudiste haber recibido de la polic\u00eda en la escena.<\/p>\n<h4>Visita en persona<\/h4>\n<p>Si prefieres un toque personal, visita la sede de la oficina del alguacil en 201 S Main St Ste 1300, Hinesville, GA 31313 durante horas laborales (Lunes-Viernes, 8:00 AM &#8211; 5:00 PM). Pide una copia del informe de la divisi\u00f3n de registros.<\/p>\n<h4>Email (opci\u00f3n potencial)<\/h4>\n<p>Mientras esperas confirmaci\u00f3n del m\u00e9todo de pedido en l\u00ednea, puedes intentar mandar un email a la oficina de registros a <a href=\"mailto:sheriffopenrecords@libertycountyga.com\">sheriffopenrecords@libertycountyga.com<\/a> para preguntar sobre la posibilidad de obtener una copia en l\u00ednea.<\/p>\n<h4>En l\u00ednea<\/h4>\n<p>Para una opci\u00f3n conveniente en l\u00ednea, puedes usar BuyCrash.com.<\/p>\n<p>Aqu\u00ed est\u00e1 lo que tienes que hacer:<\/p>\n<ul>\n<li>Hacer clic en el link hacia <a href=\"https:\/\/buycrash.lexisnexisrisk.com\/ui\/home\">com<\/a>.<\/li>\n<li>En la p\u00e1gina de buycrash.com, selecciona <strong>Georgia <\/strong>como tu estado.<\/li>\n<li>Escoge la jurisdicci\u00f3n que investig\u00f3 tu accidente automovil\u00edstico del segundo men\u00fa desplegable, es decir, el <strong>Alguacil de Liberty County.<\/strong><\/li>\n<li>Haz clic en <strong>empezar b\u00fasqueda <\/strong>para proceder.<\/li>\n<li>Te pedir\u00e1n dar detalles como:\n<ul>\n<li>Apellidos<\/li>\n<li>Fecha del accidente<\/li>\n<li>N\u00famero de informe del caso<\/li>\n<li>VIN (n\u00famero de identificaci\u00f3n vehicular)<\/li>\n<li>N\u00famero de licencia de conducir<\/li>\n<\/ul>\n<\/li>\n<\/ul>\n<p><strong>Nota: <\/strong>puede haber tarifas asociadas a este m\u00e9todo.<\/p>\n<h3>Consejos adicionales<\/h3>\n<ul>\n<li><strong>Recolectar informaci\u00f3n: <\/strong>Al contactar a la oficina del alguacil, ten detalles a la mano sobre el accidente, como la fecha, el lugar y cualquier n\u00famero de caso.<\/li>\n<li><strong>Tarifas: <\/strong>Prep\u00e1rate para una tarifa potencial asociada con obtener tu informe. El sitio web de la oficina del alguacil debe tener la informaci\u00f3n de tarifa m\u00e1s actualizada.<\/li>\n<\/ul>\n<h2>Pasos esenciales despu\u00e9s de un accidente automovil\u00edstico<\/h2>\n<ul>\n<li><strong>Seguridad primero: <\/strong>Siempre permanece en la escena del accidente y checa en el bienestar de todos los involucrados.<\/li>\n<li><strong>Reporta el accidente: <\/strong>Contacta a la polic\u00eda para reportar el accidente y obtener un informe policial.<\/li>\n<li><strong>Intercambia informaci\u00f3n: <\/strong>Intercambia detalles de contacto con otros conductores involucrados y cualquier testigo que pudo haber observado el accidente.<\/li>\n<li><strong>Informa a tu seguro: <\/strong>Notifica a tu compa\u00f1\u00eda de seguro r\u00e1pidamente sobre el accidente.<\/li>\n<li><strong>Busca atenci\u00f3n m\u00e9dica: <\/strong>Si sufriste cualquier lesi\u00f3n, busca tratamiento m\u00e9dico apropiado y documenta tu visita.<\/li>\n<li><strong>Documenta la escena: <\/strong>Toma fotos del da\u00f1o vehicular y cualquier lesi\u00f3n visible (si es posible).<\/li>\n<li><strong>Considera asesoramiento legal: <\/strong>Consultar con un abogado de lesi\u00f3n personal puede ser beneficioso. Ellos pueden manejar las materias legales mientras te enfocas en tu recuperaci\u00f3n. Considera buscar una consulta gratis para entender tus derechos y opciones.<\/li>\n<\/ul>\n<h2>C\u00f3mo abordar errores en tu informe de accidente automovil\u00edstico de la oficina del alguacil de Liberty County<\/h2>\n<p>Un informe oficial de accidente juega un papel importante en reclamos de seguro, procesos legales y mantener un registro factual del evento. Sin embargo, las discrepancias e imprecisiones pueden ocurrir a veces.<\/p>\n<p>Aqu\u00ed hay una gu\u00eda para ayudarte a abordar cualquier error que puedas descubrir en tu informe de accidente automovil\u00edstico de Liberty County.<\/p>\n<h3>Revisa los detalles<\/h3>\n<p>El primer paso es una revisi\u00f3n profunda. Examina cuidadosamente todo el informe, poniendo atenci\u00f3n a detalles clave como:<\/p>\n<ul>\n<li>Fechas y horas: Asegura que la fecha y la hora del accidente sean precisamente reflejadas en el informe.<\/li>\n<li>Lugar: Verifica que el lugar reportado del accidente sea correcto.<\/li>\n<li>Descripci\u00f3n del accidente: Revisa la descripci\u00f3n del accidente para cualquier inconsistencia con tu recolecci\u00f3n de los eventos.<\/li>\n<\/ul>\n<h3>Inicia contacto<\/h3>\n<p>Si identificas errores, r\u00e1pidamente contacta a la oficina del alguacil de Liberty County. Puedes contactarlos a trav\u00e9s de:<\/p>\n<ul>\n<li><strong>Tel\u00e9fono: <\/strong>Ll\u00e1malos al <a href=\"tel:+19128764555\">(912) 876-4555<\/a>. Prep\u00e1rate para explicar los errores espec\u00edficos que encontraste y otorga cualquier detalle relevante sobre el accidente.<\/li>\n<li><strong>Visita en persona: <\/strong>Visita la sede de la oficina del alguacil al 201 S Main St Ste 1300, Hinesville, GA 31313 durante horas laborales (Lunes-Viernes, 8:00 AM &#8211; 5:00 PM). Explica las discrepancias a un representante de la divisi\u00f3n de registros.<\/li>\n<\/ul>\n<h3>Apoyando tu reclamo<\/h3>\n<p>Tener evidencia para apoyar tus reclamos puede fortalecer significativamente tu caso para correcci\u00f3n. Si es posible, recolecta cualquier documentaci\u00f3n que contradiga la informaci\u00f3n en el informe, como:<\/p>\n<ul>\n<li>Fotos de la escena del accidente<\/li>\n<li>Testimonios de testigos<\/li>\n<li>Registros m\u00e9dicos (si aplica)<\/li>\n<\/ul>\n<p>Prep\u00e1rate para explicar por qu\u00e9 crees que la informaci\u00f3n del informe es imprecisa y c\u00f3mo la evidencia que tienes apoya tu posici\u00f3n.<\/p>\n<h3>Opciones alternativas para correcci\u00f3n<\/h3>\n<p><u>Adendo o informe suplementario<\/u>: En algunas instancias, la oficina del alguacil te permite enviar un adendo o informe suplementario. Este documento sirve para clarificar o corregir detalles espec\u00edficos en el informe original.<\/p>\n<h2>Buscar asesoramiento legal<\/h2>\n<p>Si los errores en el informe impacta significativamente tu situaci\u00f3n, como afectando la determinaci\u00f3n de culpabilidad, reclamos de seguro o procesos legales, consultar con un abogado es altamente recomendado. Un abogado experimentado puede aconsejarte en la mejor v\u00eda de acci\u00f3n y ayudarte a navegar cualquier complejidad legal potencial surgiendo de las imprecisiones.<\/p>\n<h3>No dejes que los errores impidan tus derechos<\/h3>\n<p>Corregir errores en tu informe de accidente automovil\u00edstico puede ser un proceso complejo. Enfrentarte a la informaci\u00f3n imprecisa que puede perjudicar tu reclamo de seguro o caso legal puede ser estresante. El bufete de abogados de lesi\u00f3n personal de CEO Lawyer te puede ayudar.<\/p>\n<p>Nuestro <a href=\"https:\/\/ceolawyer.com\/georgia-personal-injury\/car-accident-lawyer\/\">equipo dedicado de abogados de accidentes automovil\u00edsticos en Georgia<\/a> entiende las complejidades legales involucradas en los casos de accidentes automovil\u00edsticos. Trabajamos sin descanso para asegurar que tu informe refleje la verdad y que tus derechos sean protegidos durante el proceso.<\/p>\n<p>Contacta a la <a href=\"https:\/\/ceolawyer.com\/\">firma de abogados de lesi\u00f3n personal de CEO Lawyer<\/a> hoy para una consulta gratis:<\/p>\n","protected":false},"excerpt":{"rendered":"<p>Estar involucrado en un accidente automovil\u00edstico puede ser una experiencia desoladora. En medio del choque inicial, un paso crucial a menudo se pasa por alto: obtener el informe oficial policial de accidente. Este documento, preparado por el departamento del alguacil de Liberty County, juega un papel vital en varios aspectos del proceso pos-accidente. No importa [&hellip;]<\/p>\n","protected":false},"author":18,"featured_media":12919,"parent":12737,"menu_order":0,"comment_status":"closed","ping_status":"closed","template":"","meta":{"_acf_changed":false,"footnotes":""},"class_list":["post-12917","page","type-page","status-publish","has-post-thumbnail","hentry"],"acf":[],"yoast_head":"<!-- This site is optimized with the Yoast SEO plugin v27.2 - https:\/\/yoast.com\/product\/yoast-seo-wordpress\/ -->\n<title>C\u00f3mo obtener tu informe de accidente automovil\u00edstico del departamento del alguacil de Liberty County | CEO Lawyer<\/title>\n<meta name=\"description\" content=\"Tu informe policial contiene toda la evidencia necesaria para determinar tu compensaci\u00f3n despu\u00e9s de tu accidente automovil\u00edstico en Liberty County. M\u00e1rcanos al (470) 822-9057 para saber c\u00f3mo usarlo.\" \/>\n<meta name=\"robots\" content=\"index, follow, max-snippet:-1, max-image-preview:large, max-video-preview:-1\" \/>\n<link rel=\"canonical\" href=\"https:\/\/ceolawyer.com\/espanol\/informe-de-accidente\/informe-policial-de-un-accidente-de-auto-en-georgia\/liberty-county\/\" \/>\n<meta property=\"og:locale\" content=\"en_US\" \/>\n<meta property=\"og:type\" content=\"article\" \/>\n<meta property=\"og:title\" content=\"C\u00f3mo obtener tu informe de accidente automovil\u00edstico del departamento del alguacil de Liberty County | CEO Lawyer\" \/>\n<meta property=\"og:description\" content=\"Tu informe policial contiene toda la evidencia necesaria para determinar tu compensaci\u00f3n despu\u00e9s de tu accidente automovil\u00edstico en Liberty County. M\u00e1rcanos al (470) 822-9057 para saber c\u00f3mo usarlo.\" \/>\n<meta property=\"og:url\" content=\"https:\/\/ceolawyer.com\/espanol\/informe-de-accidente\/informe-policial-de-un-accidente-de-auto-en-georgia\/liberty-county\/\" \/>\n<meta property=\"og:site_name\" content=\"CEO Lawyer\" \/>\n<meta property=\"article:modified_time\" content=\"2025-12-22T13:07:26+00:00\" \/>\n<meta property=\"og:image\" content=\"https:\/\/ceolawyer.com\/espanol\/wp-content\/uploads\/sites\/2\/2025\/12\/How-to-Obtain-Your-Liberty-County-Sheriff-Department-Car-Accident-Report.webp\" \/>\n\t<meta property=\"og:image:width\" content=\"500\" \/>\n\t<meta property=\"og:image:height\" content=\"300\" \/>\n\t<meta property=\"og:image:type\" content=\"image\/webp\" \/>\n<meta name=\"twitter:card\" content=\"summary_large_image\" \/>\n<meta name=\"twitter:label1\" content=\"Est. reading time\" \/>\n\t<meta name=\"twitter:data1\" content=\"6 minutes\" \/>\n<script type=\"application\/ld+json\" class=\"yoast-schema-graph\">{\"@context\":\"https:\/\/schema.org\",\"@graph\":[{\"@type\":\"WebPage\",\"@id\":\"https:\/\/ceolawyer.com\/espanol\/informe-de-accidente\/informe-policial-de-un-accidente-de-auto-en-georgia\/liberty-county\/\",\"url\":\"https:\/\/ceolawyer.com\/espanol\/informe-de-accidente\/informe-policial-de-un-accidente-de-auto-en-georgia\/liberty-county\/\",\"name\":\"C\u00f3mo obtener tu informe de accidente automovil\u00edstico del departamento del alguacil de Liberty County | CEO Lawyer\",\"isPartOf\":{\"@id\":\"https:\/\/ceolawyer.com\/espanol\/#website\"},\"primaryImageOfPage\":{\"@id\":\"https:\/\/ceolawyer.com\/espanol\/informe-de-accidente\/informe-policial-de-un-accidente-de-auto-en-georgia\/liberty-county\/#primaryimage\"},\"image\":{\"@id\":\"https:\/\/ceolawyer.com\/espanol\/informe-de-accidente\/informe-policial-de-un-accidente-de-auto-en-georgia\/liberty-county\/#primaryimage\"},\"thumbnailUrl\":\"https:\/\/ceolawyer.com\/espanol\/wp-content\/uploads\/sites\/2\/2025\/12\/How-to-Obtain-Your-Liberty-County-Sheriff-Department-Car-Accident-Report.webp\",\"datePublished\":\"2025-12-22T13:02:28+00:00\",\"dateModified\":\"2025-12-22T13:07:26+00:00\",\"description\":\"Tu informe policial contiene toda la evidencia necesaria para determinar tu compensaci\u00f3n despu\u00e9s de tu accidente automovil\u00edstico en Liberty County. M\u00e1rcanos al (470) 822-9057 para saber c\u00f3mo usarlo.\",\"breadcrumb\":{\"@id\":\"https:\/\/ceolawyer.com\/espanol\/informe-de-accidente\/informe-policial-de-un-accidente-de-auto-en-georgia\/liberty-county\/#breadcrumb\"},\"inLanguage\":\"en-US\",\"potentialAction\":[{\"@type\":\"ReadAction\",\"target\":[\"https:\/\/ceolawyer.com\/espanol\/informe-de-accidente\/informe-policial-de-un-accidente-de-auto-en-georgia\/liberty-county\/\"]}]},{\"@type\":\"ImageObject\",\"inLanguage\":\"en-US\",\"@id\":\"https:\/\/ceolawyer.com\/espanol\/informe-de-accidente\/informe-policial-de-un-accidente-de-auto-en-georgia\/liberty-county\/#primaryimage\",\"url\":\"https:\/\/ceolawyer.com\/espanol\/wp-content\/uploads\/sites\/2\/2025\/12\/How-to-Obtain-Your-Liberty-County-Sheriff-Department-Car-Accident-Report.webp\",\"contentUrl\":\"https:\/\/ceolawyer.com\/espanol\/wp-content\/uploads\/sites\/2\/2025\/12\/How-to-Obtain-Your-Liberty-County-Sheriff-Department-Car-Accident-Report.webp\",\"width\":500,\"height\":300,\"caption\":\"Oficiales de polic\u00eda con gafas de sol de pie junto a su veh\u00edculo por la tarde.\"},{\"@type\":\"BreadcrumbList\",\"@id\":\"https:\/\/ceolawyer.com\/espanol\/informe-de-accidente\/informe-policial-de-un-accidente-de-auto-en-georgia\/liberty-county\/#breadcrumb\",\"itemListElement\":[{\"@type\":\"ListItem\",\"position\":1,\"name\":\"Home\",\"item\":\"https:\/\/ceolawyer.com\/espanol\/\"},{\"@type\":\"ListItem\",\"position\":2,\"name\":\"Consigue el Reporte Policial de tu Accidente de Auto\",\"item\":\"https:\/\/ceolawyer.com\/espanol\/informe-de-accidente\/\"},{\"@type\":\"ListItem\",\"position\":3,\"name\":\"C\u00f3mo Solicitar el Informe Policial de un Accidente de Auto en Georgia\",\"item\":\"https:\/\/ceolawyer.com\/espanol\/informe-de-accidente\/informe-policial-de-un-accidente-de-auto-en-georgia\/\"},{\"@type\":\"ListItem\",\"position\":4,\"name\":\"C\u00f3mo obtener tu informe de accidente automovil\u00edstico del departamento del alguacil de Liberty County\"}]},{\"@type\":\"WebSite\",\"@id\":\"https:\/\/ceolawyer.com\/espanol\/#website\",\"url\":\"https:\/\/ceolawyer.com\/espanol\/\",\"name\":\"CEO Lawyer\",\"description\":\"Personal Injury Attorney\",\"publisher\":{\"@id\":\"https:\/\/ceolawyer.com\/espanol\/#organization\"},\"potentialAction\":[{\"@type\":\"SearchAction\",\"target\":{\"@type\":\"EntryPoint\",\"urlTemplate\":\"https:\/\/ceolawyer.com\/espanol\/?s={search_term_string}\"},\"query-input\":{\"@type\":\"PropertyValueSpecification\",\"valueRequired\":true,\"valueName\":\"search_term_string\"}}],\"inLanguage\":\"en-US\"},{\"@type\":\"Organization\",\"@id\":\"https:\/\/ceolawyer.com\/espanol\/#organization\",\"name\":\"CEO Lawyer\",\"url\":\"https:\/\/ceolawyer.com\/espanol\/\",\"logo\":{\"@type\":\"ImageObject\",\"inLanguage\":\"en-US\",\"@id\":\"https:\/\/ceolawyer.com\/espanol\/#\/schema\/logo\/image\/\",\"url\":\"https:\/\/ceolawyer.com\/espanol\/wp-content\/uploads\/sites\/2\/2022\/05\/CEO_Logo.png\",\"contentUrl\":\"https:\/\/ceolawyer.com\/espanol\/wp-content\/uploads\/sites\/2\/2022\/05\/CEO_Logo.png\",\"width\":200,\"height\":108,\"caption\":\"CEO Lawyer\"},\"image\":{\"@id\":\"https:\/\/ceolawyer.com\/espanol\/#\/schema\/logo\/image\/\"}}]}<\/script>\n<!-- \/ Yoast SEO plugin. -->","yoast_head_json":{"title":"C\u00f3mo obtener tu informe de accidente automovil\u00edstico del departamento del alguacil de Liberty County | CEO Lawyer","description":"Tu informe policial contiene toda la evidencia necesaria para determinar tu compensaci\u00f3n despu\u00e9s de tu accidente automovil\u00edstico en Liberty County. M\u00e1rcanos al (470) 822-9057 para saber c\u00f3mo usarlo.","robots":{"index":"index","follow":"follow","max-snippet":"max-snippet:-1","max-image-preview":"max-image-preview:large","max-video-preview":"max-video-preview:-1"},"canonical":"https:\/\/ceolawyer.com\/espanol\/informe-de-accidente\/informe-policial-de-un-accidente-de-auto-en-georgia\/liberty-county\/","og_locale":"en_US","og_type":"article","og_title":"C\u00f3mo obtener tu informe de accidente automovil\u00edstico del departamento del alguacil de Liberty County | CEO Lawyer","og_description":"Tu informe policial contiene toda la evidencia necesaria para determinar tu compensaci\u00f3n despu\u00e9s de tu accidente automovil\u00edstico en Liberty County. M\u00e1rcanos al (470) 822-9057 para saber c\u00f3mo usarlo.","og_url":"https:\/\/ceolawyer.com\/espanol\/informe-de-accidente\/informe-policial-de-un-accidente-de-auto-en-georgia\/liberty-county\/","og_site_name":"CEO Lawyer","article_modified_time":"2025-12-22T13:07:26+00:00","og_image":[{"width":500,"height":300,"url":"https:\/\/ceolawyer.com\/espanol\/wp-content\/uploads\/sites\/2\/2025\/12\/How-to-Obtain-Your-Liberty-County-Sheriff-Department-Car-Accident-Report.webp","type":"image\/webp"}],"twitter_card":"summary_large_image","twitter_misc":{"Est. reading time":"6 minutes"},"schema":{"@context":"https:\/\/schema.org","@graph":[{"@type":"WebPage","@id":"https:\/\/ceolawyer.com\/espanol\/informe-de-accidente\/informe-policial-de-un-accidente-de-auto-en-georgia\/liberty-county\/","url":"https:\/\/ceolawyer.com\/espanol\/informe-de-accidente\/informe-policial-de-un-accidente-de-auto-en-georgia\/liberty-county\/","name":"C\u00f3mo obtener tu informe de accidente automovil\u00edstico del departamento del alguacil de Liberty County | CEO Lawyer","isPartOf":{"@id":"https:\/\/ceolawyer.com\/espanol\/#website"},"primaryImageOfPage":{"@id":"https:\/\/ceolawyer.com\/espanol\/informe-de-accidente\/informe-policial-de-un-accidente-de-auto-en-georgia\/liberty-county\/#primaryimage"},"image":{"@id":"https:\/\/ceolawyer.com\/espanol\/informe-de-accidente\/informe-policial-de-un-accidente-de-auto-en-georgia\/liberty-county\/#primaryimage"},"thumbnailUrl":"https:\/\/ceolawyer.com\/espanol\/wp-content\/uploads\/sites\/2\/2025\/12\/How-to-Obtain-Your-Liberty-County-Sheriff-Department-Car-Accident-Report.webp","datePublished":"2025-12-22T13:02:28+00:00","dateModified":"2025-12-22T13:07:26+00:00","description":"Tu informe policial contiene toda la evidencia necesaria para determinar tu compensaci\u00f3n despu\u00e9s de tu accidente automovil\u00edstico en Liberty County. M\u00e1rcanos al (470) 822-9057 para saber c\u00f3mo usarlo.","breadcrumb":{"@id":"https:\/\/ceolawyer.com\/espanol\/informe-de-accidente\/informe-policial-de-un-accidente-de-auto-en-georgia\/liberty-county\/#breadcrumb"},"inLanguage":"en-US","potentialAction":[{"@type":"ReadAction","target":["https:\/\/ceolawyer.com\/espanol\/informe-de-accidente\/informe-policial-de-un-accidente-de-auto-en-georgia\/liberty-county\/"]}]},{"@type":"ImageObject","inLanguage":"en-US","@id":"https:\/\/ceolawyer.com\/espanol\/informe-de-accidente\/informe-policial-de-un-accidente-de-auto-en-georgia\/liberty-county\/#primaryimage","url":"https:\/\/ceolawyer.com\/espanol\/wp-content\/uploads\/sites\/2\/2025\/12\/How-to-Obtain-Your-Liberty-County-Sheriff-Department-Car-Accident-Report.webp","contentUrl":"https:\/\/ceolawyer.com\/espanol\/wp-content\/uploads\/sites\/2\/2025\/12\/How-to-Obtain-Your-Liberty-County-Sheriff-Department-Car-Accident-Report.webp","width":500,"height":300,"caption":"Oficiales de polic\u00eda con gafas de sol de pie junto a su veh\u00edculo por la tarde."},{"@type":"BreadcrumbList","@id":"https:\/\/ceolawyer.com\/espanol\/informe-de-accidente\/informe-policial-de-un-accidente-de-auto-en-georgia\/liberty-county\/#breadcrumb","itemListElement":[{"@type":"ListItem","position":1,"name":"Home","item":"https:\/\/ceolawyer.com\/espanol\/"},{"@type":"ListItem","position":2,"name":"Consigue el Reporte Policial de tu Accidente de Auto","item":"https:\/\/ceolawyer.com\/espanol\/informe-de-accidente\/"},{"@type":"ListItem","position":3,"name":"C\u00f3mo Solicitar el Informe Policial de un Accidente de Auto en Georgia","item":"https:\/\/ceolawyer.com\/espanol\/informe-de-accidente\/informe-policial-de-un-accidente-de-auto-en-georgia\/"},{"@type":"ListItem","position":4,"name":"C\u00f3mo obtener tu informe de accidente automovil\u00edstico del departamento del alguacil de Liberty County"}]},{"@type":"WebSite","@id":"https:\/\/ceolawyer.com\/espanol\/#website","url":"https:\/\/ceolawyer.com\/espanol\/","name":"CEO Lawyer","description":"Personal Injury Attorney","publisher":{"@id":"https:\/\/ceolawyer.com\/espanol\/#organization"},"potentialAction":[{"@type":"SearchAction","target":{"@type":"EntryPoint","urlTemplate":"https:\/\/ceolawyer.com\/espanol\/?s={search_term_string}"},"query-input":{"@type":"PropertyValueSpecification","valueRequired":true,"valueName":"search_term_string"}}],"inLanguage":"en-US"},{"@type":"Organization","@id":"https:\/\/ceolawyer.com\/espanol\/#organization","name":"CEO Lawyer","url":"https:\/\/ceolawyer.com\/espanol\/","logo":{"@type":"ImageObject","inLanguage":"en-US","@id":"https:\/\/ceolawyer.com\/espanol\/#\/schema\/logo\/image\/","url":"https:\/\/ceolawyer.com\/espanol\/wp-content\/uploads\/sites\/2\/2022\/05\/CEO_Logo.png","contentUrl":"https:\/\/ceolawyer.com\/espanol\/wp-content\/uploads\/sites\/2\/2022\/05\/CEO_Logo.png","width":200,"height":108,"caption":"CEO Lawyer"},"image":{"@id":"https:\/\/ceolawyer.com\/espanol\/#\/schema\/logo\/image\/"}}]}},"_links":{"self":[{"href":"https:\/\/ceolawyer.com\/espanol\/wp-json\/wp\/v2\/pages\/12917","targetHints":{"allow":["GET"]}}],"collection":[{"href":"https:\/\/ceolawyer.com\/espanol\/wp-json\/wp\/v2\/pages"}],"about":[{"href":"https:\/\/ceolawyer.com\/espanol\/wp-json\/wp\/v2\/types\/page"}],"author":[{"embeddable":true,"href":"https:\/\/ceolawyer.com\/espanol\/wp-json\/wp\/v2\/users\/18"}],"replies":[{"embeddable":true,"href":"https:\/\/ceolawyer.com\/espanol\/wp-json\/wp\/v2\/comments?post=12917"}],"version-history":[{"count":0,"href":"https:\/\/ceolawyer.com\/espanol\/wp-json\/wp\/v2\/pages\/12917\/revisions"}],"up":[{"embeddable":true,"href":"https:\/\/ceolawyer.com\/espanol\/wp-json\/wp\/v2\/pages\/12737"}],"wp:featuredmedia":[{"embeddable":true,"href":"https:\/\/ceolawyer.com\/espanol\/wp-json\/wp\/v2\/media\/12919"}],"wp:attachment":[{"href":"https:\/\/ceolawyer.com\/espanol\/wp-json\/wp\/v2\/media?parent=12917"}],"curies":[{"name":"wp","href":"https:\/\/api.w.org\/{rel}","templated":true}]}}