{"id":12947,"date":"2025-12-22T14:18:13","date_gmt":"2025-12-22T14:18:13","guid":{"rendered":"https:\/\/ceolawyer.com\/espanol\/?page_id=12947"},"modified":"2025-12-22T14:21:43","modified_gmt":"2025-12-22T14:21:43","slug":"powder-springs","status":"publish","type":"page","link":"https:\/\/ceolawyer.com\/espanol\/informe-de-accidente\/informe-policial-de-un-accidente-de-auto-en-georgia\/powder-springs\/","title":{"rendered":"C\u00f3mo obtener tu informe de accidente automovil\u00edstico del departamento de polic\u00eda de Powder Springs"},"content":{"rendered":"<p><img decoding=\"async\" class=\"alignright size-full wp-image-12949\" src=\"https:\/\/ceolawyer.com\/espanol\/wp-content\/uploads\/sites\/2\/2025\/12\/How-to-Obtain-Your-Powder-Springs-Police-Department-Car-Accident-Report.webp\" alt=\"Un oficial de polic\u00eda ayudando a los veh\u00edculos en la escena de un accidente.\" width=\"500\" height=\"300\" srcset=\"https:\/\/ceolawyer.com\/espanol\/wp-content\/uploads\/sites\/2\/2025\/12\/How-to-Obtain-Your-Powder-Springs-Police-Department-Car-Accident-Report.webp 500w, https:\/\/ceolawyer.com\/espanol\/wp-content\/uploads\/sites\/2\/2025\/12\/How-to-Obtain-Your-Powder-Springs-Police-Department-Car-Accident-Report-300x180.webp 300w\" sizes=\"(max-width: 500px) 100vw, 500px\" \/>Despu\u00e9s de un accidente de auto, intercambiar informaci\u00f3n y asegurar que todos est\u00e9n a salvo son las prioridades principales. Pero recuerda el informe policial crucial. Este documento, dado por el departamento de polic\u00eda de Powder Springs es un registro oficial del accidente automovil\u00edstico.<\/p>\n<p>Ser\u00e1 de vital importancia presentar tu reclamo de seguro, buscar asesor\u00eda legal o simplemente recordar los eventos del incidente.<\/p>\n<h2>Obteniendo tu informe de accidente automovil\u00edstico de Powder Springs<\/h2>\n<h3>Conveniencia en l\u00ednea<\/h3>\n<h4>Pedido por los registros p\u00fablicos del portal de la ciudad<\/h4>\n<p>Si prefieres una opci\u00f3n f\u00e1cil y r\u00e1pida, el departamento de polic\u00eda de Powder Springs te permite obtener tu informe electr\u00f3nicamente a trav\u00e9s del portal de la ciudad pedido de registros p\u00fablicos. Aqu\u00ed est\u00e1 c\u00f3mo:<\/p>\n<ol>\n<li>Ve hacia el <a href=\"https:\/\/powderspringsga.justfoia.com\/publicportal\/home\/newrequest\">link hacia el portal de pedidos de registros p\u00fablicos de Powder Springs<\/a>.<\/li>\n<li>Haz clic en el bot\u00f3n \u201cnuevo pedido\u201d para iniciar el proceso.<\/li>\n<li>Escoge \u201cpedido de registros polic\u00edacos\u201d de las opciones disponibles de registros.<\/li>\n<li>Utiliza la funci\u00f3n de b\u00fasqueda al escribir tus detalles como el nombre del conductor, n\u00famero de informe o el VIN de tu veh\u00edculo.<\/li>\n<li>Checa dos veces tu informaci\u00f3n de pedido antes del env\u00edo final.<\/li>\n<\/ol>\n<h4>BuyCrash.com<\/h4>\n<p>El departamento de polic\u00eda de Powder Springs tambi\u00e9n se afilia con BuyCrash, un servicio tercero que te permite convenientemente comprar una copia digital de tu informe de accidente en l\u00ednea.<\/p>\n<p>Aqu\u00ed est\u00e1 lo que tienes que hacer:<\/p>\n<ul>\n<li>Haz clic en el link hacia <a href=\"https:\/\/buycrash.lexisnexisrisk.com\/ui\/home\">com<\/a>.<\/li>\n<li>En la p\u00e1gina de buycrash.com, selecciona <strong>Georgia <\/strong>como tu estado.<\/li>\n<li>Escoge tu jurisdicci\u00f3n que investig\u00f3 tu accidente automovil\u00edstico del segundo men\u00fa desplegable, es decir, el <strong>departamento de polic\u00eda de Powder Springs.<\/strong><\/li>\n<li>Haz clic en <strong>empezar b\u00fasqueda <\/strong>para proceder.<\/li>\n<li>Te pedir\u00e1n otorgar detalles como:\n<ul>\n<li>Apellidos<\/li>\n<li>Fecha de accidente<\/li>\n<li>N\u00famero de informe del caso<\/li>\n<li>VIN (n\u00famero de identificaci\u00f3n vehicular)<\/li>\n<li>N\u00famero de licencia de conductor<\/li>\n<\/ul>\n<\/li>\n<\/ul>\n<p><strong>Nota: <\/strong>Puede haber tarifas asociadas a este m\u00e9todo.<\/p>\n<h3>Visita en persona<\/h3>\n<p>Para aquellos que prefieren una interacci\u00f3n cara a cara, pueden visitar a l departamento de polic\u00eda de Powder Springs:<\/p>\n<ul>\n<li><strong>Lugar: <\/strong>El departamento est\u00e1 situado en 1114 Richard D. Sailors Parkway, Powder Springs, GA 30127.<\/li>\n<li><strong>Horas de servicio: <\/strong>Est\u00e1n abiertos de lunes a viernes, de 8:30 AM a 4:30 PM (excluyendo los d\u00edas festivos).<\/li>\n<li><strong>Pidiendo tu informe: <\/strong>Informa al personal de la divisi\u00f3n de registros que necesitas una copia de tu informe de accidente automovil\u00edstico.<\/li>\n<li><strong>Identificaci\u00f3n Requerida: <\/strong>Prep\u00e1rate para presentar una identificaci\u00f3n v\u00e1lida (es decir, tu licencia de conducir) para verificaci\u00f3n.<\/li>\n<li><strong>Tarifa: <\/strong>Hay una tarifa cerrada de $5 (efectivo solamente) por cada copia de tu informe de accidente.<\/li>\n<\/ul>\n<h3>Mandando tu pedido por correo<\/h3>\n<p>Algunos residentes podr\u00edan preferir enviar su pedido por correo. Aqu\u00ed est\u00e1 lo que necesitas hacer:<\/p>\n<ol>\n<li>Tener tu licencia de conducir u otra identificaci\u00f3n v\u00e1lida a la mano, junto con tus detalles como tu nombre, la fecha del accidente e, idealmente, el n\u00famero de informe (si lo tienes).<\/li>\n<li>Escribe una carta clara y concisa pidiendo una copia de tu informe de accidente automovil\u00edstico. Incluye tu informaci\u00f3n de contacto, la fecha del accidente y cualquier detalle relevante que pueda ayudarles a localizar tu informe r\u00e1pidamente (ejemplo, nombres de conductores y lugar del accidente)<\/li>\n<li>Manda tu carta y una copia de tu identificaci\u00f3n (para prop\u00f3sitos de verificaci\u00f3n) a:<\/li>\n<\/ol>\n<p>Kelly Axt, City Clerk<\/p>\n<p>Powder Springs City Hall<\/p>\n<p>1114 Richard D. Sailors Parkway<\/p>\n<p>P.O. Box 46<\/p>\n<p>Powder Springs, GA 30127<\/p>\n<p><strong>Nota importante: <\/strong>Es recomendable que mandes tu pedido v\u00eda correo certificado con un acuse de recibo para rastrear su entrega. Los tiempos de procesamiento para pedidos por correo puede variar, as\u00ed que permite un tiempo amplio para que el informe sea env\u00edado a ti.<\/p>\n<h2>Qu\u00e9 esperar en un informe de accidente automovil\u00edstico del departamento de polic\u00eda de Powder Springs<\/h2>\n<p>Hecho por el departamento de polic\u00eda de Powder Springs, este informe sirve como un registro factual de los eventos, capturando detalles vitales que pueden ser esenciales para tus reclamos de seguro, procesos legales o simplemente mantener un registro personal.<\/p>\n<h3>Desglose de los contenidos del informe<\/h3>\n<p>El formato de un informe de accidente automovil\u00edstico del departamento de polic\u00eda de Powder Springs t\u00edpicamente sigue una estructura estandarizada, asegurando que la informaci\u00f3n comprensiva sea documentada. Aqu\u00ed hay un desglose de los componentes clave que probablemente encuentres:<\/p>\n<ul>\n<li><strong>Informaci\u00f3n b\u00e1sica: <\/strong>Esta secci\u00f3n establece la base, delineando la fecha, la hora y el lugar preciso del accidente.<\/li>\n<li><strong>Partes involucradas: <\/strong>Detalles en todos los individuos involucrados en el accidente son incluidos. Esto engloba a los conductores, pasajeros y cualquier testigo identificado que pueda dar valiosa informaci\u00f3n.<\/li>\n<li><strong>Descripci\u00f3n de veh\u00edculos: <\/strong>El informe detalla los veh\u00edculos involucrados en el accidente, incluyendo marca, modelo y n\u00fameros de placas de cada uno.<\/li>\n<li><strong>Narrativa del accidente: <\/strong>Esta secci\u00f3n sirve como el coraz\u00f3n del informe, otorgando un recuento cronol\u00f3gico de los eventos llevados a y durante el accidente. Esta narrativa es a menudo basada en los testimonios de las partes involucradas y cualquier testimonio de testigo disponible.<\/li>\n<li><strong>Representaci\u00f3n visual: <\/strong>Un diagrama o retrato ense\u00f1ando la escena del accidente es frecuentemente incluido. Esta ayuda visual ayuda a ilustrar las posiciones relativas de los veh\u00edculos involucrados y cualquier caracter\u00edstica importante del lugar del accidente.<\/li>\n<li><strong>Observaci\u00f3n del oficial: <\/strong>Las observaciones del oficial respondiente y la evaluaci\u00f3n de la escena juegan un papel vital. Esta secci\u00f3n puede incluir detalles acerca de potenciales factores contribuyentes, condiciones de calle observadas en el momento y cualquier violaci\u00f3n de tr\u00e1fico visto.<\/li>\n<li><strong>Citaciones y cargos: <\/strong>Si aplica, el informe delinear\u00e1 cualquier citaci\u00f3n dada por violaciones de tr\u00e1fico o detalles de cualquier cargo criminal que pudo resultar del accidente.<\/li>\n<li><strong>Fotograf\u00edas (opcional): <\/strong>En algunas instancias, el informe puede incluir fotograf\u00edas capturadas en la escena del accidente. Estas ayudas visuales otorgan m\u00e1s contexto y claridad a los detalles delineados en el informe.<\/li>\n<\/ul>\n<h3>Entendiendo su significancia legal<\/h3>\n<p>M\u00e1s all\u00e1 de simplemente documentar los detalles de un incidente, el informe de accidente automovil\u00edstico del departamento de polic\u00eda de Powder Springs lleva un peso legal significativo en varios escenarios:<\/p>\n<ul>\n<li><strong>Reclamos de seguro: <\/strong>Al presentar tu reclamo de seguro, el informe de accidente se vuelve una herramienta cr\u00edtica para tu compa\u00f1\u00eda de seguro. Ot\u00f3rgales con la informaci\u00f3n necesaria para evaluar la culpabilidad y procesar tu reclamo efectivamente. Los detalles dentro de tu informe ayudan a determinar qu\u00e9 parte tuvo la culpa, acelerando el proceso del reclamo.<\/li>\n<li><strong>Procedimientos legales: <\/strong>Si decides perseguir acci\u00f3n legal, como una demanda de lesi\u00f3n personal, el informe de accidente sirve como una pieza de evidencia significativa. Los testimonios, observaciones y detalles dentro del informe pueden mejorar tu caso al corroborar tu versi\u00f3n de los eventos y apoyar tus reclamos.<\/li>\n<li><strong>Negociaciones: <\/strong>Durante las negociaciones con la otra parte involucrada o su compa\u00f1\u00eda de seguro, tener una copia oficial del informe de accidente fortalece tu posici\u00f3n. Los detalles del documento otorgan un punto de referencia neutral y factual para discusiones.<\/li>\n<li><strong>Testimonios de polic\u00eda: <\/strong>El informe podr\u00eda incluir testimonios otorgados por testigos o individuos involucrados en el accidente. Estos testimonios pueden ser cruciales durante los procedimientos legales, ofreciendo perspectivas adicionales en los eventos que sucedieron.<\/li>\n<\/ul>\n<p>Los informes de accidentes son documentos valiosos, especialmente cuando se trata de materias legales. Es altamente recomendable que asegures una copia para tus registros y la compartas con las partes relevantes, como tu compa\u00f1\u00eda de seguro o tu representante legal, como sea necesario.<\/p>\n<p>Al entender los contenidos y la significancia del informe de accidente automovil\u00edstico del departamento de polic\u00eda de Powder Springs, estar\u00e1s bien equipado para navegar el proceso despu\u00e9s del accidente con claridad y confianza<\/p>\n<h2>Contacta al bufete de abogados de lesi\u00f3n personal de CEO Lawyer para una consulta gratis\u2026<\/h2>\n<p>Despu\u00e9s de un accidente automovil\u00edstico, los aspectos legales y las complejidades pueden ser abrumadores. Si has estado involucrado en un accidente de auto en el \u00e1rea de Powder Springs y requieres asesoramiento legal, considera contactar el bufete de abogados de lesi\u00f3n personal de CEO Lawyer<\/p>\n<p>Nuestro <a href=\"https:\/\/ceolawyer.com\/georgia-personal-injury\/car-accident-lawyer\/\">bufete de abogados experimentados de Georgia se especializan en casos de accidentes automovil\u00edsticos<\/a> y pueden ayudarte a entender tus derechos, navegar el proceso legal y pelear por la compensaci\u00f3n que mereces.<\/p>\n","protected":false},"excerpt":{"rendered":"<p>Despu\u00e9s de un accidente de auto, intercambiar informaci\u00f3n y asegurar que todos est\u00e9n a salvo son las prioridades principales. Pero recuerda el informe policial crucial. Este documento, dado por el departamento de polic\u00eda de Powder Springs es un registro oficial del accidente automovil\u00edstico. Ser\u00e1 de vital importancia presentar tu reclamo de seguro, buscar asesor\u00eda legal [&hellip;]<\/p>\n","protected":false},"author":18,"featured_media":12949,"parent":12737,"menu_order":0,"comment_status":"closed","ping_status":"closed","template":"","meta":{"_acf_changed":false,"footnotes":""},"class_list":["post-12947","page","type-page","status-publish","has-post-thumbnail","hentry"],"acf":[],"yoast_head":"<!-- This site is optimized with the Yoast SEO plugin v27.2 - https:\/\/yoast.com\/product\/yoast-seo-wordpress\/ -->\n<title>C\u00f3mo obtener tu informe de accidente automovil\u00edstico del departamento de polic\u00eda de Powder Springs | CEO Lawyer<\/title>\n<meta name=\"description\" content=\"El informe policial es un documento esencial para navegar las secuelas de un accidente automovil\u00edstico en Powder Springs. M\u00e1rcanos al (470) 822-9057 para asesorarte.\" \/>\n<meta name=\"robots\" content=\"index, follow, max-snippet:-1, max-image-preview:large, max-video-preview:-1\" \/>\n<link rel=\"canonical\" href=\"https:\/\/ceolawyer.com\/espanol\/informe-de-accidente\/informe-policial-de-un-accidente-de-auto-en-georgia\/powder-springs\/\" \/>\n<meta property=\"og:locale\" content=\"en_US\" \/>\n<meta property=\"og:type\" content=\"article\" \/>\n<meta property=\"og:title\" content=\"C\u00f3mo obtener tu informe de accidente automovil\u00edstico del departamento de polic\u00eda de Powder Springs | CEO Lawyer\" \/>\n<meta property=\"og:description\" content=\"El informe policial es un documento esencial para navegar las secuelas de un accidente automovil\u00edstico en Powder Springs. M\u00e1rcanos al (470) 822-9057 para asesorarte.\" \/>\n<meta property=\"og:url\" content=\"https:\/\/ceolawyer.com\/espanol\/informe-de-accidente\/informe-policial-de-un-accidente-de-auto-en-georgia\/powder-springs\/\" \/>\n<meta property=\"og:site_name\" content=\"CEO Lawyer\" \/>\n<meta property=\"article:modified_time\" content=\"2025-12-22T14:21:43+00:00\" \/>\n<meta property=\"og:image\" content=\"https:\/\/ceolawyer.com\/espanol\/wp-content\/uploads\/sites\/2\/2025\/12\/How-to-Obtain-Your-Powder-Springs-Police-Department-Car-Accident-Report.webp\" \/>\n\t<meta property=\"og:image:width\" content=\"500\" \/>\n\t<meta property=\"og:image:height\" content=\"300\" \/>\n\t<meta property=\"og:image:type\" content=\"image\/webp\" \/>\n<meta name=\"twitter:card\" content=\"summary_large_image\" \/>\n<meta name=\"twitter:label1\" content=\"Est. reading time\" \/>\n\t<meta name=\"twitter:data1\" content=\"7 minutes\" \/>\n<script type=\"application\/ld+json\" class=\"yoast-schema-graph\">{\"@context\":\"https:\/\/schema.org\",\"@graph\":[{\"@type\":\"WebPage\",\"@id\":\"https:\/\/ceolawyer.com\/espanol\/informe-de-accidente\/informe-policial-de-un-accidente-de-auto-en-georgia\/powder-springs\/\",\"url\":\"https:\/\/ceolawyer.com\/espanol\/informe-de-accidente\/informe-policial-de-un-accidente-de-auto-en-georgia\/powder-springs\/\",\"name\":\"C\u00f3mo obtener tu informe de accidente automovil\u00edstico del departamento de polic\u00eda de Powder Springs | CEO Lawyer\",\"isPartOf\":{\"@id\":\"https:\/\/ceolawyer.com\/espanol\/#website\"},\"primaryImageOfPage\":{\"@id\":\"https:\/\/ceolawyer.com\/espanol\/informe-de-accidente\/informe-policial-de-un-accidente-de-auto-en-georgia\/powder-springs\/#primaryimage\"},\"image\":{\"@id\":\"https:\/\/ceolawyer.com\/espanol\/informe-de-accidente\/informe-policial-de-un-accidente-de-auto-en-georgia\/powder-springs\/#primaryimage\"},\"thumbnailUrl\":\"https:\/\/ceolawyer.com\/espanol\/wp-content\/uploads\/sites\/2\/2025\/12\/How-to-Obtain-Your-Powder-Springs-Police-Department-Car-Accident-Report.webp\",\"datePublished\":\"2025-12-22T14:18:13+00:00\",\"dateModified\":\"2025-12-22T14:21:43+00:00\",\"description\":\"El informe policial es un documento esencial para navegar las secuelas de un accidente automovil\u00edstico en Powder Springs. M\u00e1rcanos al (470) 822-9057 para asesorarte.\",\"breadcrumb\":{\"@id\":\"https:\/\/ceolawyer.com\/espanol\/informe-de-accidente\/informe-policial-de-un-accidente-de-auto-en-georgia\/powder-springs\/#breadcrumb\"},\"inLanguage\":\"en-US\",\"potentialAction\":[{\"@type\":\"ReadAction\",\"target\":[\"https:\/\/ceolawyer.com\/espanol\/informe-de-accidente\/informe-policial-de-un-accidente-de-auto-en-georgia\/powder-springs\/\"]}]},{\"@type\":\"ImageObject\",\"inLanguage\":\"en-US\",\"@id\":\"https:\/\/ceolawyer.com\/espanol\/informe-de-accidente\/informe-policial-de-un-accidente-de-auto-en-georgia\/powder-springs\/#primaryimage\",\"url\":\"https:\/\/ceolawyer.com\/espanol\/wp-content\/uploads\/sites\/2\/2025\/12\/How-to-Obtain-Your-Powder-Springs-Police-Department-Car-Accident-Report.webp\",\"contentUrl\":\"https:\/\/ceolawyer.com\/espanol\/wp-content\/uploads\/sites\/2\/2025\/12\/How-to-Obtain-Your-Powder-Springs-Police-Department-Car-Accident-Report.webp\",\"width\":500,\"height\":300,\"caption\":\"Un oficial de polic\u00eda ayudando a los veh\u00edculos en la escena de un accidente.\"},{\"@type\":\"BreadcrumbList\",\"@id\":\"https:\/\/ceolawyer.com\/espanol\/informe-de-accidente\/informe-policial-de-un-accidente-de-auto-en-georgia\/powder-springs\/#breadcrumb\",\"itemListElement\":[{\"@type\":\"ListItem\",\"position\":1,\"name\":\"Home\",\"item\":\"https:\/\/ceolawyer.com\/espanol\/\"},{\"@type\":\"ListItem\",\"position\":2,\"name\":\"Consigue el Reporte Policial de tu Accidente de Auto\",\"item\":\"https:\/\/ceolawyer.com\/espanol\/informe-de-accidente\/\"},{\"@type\":\"ListItem\",\"position\":3,\"name\":\"C\u00f3mo Solicitar el Informe Policial de un Accidente de Auto en Georgia\",\"item\":\"https:\/\/ceolawyer.com\/espanol\/informe-de-accidente\/informe-policial-de-un-accidente-de-auto-en-georgia\/\"},{\"@type\":\"ListItem\",\"position\":4,\"name\":\"C\u00f3mo obtener tu informe de accidente automovil\u00edstico del departamento de polic\u00eda de Powder Springs\"}]},{\"@type\":\"WebSite\",\"@id\":\"https:\/\/ceolawyer.com\/espanol\/#website\",\"url\":\"https:\/\/ceolawyer.com\/espanol\/\",\"name\":\"CEO Lawyer\",\"description\":\"Personal Injury Attorney\",\"publisher\":{\"@id\":\"https:\/\/ceolawyer.com\/espanol\/#organization\"},\"potentialAction\":[{\"@type\":\"SearchAction\",\"target\":{\"@type\":\"EntryPoint\",\"urlTemplate\":\"https:\/\/ceolawyer.com\/espanol\/?s={search_term_string}\"},\"query-input\":{\"@type\":\"PropertyValueSpecification\",\"valueRequired\":true,\"valueName\":\"search_term_string\"}}],\"inLanguage\":\"en-US\"},{\"@type\":\"Organization\",\"@id\":\"https:\/\/ceolawyer.com\/espanol\/#organization\",\"name\":\"CEO Lawyer\",\"url\":\"https:\/\/ceolawyer.com\/espanol\/\",\"logo\":{\"@type\":\"ImageObject\",\"inLanguage\":\"en-US\",\"@id\":\"https:\/\/ceolawyer.com\/espanol\/#\/schema\/logo\/image\/\",\"url\":\"https:\/\/ceolawyer.com\/espanol\/wp-content\/uploads\/sites\/2\/2022\/05\/CEO_Logo.png\",\"contentUrl\":\"https:\/\/ceolawyer.com\/espanol\/wp-content\/uploads\/sites\/2\/2022\/05\/CEO_Logo.png\",\"width\":200,\"height\":108,\"caption\":\"CEO Lawyer\"},\"image\":{\"@id\":\"https:\/\/ceolawyer.com\/espanol\/#\/schema\/logo\/image\/\"}}]}<\/script>\n<!-- \/ Yoast SEO plugin. -->","yoast_head_json":{"title":"C\u00f3mo obtener tu informe de accidente automovil\u00edstico del departamento de polic\u00eda de Powder Springs | CEO Lawyer","description":"El informe policial es un documento esencial para navegar las secuelas de un accidente automovil\u00edstico en Powder Springs. M\u00e1rcanos al (470) 822-9057 para asesorarte.","robots":{"index":"index","follow":"follow","max-snippet":"max-snippet:-1","max-image-preview":"max-image-preview:large","max-video-preview":"max-video-preview:-1"},"canonical":"https:\/\/ceolawyer.com\/espanol\/informe-de-accidente\/informe-policial-de-un-accidente-de-auto-en-georgia\/powder-springs\/","og_locale":"en_US","og_type":"article","og_title":"C\u00f3mo obtener tu informe de accidente automovil\u00edstico del departamento de polic\u00eda de Powder Springs | CEO Lawyer","og_description":"El informe policial es un documento esencial para navegar las secuelas de un accidente automovil\u00edstico en Powder Springs. M\u00e1rcanos al (470) 822-9057 para asesorarte.","og_url":"https:\/\/ceolawyer.com\/espanol\/informe-de-accidente\/informe-policial-de-un-accidente-de-auto-en-georgia\/powder-springs\/","og_site_name":"CEO Lawyer","article_modified_time":"2025-12-22T14:21:43+00:00","og_image":[{"width":500,"height":300,"url":"https:\/\/ceolawyer.com\/espanol\/wp-content\/uploads\/sites\/2\/2025\/12\/How-to-Obtain-Your-Powder-Springs-Police-Department-Car-Accident-Report.webp","type":"image\/webp"}],"twitter_card":"summary_large_image","twitter_misc":{"Est. reading time":"7 minutes"},"schema":{"@context":"https:\/\/schema.org","@graph":[{"@type":"WebPage","@id":"https:\/\/ceolawyer.com\/espanol\/informe-de-accidente\/informe-policial-de-un-accidente-de-auto-en-georgia\/powder-springs\/","url":"https:\/\/ceolawyer.com\/espanol\/informe-de-accidente\/informe-policial-de-un-accidente-de-auto-en-georgia\/powder-springs\/","name":"C\u00f3mo obtener tu informe de accidente automovil\u00edstico del departamento de polic\u00eda de Powder Springs | CEO Lawyer","isPartOf":{"@id":"https:\/\/ceolawyer.com\/espanol\/#website"},"primaryImageOfPage":{"@id":"https:\/\/ceolawyer.com\/espanol\/informe-de-accidente\/informe-policial-de-un-accidente-de-auto-en-georgia\/powder-springs\/#primaryimage"},"image":{"@id":"https:\/\/ceolawyer.com\/espanol\/informe-de-accidente\/informe-policial-de-un-accidente-de-auto-en-georgia\/powder-springs\/#primaryimage"},"thumbnailUrl":"https:\/\/ceolawyer.com\/espanol\/wp-content\/uploads\/sites\/2\/2025\/12\/How-to-Obtain-Your-Powder-Springs-Police-Department-Car-Accident-Report.webp","datePublished":"2025-12-22T14:18:13+00:00","dateModified":"2025-12-22T14:21:43+00:00","description":"El informe policial es un documento esencial para navegar las secuelas de un accidente automovil\u00edstico en Powder Springs. M\u00e1rcanos al (470) 822-9057 para asesorarte.","breadcrumb":{"@id":"https:\/\/ceolawyer.com\/espanol\/informe-de-accidente\/informe-policial-de-un-accidente-de-auto-en-georgia\/powder-springs\/#breadcrumb"},"inLanguage":"en-US","potentialAction":[{"@type":"ReadAction","target":["https:\/\/ceolawyer.com\/espanol\/informe-de-accidente\/informe-policial-de-un-accidente-de-auto-en-georgia\/powder-springs\/"]}]},{"@type":"ImageObject","inLanguage":"en-US","@id":"https:\/\/ceolawyer.com\/espanol\/informe-de-accidente\/informe-policial-de-un-accidente-de-auto-en-georgia\/powder-springs\/#primaryimage","url":"https:\/\/ceolawyer.com\/espanol\/wp-content\/uploads\/sites\/2\/2025\/12\/How-to-Obtain-Your-Powder-Springs-Police-Department-Car-Accident-Report.webp","contentUrl":"https:\/\/ceolawyer.com\/espanol\/wp-content\/uploads\/sites\/2\/2025\/12\/How-to-Obtain-Your-Powder-Springs-Police-Department-Car-Accident-Report.webp","width":500,"height":300,"caption":"Un oficial de polic\u00eda ayudando a los veh\u00edculos en la escena de un accidente."},{"@type":"BreadcrumbList","@id":"https:\/\/ceolawyer.com\/espanol\/informe-de-accidente\/informe-policial-de-un-accidente-de-auto-en-georgia\/powder-springs\/#breadcrumb","itemListElement":[{"@type":"ListItem","position":1,"name":"Home","item":"https:\/\/ceolawyer.com\/espanol\/"},{"@type":"ListItem","position":2,"name":"Consigue el Reporte Policial de tu Accidente de Auto","item":"https:\/\/ceolawyer.com\/espanol\/informe-de-accidente\/"},{"@type":"ListItem","position":3,"name":"C\u00f3mo Solicitar el Informe Policial de un Accidente de Auto en Georgia","item":"https:\/\/ceolawyer.com\/espanol\/informe-de-accidente\/informe-policial-de-un-accidente-de-auto-en-georgia\/"},{"@type":"ListItem","position":4,"name":"C\u00f3mo obtener tu informe de accidente automovil\u00edstico del departamento de polic\u00eda de Powder Springs"}]},{"@type":"WebSite","@id":"https:\/\/ceolawyer.com\/espanol\/#website","url":"https:\/\/ceolawyer.com\/espanol\/","name":"CEO Lawyer","description":"Personal Injury Attorney","publisher":{"@id":"https:\/\/ceolawyer.com\/espanol\/#organization"},"potentialAction":[{"@type":"SearchAction","target":{"@type":"EntryPoint","urlTemplate":"https:\/\/ceolawyer.com\/espanol\/?s={search_term_string}"},"query-input":{"@type":"PropertyValueSpecification","valueRequired":true,"valueName":"search_term_string"}}],"inLanguage":"en-US"},{"@type":"Organization","@id":"https:\/\/ceolawyer.com\/espanol\/#organization","name":"CEO Lawyer","url":"https:\/\/ceolawyer.com\/espanol\/","logo":{"@type":"ImageObject","inLanguage":"en-US","@id":"https:\/\/ceolawyer.com\/espanol\/#\/schema\/logo\/image\/","url":"https:\/\/ceolawyer.com\/espanol\/wp-content\/uploads\/sites\/2\/2022\/05\/CEO_Logo.png","contentUrl":"https:\/\/ceolawyer.com\/espanol\/wp-content\/uploads\/sites\/2\/2022\/05\/CEO_Logo.png","width":200,"height":108,"caption":"CEO Lawyer"},"image":{"@id":"https:\/\/ceolawyer.com\/espanol\/#\/schema\/logo\/image\/"}}]}},"_links":{"self":[{"href":"https:\/\/ceolawyer.com\/espanol\/wp-json\/wp\/v2\/pages\/12947","targetHints":{"allow":["GET"]}}],"collection":[{"href":"https:\/\/ceolawyer.com\/espanol\/wp-json\/wp\/v2\/pages"}],"about":[{"href":"https:\/\/ceolawyer.com\/espanol\/wp-json\/wp\/v2\/types\/page"}],"author":[{"embeddable":true,"href":"https:\/\/ceolawyer.com\/espanol\/wp-json\/wp\/v2\/users\/18"}],"replies":[{"embeddable":true,"href":"https:\/\/ceolawyer.com\/espanol\/wp-json\/wp\/v2\/comments?post=12947"}],"version-history":[{"count":0,"href":"https:\/\/ceolawyer.com\/espanol\/wp-json\/wp\/v2\/pages\/12947\/revisions"}],"up":[{"embeddable":true,"href":"https:\/\/ceolawyer.com\/espanol\/wp-json\/wp\/v2\/pages\/12737"}],"wp:featuredmedia":[{"embeddable":true,"href":"https:\/\/ceolawyer.com\/espanol\/wp-json\/wp\/v2\/media\/12949"}],"wp:attachment":[{"href":"https:\/\/ceolawyer.com\/espanol\/wp-json\/wp\/v2\/media?parent=12947"}],"curies":[{"name":"wp","href":"https:\/\/api.w.org\/{rel}","templated":true}]}}