{"id":12971,"date":"2025-12-23T11:11:18","date_gmt":"2025-12-23T11:11:18","guid":{"rendered":"https:\/\/ceolawyer.com\/espanol\/?page_id=12971"},"modified":"2025-12-23T11:18:26","modified_gmt":"2025-12-23T11:18:26","slug":"roswell","status":"publish","type":"page","link":"https:\/\/ceolawyer.com\/espanol\/informe-de-accidente\/informe-policial-de-un-accidente-de-auto-en-georgia\/roswell\/","title":{"rendered":"C\u00f3mo obtener tu informe de accidente automovil\u00edstico del departamento de polic\u00eda de Roswell"},"content":{"rendered":"<p><img decoding=\"async\" class=\"alignright size-full wp-image-12973\" src=\"https:\/\/ceolawyer.com\/espanol\/wp-content\/uploads\/sites\/2\/2025\/12\/How-to-Obtain-Your-Roswell-Police-Department-Car-Accident-Report.webp\" alt=\"El techo de un coche de polic\u00eda con sus luces de emergencia encendidas por la noche.\" width=\"500\" height=\"300\" srcset=\"https:\/\/ceolawyer.com\/espanol\/wp-content\/uploads\/sites\/2\/2025\/12\/How-to-Obtain-Your-Roswell-Police-Department-Car-Accident-Report.webp 500w, https:\/\/ceolawyer.com\/espanol\/wp-content\/uploads\/sites\/2\/2025\/12\/How-to-Obtain-Your-Roswell-Police-Department-Car-Accident-Report-300x180.webp 300w\" sizes=\"(max-width: 500px) 100vw, 500px\" \/>Despu\u00e9s del estr\u00e9s de un accidente automovil\u00edstico, lidiar con el papeleo podr\u00eda ser lo \u00faltimo en tu mente. Sin embargo, obtener una copia del informe de accidente del departamento de polic\u00eda de Roswell es un paso crucial.<\/p>\n<p>Este informe sirve como un registro oficial del incidente y juega un rol vital en varias situaciones, incluyendo:<\/p>\n<ul>\n<li><strong>Presentando un reclamo de seguro:<\/strong><\/li>\n<\/ul>\n<p>Tu compa\u00f1\u00eda de seguro probablemente pida una copia del informe polic\u00edaco para procesar tu reclamo precisamente.<\/p>\n<ul>\n<li><strong>Buscando asesor\u00eda legal: <\/strong>Si est\u00e1s considerando acci\u00f3n legal despu\u00e9s del accidente, el informe otorga detalles valiosos para tu abogado.<\/li>\n<li><strong>Resolviendo cualquier disputa: <\/strong>Tener un registro documentado del accidente puede ayudar a aclarar cualquier confusi\u00f3n o desacuerdo sobre lo que sucedi\u00f3.<\/li>\n<\/ul>\n<h2>Obteniendo tu informe de accidente automovil\u00edstico de Roswell<\/h2>\n<p>Hay varias maneras de obtener tu informe de accidente automovil\u00edstico del departamento de polic\u00eda de Roswell, dependiendo de tu preferencia y urgencia. Aqu\u00ed hay un desglose de los m\u00e9todos disponibles.<\/p>\n<h3>Opciones en l\u00ednea<\/h3>\n<h4>Sitio web Police2Citizen<\/h4>\n<p>Este sitio web amigable al usuario te permite buscar informes de incidentes, incluyendo accidentes automovil\u00edsticos. Puedes utilizar la caracter\u00edstica \u201cb\u00fasqueda de informe de accidente\u201d si tienes los detalles mandatorios como el nombre, la fecha y el lugar del accidente.<\/p>\n<p>Hay una tarifa de $5 asociada con obtener tu informe electr\u00f3nicamente a trav\u00e9s de este m\u00e9todo. Si no tienes los detalles, puedes buscar el informe usando la caracter\u00edstica \u201cb\u00fasqueda de evento\u201d y otorgar tu detalles mandatorios.<\/p>\n<h4>Pedido por email<\/h4>\n<p>Si conoces el n\u00famero de informe o tienes detalles espec\u00edficos sobre tu accidente, puedes enviar un email a <a href=\"mailto:policerecords@roswellgov.com\">policerecords@roswellgov.com<\/a>. D\u00ed claramente tu pedido por una copia digital del informe.<\/p>\n<p>El departamento de polic\u00eda de Roswell apunta a responder tus pedidos dentro de tres d\u00edas h\u00e1biles.<\/p>\n<h4>BuyCrash.com<\/h4>\n<p>Para una opci\u00f3n conveniente en l\u00ednea, puedes usar BuyCrash.com.<\/p>\n<p>Aqu\u00ed es lo que tienes que hacer:<\/p>\n<ul>\n<li>Haz clic en el link hacia <a href=\"https:\/\/buycrash.lexisnexisrisk.com\/ui\/home\">com<\/a>.<\/li>\n<li>En la p\u00e1gina de buycrash.com, selecciona <strong>Georgia <\/strong>como tu estado.<\/li>\n<li>Escoge tu jurisdicci\u00f3n que investig\u00f3 tu accidente automovil\u00edstico del segundo men\u00fa desplegable, es decir, el <strong>departamento de polic\u00eda de Roswell.<\/strong><\/li>\n<li>Haz clic en <strong>empezar b\u00fasqueda <\/strong>para proceder.<\/li>\n<li>Te pedir\u00e1n otorgar detalles como:\n<ul>\n<li>Apellidos<\/li>\n<li>Fecha de accidente<\/li>\n<li>N\u00famero de informe del caso<\/li>\n<li>VIN (n\u00famero de identificaci\u00f3n vehicular)<\/li>\n<li>N\u00famero de licencia de conductor<\/li>\n<\/ul>\n<\/li>\n<\/ul>\n<p><strong>Nota: <\/strong>Puede haber tarifas asociadas a este m\u00e9todo.<\/p>\n<h4>Pedido de registros abiertos (incidentes m\u00faltiples)<\/h4>\n<p>Si requieres un informe para incidentes m\u00faltiples, necesitar\u00e1s enviar un pedido formal a registros abiertos de polic\u00eda. Esto puede hacerse <a href=\"https:\/\/roswellga.justfoia.com\/Forms\/Launch\/313bdf75-5f60-422d-a5c4-b86c980cc4be\">en l\u00ednea a trav\u00e9s de un formulario dedicado<\/a>.<\/p>\n<h3>M\u00e9todos tradicionales<\/h3>\n<h4>Pedido por correo<\/h4>\n<p>Similar a la opci\u00f3n de email, puedes pedir una copia f\u00edsica del informe para que sea mandado a ti. Simplemente manda un email a <a href=\"mailto:policerecords@rosellgov.com\">policerecords@rosellgov.com<\/a> y especifica tu preferencia de una copia por correo.<\/p>\n<p>Otra vez, espera una respuesta dentro de tres d\u00edas h\u00e1biles.<\/p>\n<h4>Visita en persona<\/h4>\n<p>Para aquellos que prefieren una interacci\u00f3n cara a cara, puedes visitar el departamento de polic\u00eda de Roswell localizado en 39 Hill St, Roswell, GA 30075. Sus horas de operaci\u00f3n son de lunes a viernes, de 8:00 AM a 5:00 PM.<\/p>\n<p>Aseg\u00farate de traer cualquier documentaci\u00f3n relevante que puedas tener acerca del accidente.<\/p>\n<h3>Puntos adicionales a recordar<\/h3>\n<p>Es importante notar que puede haber instancias donde los informes no est\u00e1n disponibles inmediatamente debido a investigaciones actuales o el involucramiento de menores.<\/p>\n<p>El departamento de polic\u00eda de Roswell ofrece m\u00faltiples opciones de contacto para cualquier pregunta que puedas tener. Puedes contactarlos a trav\u00e9s del tel\u00e9fono al <a href=\"tel:+17706404120\">770-640-4120<\/a> o v\u00eda email al <a href=\"mailto:policerecords@roswellgov.com\">policerecords@roswellgov.com<\/a>.<\/p>\n<h2>\u00bfDisputando la culpa con tu compa\u00f1\u00eda de seguros?<\/h2>\n<p>Mientras que el informe de accidente automovil\u00edstico sirve como un registro valioso, puede haber situaciones donde est\u00e1s en desacuerdo con la evaluaci\u00f3n de culpa de la compa\u00f1\u00eda de seguro basado en lo encontrado en el informe. Aqu\u00ed est\u00e1 c\u00f3mo navegar dicho escenario:<\/p>\n<h3>Expresa tu desacuerdo directamente<\/h3>\n<p>Empieza por contactar a tu compa\u00f1\u00eda de seguro e indica claramente tu desacuerdo con su determinaci\u00f3n de la culpa. Explica tu perspectiva y ve si est\u00e1n abiertos a reconsiderar basada en cualquier nueva evidencia que puedas tener.<\/p>\n<h3>Escala dentro de la compa\u00f1\u00eda<\/h3>\n<p>Si el ajustador del reclamo es inflexible, toma la cuesti\u00f3n hacia el oficial de reclamos de la compa\u00f1\u00eda de seguro. Este individuo est\u00e1 espec\u00edficamente designado para manejar las preocupaciones del asegurado.<\/p>\n<p>Prep\u00e1rate para presentar cualquier documentaci\u00f3n o informaci\u00f3n adicional que refuerce tu caso.<\/p>\n<h3>Considera un tercero objetivo<\/h3>\n<p>En algunos casos, una evaluaci\u00f3n independiente puede ser necesaria. Contratar a un ajustador p\u00fablico puede otorgar una perspectiva neutral de la situaci\u00f3n.<\/p>\n<p>Recuerda, como el asegurado, tienes el derecho a retar la evaluaci\u00f3n de la compa\u00f1\u00eda de seguro y buscar una resoluci\u00f3n justa.<\/p>\n<p>No dudes en disputar una determinaci\u00f3n de culpa imprecisa. Tienes el derecho a presentar tu caso y ofrecer evidencia que contradiga los resultados de la compa\u00f1\u00eda de seguro.<\/p>\n<p>Al disputar la determinaci\u00f3n de la culpa con tu compa\u00f1\u00eda de seguro, proveer evidencia fuerte puede mejorar significativamente tu caso. Aqu\u00ed hay unos tipos de evidencia que puedes considerar:<\/p>\n<ul>\n<li><strong>Fotograf\u00edas y v\u00eddeos: <\/strong>captura im\u00e1genes de la escena del accidente, da\u00f1o vehicular, condiciones de la calle y cualquier se\u00f1al o signo de tr\u00e1fico relevante. Graba videos que ense\u00f1en la secuencia de eventos, la posici\u00f3n de los veh\u00edculos y cualquier lesi\u00f3n visible.<\/li>\n<li><strong>Testimonios de testigos: <\/strong>Obt\u00e9n testimonios de testigos independientes que vieron el accidente desarrollarse. Sus recuentos imparciales pueden proveer perspectiva valiosa de lo que sucedi\u00f3.<\/li>\n<li><strong>Informe polic\u00edaco: <\/strong>El informe oficial polic\u00edaco contiene detalles sobre el accidente, incluyendo testimonios de las partes involucradas y testigos. Si est\u00e1s en desacuerdo con cualquier parte del informe, puedes otorgar tu perspectiva y cualquier informaci\u00f3n adicional.<\/li>\n<li><strong>Registros m\u00e9dicos: <\/strong>Si sufriste lesiones, recolecta registros m\u00e9dicos, facturas y notas de doctor. Estos documentos demuestran el impacto del accidente en tu salud y bienestar.<\/li>\n<li><strong>Opini\u00f3n experta de la reconstrucci\u00f3n del accidente: <\/strong>Consulta a un experto de reconstrucci\u00f3n de accidente si es necesario. Ellos pueden analizar la evidencia, da\u00f1o vehicular y otros factores para proveer una evaluaci\u00f3n objetiva.<\/li>\n<li><strong>Estimados de reparaci\u00f3n vehicular: <\/strong>Obt\u00e9n estimados de la reparaci\u00f3n de un taller de reparaci\u00f3n acreditada. Estos estimados pueden demostrar el alcance del da\u00f1o a tu veh\u00edculo.<\/li>\n<li><strong>Video de la c\u00e1mara de tr\u00e1fico: <\/strong>Checa si hubo cualquier c\u00e1mara de tr\u00e1fico cerca del lugar del accidente. Pedido del video a las autoridades relevantes.<\/li>\n<li><strong>Dashcam o datos de Black Box: <\/strong>Si tu veh\u00edculo tiene un dashcam o una grabadora de datos de evento (EDR\/black box), recoge los datos. Puede otorgar perspectiva en velocidad, frenado y otros factores relevantes.<\/li>\n<li><strong>Tu recuento detallado: <\/strong>Escribe tu recolecci\u00f3n detallada del accidente. Incluye informaci\u00f3n sobre condiciones del clima, superficies del camino y cualquier otro contexto relevante.<\/li>\n<li><strong>Opiniones expertas: <\/strong>Busca opiniones de profesionales como mec\u00e1nicos, expertos m\u00e9dicos o especialistas de reconstrucci\u00f3n del accidente. Su experiencia puede apoyar tu caso.<\/li>\n<\/ul>\n<p>Organiza y presenta esta evidencia claramente cuando te comuniques con tu compa\u00f1\u00eda de seguro. Si necesitas asesor\u00eda legal, considera consultar a un abogado que se especializa en accidentes automovil\u00edsticos.<\/p>\n<h2>\u00bfEnfrent\u00e1ndote a una disputa? \u00a1El bufete de abogados de lesi\u00f3n personal de CEO Lawyer te puede ayudar!<\/h2>\n<p>Si est\u00e1s luchando con un desacuerdo acerca de la culpa despu\u00e9s de un accidente automovil\u00edstico, no lo hagas solo. Nuestro <a href=\"https:\/\/ceolawyer.com\/georgia-personal-injury\/car-accident-lawyer\/\">bufete de abogados experimentados de lesi\u00f3n personal en Georgia<\/a> est\u00e1n aqu\u00ed para asistirte.<\/p>\n<p>Nuestro equipo legal experimentado puede analizar los detalles de tu caso, evaluar el informe polic\u00edaco y pelear por un resultado justo en tu nombre. Cont\u00e1ctanos hoy para una consulta gratis y d\u00e9janos ayudarte a asegurar que recibas la compensaci\u00f3n que mereces.<\/p>\n<p>Entendemos las complejidades de los reclamos de accidentes automovil\u00edsticos y podemos guiarte a trav\u00e9s del proceso cada paso del camino. \u00a1Programa tu <a href=\"https:\/\/ceolawyer.com\/contact-us\/\">consulta gratis<\/a> hoy! Llama al <a href=\"tel:+14708229057\"><strong>(470) 822-9057<\/strong><\/a>.<\/p>\n","protected":false},"excerpt":{"rendered":"<p>Despu\u00e9s del estr\u00e9s de un accidente automovil\u00edstico, lidiar con el papeleo podr\u00eda ser lo \u00faltimo en tu mente. Sin embargo, obtener una copia del informe de accidente del departamento de polic\u00eda de Roswell es un paso crucial. Este informe sirve como un registro oficial del incidente y juega un rol vital en varias situaciones, incluyendo: [&hellip;]<\/p>\n","protected":false},"author":18,"featured_media":12973,"parent":12737,"menu_order":0,"comment_status":"closed","ping_status":"closed","template":"","meta":{"_acf_changed":false,"footnotes":""},"class_list":["post-12971","page","type-page","status-publish","has-post-thumbnail","hentry"],"acf":[],"yoast_head":"<!-- This site is optimized with the Yoast SEO plugin v27.4 - https:\/\/yoast.com\/product\/yoast-seo-wordpress\/ -->\n<title>C\u00f3mo obtener tu informe de accidente automovil\u00edstico del departamento de polic\u00eda de Roswell | CEO Lawyer<\/title>\n<meta name=\"description\" content=\"\u00bfV\u00edctima de un accidente automovil\u00edstico en Roswell? M\u00e1rcanos al (470) 822-9057 para asesorarte en c\u00f3mo conseguir tu informe policial, \u00fatil para empezar tu reclamo de seguro.\" \/>\n<meta name=\"robots\" content=\"index, follow, max-snippet:-1, max-image-preview:large, max-video-preview:-1\" \/>\n<link rel=\"canonical\" href=\"https:\/\/ceolawyer.com\/espanol\/informe-de-accidente\/informe-policial-de-un-accidente-de-auto-en-georgia\/roswell\/\" \/>\n<meta property=\"og:locale\" content=\"en_US\" \/>\n<meta property=\"og:type\" content=\"article\" \/>\n<meta property=\"og:title\" content=\"C\u00f3mo obtener tu informe de accidente automovil\u00edstico del departamento de polic\u00eda de Roswell | CEO Lawyer\" \/>\n<meta property=\"og:description\" content=\"\u00bfV\u00edctima de un accidente automovil\u00edstico en Roswell? M\u00e1rcanos al (470) 822-9057 para asesorarte en c\u00f3mo conseguir tu informe policial, \u00fatil para empezar tu reclamo de seguro.\" \/>\n<meta property=\"og:url\" content=\"https:\/\/ceolawyer.com\/espanol\/informe-de-accidente\/informe-policial-de-un-accidente-de-auto-en-georgia\/roswell\/\" \/>\n<meta property=\"og:site_name\" content=\"CEO Lawyer\" \/>\n<meta property=\"article:modified_time\" content=\"2025-12-23T11:18:26+00:00\" \/>\n<meta property=\"og:image\" content=\"https:\/\/ceolawyer.com\/espanol\/wp-content\/uploads\/sites\/2\/2025\/12\/How-to-Obtain-Your-Roswell-Police-Department-Car-Accident-Report.webp\" \/>\n\t<meta property=\"og:image:width\" content=\"500\" \/>\n\t<meta property=\"og:image:height\" content=\"300\" \/>\n\t<meta property=\"og:image:type\" content=\"image\/webp\" \/>\n<meta name=\"twitter:card\" content=\"summary_large_image\" \/>\n<meta name=\"twitter:label1\" content=\"Est. reading time\" \/>\n\t<meta name=\"twitter:data1\" content=\"6 minutes\" \/>\n<script type=\"application\/ld+json\" class=\"yoast-schema-graph\">{\"@context\":\"https:\\\/\\\/schema.org\",\"@graph\":[{\"@type\":\"WebPage\",\"@id\":\"https:\\\/\\\/ceolawyer.com\\\/espanol\\\/informe-de-accidente\\\/informe-policial-de-un-accidente-de-auto-en-georgia\\\/roswell\\\/\",\"url\":\"https:\\\/\\\/ceolawyer.com\\\/espanol\\\/informe-de-accidente\\\/informe-policial-de-un-accidente-de-auto-en-georgia\\\/roswell\\\/\",\"name\":\"C\u00f3mo obtener tu informe de accidente automovil\u00edstico del departamento de polic\u00eda de Roswell | CEO Lawyer\",\"isPartOf\":{\"@id\":\"https:\\\/\\\/ceolawyer.com\\\/espanol\\\/#website\"},\"primaryImageOfPage\":{\"@id\":\"https:\\\/\\\/ceolawyer.com\\\/espanol\\\/informe-de-accidente\\\/informe-policial-de-un-accidente-de-auto-en-georgia\\\/roswell\\\/#primaryimage\"},\"image\":{\"@id\":\"https:\\\/\\\/ceolawyer.com\\\/espanol\\\/informe-de-accidente\\\/informe-policial-de-un-accidente-de-auto-en-georgia\\\/roswell\\\/#primaryimage\"},\"thumbnailUrl\":\"https:\\\/\\\/ceolawyer.com\\\/espanol\\\/wp-content\\\/uploads\\\/sites\\\/2\\\/2025\\\/12\\\/How-to-Obtain-Your-Roswell-Police-Department-Car-Accident-Report.webp\",\"datePublished\":\"2025-12-23T11:11:18+00:00\",\"dateModified\":\"2025-12-23T11:18:26+00:00\",\"description\":\"\u00bfV\u00edctima de un accidente automovil\u00edstico en Roswell? M\u00e1rcanos al (470) 822-9057 para asesorarte en c\u00f3mo conseguir tu informe policial, \u00fatil para empezar tu reclamo de seguro.\",\"breadcrumb\":{\"@id\":\"https:\\\/\\\/ceolawyer.com\\\/espanol\\\/informe-de-accidente\\\/informe-policial-de-un-accidente-de-auto-en-georgia\\\/roswell\\\/#breadcrumb\"},\"inLanguage\":\"en-US\",\"potentialAction\":[{\"@type\":\"ReadAction\",\"target\":[\"https:\\\/\\\/ceolawyer.com\\\/espanol\\\/informe-de-accidente\\\/informe-policial-de-un-accidente-de-auto-en-georgia\\\/roswell\\\/\"]}]},{\"@type\":\"ImageObject\",\"inLanguage\":\"en-US\",\"@id\":\"https:\\\/\\\/ceolawyer.com\\\/espanol\\\/informe-de-accidente\\\/informe-policial-de-un-accidente-de-auto-en-georgia\\\/roswell\\\/#primaryimage\",\"url\":\"https:\\\/\\\/ceolawyer.com\\\/espanol\\\/wp-content\\\/uploads\\\/sites\\\/2\\\/2025\\\/12\\\/How-to-Obtain-Your-Roswell-Police-Department-Car-Accident-Report.webp\",\"contentUrl\":\"https:\\\/\\\/ceolawyer.com\\\/espanol\\\/wp-content\\\/uploads\\\/sites\\\/2\\\/2025\\\/12\\\/How-to-Obtain-Your-Roswell-Police-Department-Car-Accident-Report.webp\",\"width\":500,\"height\":300,\"caption\":\"El techo de un coche de polic\u00eda con sus luces de emergencia encendidas por la noche.\"},{\"@type\":\"BreadcrumbList\",\"@id\":\"https:\\\/\\\/ceolawyer.com\\\/espanol\\\/informe-de-accidente\\\/informe-policial-de-un-accidente-de-auto-en-georgia\\\/roswell\\\/#breadcrumb\",\"itemListElement\":[{\"@type\":\"ListItem\",\"position\":1,\"name\":\"Home\",\"item\":\"https:\\\/\\\/ceolawyer.com\\\/espanol\\\/\"},{\"@type\":\"ListItem\",\"position\":2,\"name\":\"Consigue el Reporte Policial de tu Accidente de Auto\",\"item\":\"https:\\\/\\\/ceolawyer.com\\\/espanol\\\/informe-de-accidente\\\/\"},{\"@type\":\"ListItem\",\"position\":3,\"name\":\"C\u00f3mo Solicitar el Informe Policial de un Accidente de Auto en Georgia\",\"item\":\"https:\\\/\\\/ceolawyer.com\\\/espanol\\\/informe-de-accidente\\\/informe-policial-de-un-accidente-de-auto-en-georgia\\\/\"},{\"@type\":\"ListItem\",\"position\":4,\"name\":\"C\u00f3mo obtener tu informe de accidente automovil\u00edstico del departamento de polic\u00eda de Roswell\"}]},{\"@type\":\"WebSite\",\"@id\":\"https:\\\/\\\/ceolawyer.com\\\/espanol\\\/#website\",\"url\":\"https:\\\/\\\/ceolawyer.com\\\/espanol\\\/\",\"name\":\"CEO Lawyer\",\"description\":\"Personal Injury Attorney\",\"publisher\":{\"@id\":\"https:\\\/\\\/ceolawyer.com\\\/espanol\\\/#organization\"},\"potentialAction\":[{\"@type\":\"SearchAction\",\"target\":{\"@type\":\"EntryPoint\",\"urlTemplate\":\"https:\\\/\\\/ceolawyer.com\\\/espanol\\\/?s={search_term_string}\"},\"query-input\":{\"@type\":\"PropertyValueSpecification\",\"valueRequired\":true,\"valueName\":\"search_term_string\"}}],\"inLanguage\":\"en-US\"},{\"@type\":\"Organization\",\"@id\":\"https:\\\/\\\/ceolawyer.com\\\/espanol\\\/#organization\",\"name\":\"CEO Lawyer\",\"url\":\"https:\\\/\\\/ceolawyer.com\\\/espanol\\\/\",\"logo\":{\"@type\":\"ImageObject\",\"inLanguage\":\"en-US\",\"@id\":\"https:\\\/\\\/ceolawyer.com\\\/espanol\\\/#\\\/schema\\\/logo\\\/image\\\/\",\"url\":\"https:\\\/\\\/ceolawyer.com\\\/espanol\\\/wp-content\\\/uploads\\\/sites\\\/2\\\/2022\\\/05\\\/CEO_Logo.png\",\"contentUrl\":\"https:\\\/\\\/ceolawyer.com\\\/espanol\\\/wp-content\\\/uploads\\\/sites\\\/2\\\/2022\\\/05\\\/CEO_Logo.png\",\"width\":200,\"height\":108,\"caption\":\"CEO Lawyer\"},\"image\":{\"@id\":\"https:\\\/\\\/ceolawyer.com\\\/espanol\\\/#\\\/schema\\\/logo\\\/image\\\/\"}}]}<\/script>\n<!-- \/ Yoast SEO plugin. -->","yoast_head_json":{"title":"C\u00f3mo obtener tu informe de accidente automovil\u00edstico del departamento de polic\u00eda de Roswell | CEO Lawyer","description":"\u00bfV\u00edctima de un accidente automovil\u00edstico en Roswell? M\u00e1rcanos al (470) 822-9057 para asesorarte en c\u00f3mo conseguir tu informe policial, \u00fatil para empezar tu reclamo de seguro.","robots":{"index":"index","follow":"follow","max-snippet":"max-snippet:-1","max-image-preview":"max-image-preview:large","max-video-preview":"max-video-preview:-1"},"canonical":"https:\/\/ceolawyer.com\/espanol\/informe-de-accidente\/informe-policial-de-un-accidente-de-auto-en-georgia\/roswell\/","og_locale":"en_US","og_type":"article","og_title":"C\u00f3mo obtener tu informe de accidente automovil\u00edstico del departamento de polic\u00eda de Roswell | CEO Lawyer","og_description":"\u00bfV\u00edctima de un accidente automovil\u00edstico en Roswell? M\u00e1rcanos al (470) 822-9057 para asesorarte en c\u00f3mo conseguir tu informe policial, \u00fatil para empezar tu reclamo de seguro.","og_url":"https:\/\/ceolawyer.com\/espanol\/informe-de-accidente\/informe-policial-de-un-accidente-de-auto-en-georgia\/roswell\/","og_site_name":"CEO Lawyer","article_modified_time":"2025-12-23T11:18:26+00:00","og_image":[{"width":500,"height":300,"url":"https:\/\/ceolawyer.com\/espanol\/wp-content\/uploads\/sites\/2\/2025\/12\/How-to-Obtain-Your-Roswell-Police-Department-Car-Accident-Report.webp","type":"image\/webp"}],"twitter_card":"summary_large_image","twitter_misc":{"Est. reading time":"6 minutes"},"schema":{"@context":"https:\/\/schema.org","@graph":[{"@type":"WebPage","@id":"https:\/\/ceolawyer.com\/espanol\/informe-de-accidente\/informe-policial-de-un-accidente-de-auto-en-georgia\/roswell\/","url":"https:\/\/ceolawyer.com\/espanol\/informe-de-accidente\/informe-policial-de-un-accidente-de-auto-en-georgia\/roswell\/","name":"C\u00f3mo obtener tu informe de accidente automovil\u00edstico del departamento de polic\u00eda de Roswell | CEO Lawyer","isPartOf":{"@id":"https:\/\/ceolawyer.com\/espanol\/#website"},"primaryImageOfPage":{"@id":"https:\/\/ceolawyer.com\/espanol\/informe-de-accidente\/informe-policial-de-un-accidente-de-auto-en-georgia\/roswell\/#primaryimage"},"image":{"@id":"https:\/\/ceolawyer.com\/espanol\/informe-de-accidente\/informe-policial-de-un-accidente-de-auto-en-georgia\/roswell\/#primaryimage"},"thumbnailUrl":"https:\/\/ceolawyer.com\/espanol\/wp-content\/uploads\/sites\/2\/2025\/12\/How-to-Obtain-Your-Roswell-Police-Department-Car-Accident-Report.webp","datePublished":"2025-12-23T11:11:18+00:00","dateModified":"2025-12-23T11:18:26+00:00","description":"\u00bfV\u00edctima de un accidente automovil\u00edstico en Roswell? M\u00e1rcanos al (470) 822-9057 para asesorarte en c\u00f3mo conseguir tu informe policial, \u00fatil para empezar tu reclamo de seguro.","breadcrumb":{"@id":"https:\/\/ceolawyer.com\/espanol\/informe-de-accidente\/informe-policial-de-un-accidente-de-auto-en-georgia\/roswell\/#breadcrumb"},"inLanguage":"en-US","potentialAction":[{"@type":"ReadAction","target":["https:\/\/ceolawyer.com\/espanol\/informe-de-accidente\/informe-policial-de-un-accidente-de-auto-en-georgia\/roswell\/"]}]},{"@type":"ImageObject","inLanguage":"en-US","@id":"https:\/\/ceolawyer.com\/espanol\/informe-de-accidente\/informe-policial-de-un-accidente-de-auto-en-georgia\/roswell\/#primaryimage","url":"https:\/\/ceolawyer.com\/espanol\/wp-content\/uploads\/sites\/2\/2025\/12\/How-to-Obtain-Your-Roswell-Police-Department-Car-Accident-Report.webp","contentUrl":"https:\/\/ceolawyer.com\/espanol\/wp-content\/uploads\/sites\/2\/2025\/12\/How-to-Obtain-Your-Roswell-Police-Department-Car-Accident-Report.webp","width":500,"height":300,"caption":"El techo de un coche de polic\u00eda con sus luces de emergencia encendidas por la noche."},{"@type":"BreadcrumbList","@id":"https:\/\/ceolawyer.com\/espanol\/informe-de-accidente\/informe-policial-de-un-accidente-de-auto-en-georgia\/roswell\/#breadcrumb","itemListElement":[{"@type":"ListItem","position":1,"name":"Home","item":"https:\/\/ceolawyer.com\/espanol\/"},{"@type":"ListItem","position":2,"name":"Consigue el Reporte Policial de tu Accidente de Auto","item":"https:\/\/ceolawyer.com\/espanol\/informe-de-accidente\/"},{"@type":"ListItem","position":3,"name":"C\u00f3mo Solicitar el Informe Policial de un Accidente de Auto en Georgia","item":"https:\/\/ceolawyer.com\/espanol\/informe-de-accidente\/informe-policial-de-un-accidente-de-auto-en-georgia\/"},{"@type":"ListItem","position":4,"name":"C\u00f3mo obtener tu informe de accidente automovil\u00edstico del departamento de polic\u00eda de Roswell"}]},{"@type":"WebSite","@id":"https:\/\/ceolawyer.com\/espanol\/#website","url":"https:\/\/ceolawyer.com\/espanol\/","name":"CEO Lawyer","description":"Personal Injury Attorney","publisher":{"@id":"https:\/\/ceolawyer.com\/espanol\/#organization"},"potentialAction":[{"@type":"SearchAction","target":{"@type":"EntryPoint","urlTemplate":"https:\/\/ceolawyer.com\/espanol\/?s={search_term_string}"},"query-input":{"@type":"PropertyValueSpecification","valueRequired":true,"valueName":"search_term_string"}}],"inLanguage":"en-US"},{"@type":"Organization","@id":"https:\/\/ceolawyer.com\/espanol\/#organization","name":"CEO Lawyer","url":"https:\/\/ceolawyer.com\/espanol\/","logo":{"@type":"ImageObject","inLanguage":"en-US","@id":"https:\/\/ceolawyer.com\/espanol\/#\/schema\/logo\/image\/","url":"https:\/\/ceolawyer.com\/espanol\/wp-content\/uploads\/sites\/2\/2022\/05\/CEO_Logo.png","contentUrl":"https:\/\/ceolawyer.com\/espanol\/wp-content\/uploads\/sites\/2\/2022\/05\/CEO_Logo.png","width":200,"height":108,"caption":"CEO Lawyer"},"image":{"@id":"https:\/\/ceolawyer.com\/espanol\/#\/schema\/logo\/image\/"}}]}},"_links":{"self":[{"href":"https:\/\/ceolawyer.com\/espanol\/wp-json\/wp\/v2\/pages\/12971","targetHints":{"allow":["GET"]}}],"collection":[{"href":"https:\/\/ceolawyer.com\/espanol\/wp-json\/wp\/v2\/pages"}],"about":[{"href":"https:\/\/ceolawyer.com\/espanol\/wp-json\/wp\/v2\/types\/page"}],"author":[{"embeddable":true,"href":"https:\/\/ceolawyer.com\/espanol\/wp-json\/wp\/v2\/users\/18"}],"replies":[{"embeddable":true,"href":"https:\/\/ceolawyer.com\/espanol\/wp-json\/wp\/v2\/comments?post=12971"}],"version-history":[{"count":0,"href":"https:\/\/ceolawyer.com\/espanol\/wp-json\/wp\/v2\/pages\/12971\/revisions"}],"up":[{"embeddable":true,"href":"https:\/\/ceolawyer.com\/espanol\/wp-json\/wp\/v2\/pages\/12737"}],"wp:featuredmedia":[{"embeddable":true,"href":"https:\/\/ceolawyer.com\/espanol\/wp-json\/wp\/v2\/media\/12973"}],"wp:attachment":[{"href":"https:\/\/ceolawyer.com\/espanol\/wp-json\/wp\/v2\/media?parent=12971"}],"curies":[{"name":"wp","href":"https:\/\/api.w.org\/{rel}","templated":true}]}}