{"id":12977,"date":"2025-12-23T11:29:13","date_gmt":"2025-12-23T11:29:13","guid":{"rendered":"https:\/\/ceolawyer.com\/espanol\/?page_id=12977"},"modified":"2025-12-23T11:33:44","modified_gmt":"2025-12-23T11:33:44","slug":"smyrna","status":"publish","type":"page","link":"https:\/\/ceolawyer.com\/espanol\/informe-de-accidente\/informe-policial-de-un-accidente-de-auto-en-georgia\/smyrna\/","title":{"rendered":"C\u00f3mo obtener tu informe de accidente automovil\u00edstico del departamento de polic\u00eda de Smyrna"},"content":{"rendered":"<p><img decoding=\"async\" class=\"alignright size-full wp-image-12979\" src=\"https:\/\/ceolawyer.com\/espanol\/wp-content\/uploads\/sites\/2\/2025\/12\/How-to-Obtain-Your-Smyrna-Police-Department-Car-Accident-Report.webp\" alt=\"Una toma baja de un oficial de polic\u00eda con las manos en la cintura mientras est\u00e1 de pie frente a su veh\u00edculo.\" width=\"500\" height=\"300\" srcset=\"https:\/\/ceolawyer.com\/espanol\/wp-content\/uploads\/sites\/2\/2025\/12\/How-to-Obtain-Your-Smyrna-Police-Department-Car-Accident-Report.webp 500w, https:\/\/ceolawyer.com\/espanol\/wp-content\/uploads\/sites\/2\/2025\/12\/How-to-Obtain-Your-Smyrna-Police-Department-Car-Accident-Report-300x180.webp 300w\" sizes=\"(max-width: 500px) 100vw, 500px\" \/>Estar involucrado en un accidente automovil\u00edstico puede ser una experiencia estresante, pero obtener la documentaci\u00f3n necesaria no deber\u00eda sumar a ese estr\u00e9s. No importa si est\u00e1s lidiando con compa\u00f1\u00edas de seguro, persiguiendo un reclamo legal o simplemente buscando claridad en los detalles de tu accidente, tener acceso al informe de accidente automovil\u00edstico es crucial.<\/p>\n<p>El departamento de polic\u00eda de Smyrna sigue un acercamiento estructurado para manejar los accidentes automovil\u00edsticos. Sus divisiones dedicadas aseguran una investigaci\u00f3n profunda y un informe adecuado.<\/p>\n<p>El departamento de polic\u00eda de Smyrna usa a varias divisiones para manejar los accidentes automovil\u00edsticos. Mientras que no vas a interactuar con cada uno, es \u00fatil entender sus papeles:<\/p>\n<ul>\n<li><strong>Patrulla uniformada: <\/strong>responde a accidentes, asegura la escena y asegura la seguridad de todos.<\/li>\n<li><strong>Investigaciones criminales: <\/strong>Investiga las causas en casos complejos, recolecta evidencia y entrevista testigos (si es necesario).<\/li>\n<li><strong>C\u00e1rcel: <\/strong>Procesa arrestos hechos debido al accidente (ejemplo, manejar bajo la influencia).<\/li>\n<li><strong>Operaciones especiales: <\/strong>Asiste con control de tr\u00e1fico, reconstrucci\u00f3n del accidente o tareas especializadas relacionadas al accidente.<\/li>\n<li><strong>Oficina de est\u00e1ndares profesionales: <\/strong>Asegura que los procesos adecuados se sigan durante las investigaciones de accidentes.<\/li>\n<\/ul>\n<h2>Adquiere tu informe de accidente del departamento de polic\u00eda de Smyrna<\/h2>\n<h3>C\u00f3mo obtenerlo en l\u00ednea<\/h3>\n<p>Para tu conveniencia, puedes pedir el informe de accidente automovil\u00edstico del departamento de polic\u00eda de Smyrna en l\u00ednea.<\/p>\n<h4>Env\u00eda un pedido a trav\u00e9s del portal p\u00fablico<\/h4>\n<p>El departamento de polic\u00eda de Smyrna podr\u00eda utilizar un portal p\u00fablico para pedidos de informes. Accede al <a href=\"https:\/\/smyrnaga.justfoia.com\/publicportal\/home\/newrequest\">portal dedicado de registros<\/a>. Este portal te permite enviar un pedido para tu informe de accidente en l\u00ednea.<\/p>\n<h4>BuyCrash.com<\/h4>\n<p>El departamento utiliza los servicios de LexisNexis Risk Solutions\u2019 para pedidos del informe en l\u00ednea. Aqu\u00ed est\u00e1 c\u00f3mo pedir tu informe en l\u00ednea:<\/p>\n<ul>\n<li>Visita el <a href=\"https:\/\/buycrash.lexisnexisrisk.com\/ui\/home\">sitio web de BuyCrash.<\/a><\/li>\n<li>Otorga detalles espec\u00edficos sobre el accidente, as\u00ed como la fecha, lugar y los nombres de las partes.<\/li>\n<li>Puede haber una tarifa asociada con los pedidos en l\u00ednea. Prep\u00e1rate para hacer un pago seguro en l\u00ednea.<\/li>\n<li>Ya que tu pedido sea procesado, deber\u00edas recibir una copia digital de tu informe de accidente automovil\u00edstico del departamento de polic\u00eda de Smyrna v\u00eda email o descarga.<\/li>\n<\/ul>\n<h3>C\u00f3mo obtenerlo en persona<\/h3>\n<p>Si prefieres una interacci\u00f3n cara a cara o necesitas asistencia inmediata, puedes visitar el lugar del departamento de polic\u00eda de Smyrna:<\/p>\n<p>El departamento de polic\u00eda de Smyrna<\/p>\n<p>Direcci\u00f3n: 2464 Atlanta Rd, Smyrna, GA 30080<\/p>\n<p>Horas de servicio: lunes a viernes, 8:00 a.m. a 5:00 p.m.<\/p>\n<p>Simplemente ve hacia la secci\u00f3n designada de registros e identificaci\u00f3n durante las horas de servicio. Si tu informe est\u00e1 listo, puedes recogerlo ah\u00ed; de otra manera, otorga tus detalles de contacto y ellos asegurar\u00e1n que lo recibas r\u00e1pidamente por correo o por email.<\/p>\n<h3>C\u00f3mo obtenerlo por correo<\/h3>\n<p>Si optas por la ruta tradicional, puedes pedir tu informe de accidente automovil\u00edstico por correo. Aqu\u00ed est\u00e1 lo que necesitas hacer:<\/p>\n<ul>\n<li>Haz tu pedido hacia el departamento de polic\u00eda de Smyrna, espec\u00edficamente a la atenci\u00f3n de la secci\u00f3n de registros e identificaci\u00f3n, a la siguiente direcci\u00f3n:<\/li>\n<\/ul>\n<p>El departamento de polic\u00eda de Smyrna<\/p>\n<p>ATTN: Secci\u00f3n de registros e identificaci\u00f3n<\/p>\n<p>2646 Atlanta Rd<\/p>\n<p>Smyrna, GA 30080<\/p>\n<ul>\n<li>Menciona claramente en tu carta que prefieres recibir el informe por correo. No se te olvide poner tu propia direcci\u00f3n de correo, tu tel\u00e9fono y tu direcci\u00f3n de email para prop\u00f3sitos corresponsales.<\/li>\n<\/ul>\n<h3>Consejos adicionales<\/h3>\n<ul>\n<li>Puede haber un periodo de espera antes de que el informe est\u00e9 finalizado. Prep\u00e1rate para esperar unos d\u00edas h\u00e1biles.<\/li>\n<li>Al contactar al departamento (v\u00eda tel\u00e9fono, en l\u00ednea o en persona), ten los detalles como la fecha del accidente, el lugar y cualquier n\u00famero de caso asignado listo para agilizar el proceso.<\/li>\n<li>Puede haber tarifas asociadas por obtener tu copia del informe. Pregunta por el costo cuando hagas tu pedido.<\/li>\n<\/ul>\n<h2>Corrigiendo errores en tu informe de accidente automovil\u00edstico del departamento de polic\u00eda de Smyrna<\/h2>\n<p>Mientras que el departamento de polic\u00eda de Smyrna se esfuerza por ser preciso, puede haber errores ocasionales en los informes. Aqu\u00ed es lo que tienes que hacer si descubres discrepancias en el tuyo:<\/p>\n<ol>\n<li>Examina cuidadosamente todo el informe, identificando cualquier imprecisi\u00f3n o informaci\u00f3n faltante. Los errores comunes incluyen fechas incorrectas, detalles vehiculares o descripciones de la escena del accidente y los eventos.<\/li>\n<li>No te esperes a contactar al departamento de polic\u00eda de Smyrna. Puedes hacer esto por tel\u00e9fono <a href=\"tel:+17704349481\">(770) 434-9481<\/a> o al visitarlos en persona al 2646 Atlanta Rd SE, Smyrna, GA 30080.<\/li>\n<li>Durante tu comunicaci\u00f3n, explica educadamente los errores espec\u00edficos que encontraste y ofrece correcciones. Apoyar tus reclamos con evidencia mejora tu caso. Esto puede incluir fotos de la escena del accidente, testimonios de testigos o cualquier informaci\u00f3n adicional que contradiga el informe.<\/li>\n<li>Pide educadamente que el departamento corrija el informe con los detalles actuales. Podr\u00edan dar una versi\u00f3n revisada reflejando las correcciones.<\/li>\n<li>Documenta tus interacciones con el departamento de polic\u00eda. Mant\u00e9n un registro de los nombres de los oficiales con los que hablaste, junto con fechas y detalles de tus conversaciones. Esto crea un rastro de papel para futura referencia.<\/li>\n<\/ol>\n<p>Un informe de accidente preciso es crucial por varias razones. Juega un papel vital en:<\/p>\n<ul>\n<li><strong>Reclamos de seguro: <\/strong>Un informe preciso asegura una evaluaci\u00f3n justa de tu reclamo por la compa\u00f1\u00eda de seguros.<\/li>\n<li><strong>Procesos legales: <\/strong>En caso de una disputa legal que surge del accidente, un informe preciso sirve como una fuente de informaci\u00f3n confiable.<\/li>\n<li><strong>Otros asuntos: <\/strong>El informe puede ser requerido para varios otros prop\u00f3sitos, y su precisi\u00f3n se vuelve escencial en dichas situaciones.<\/li>\n<\/ul>\n<h3>El impacto en los reclamos de seguro<\/h3>\n<p>Si un error en tu informe impacta significativamente tu reclamo de seguro, toma acci\u00f3n inmediata:<\/p>\n<ul>\n<li><strong>Contacta a tu compa\u00f1\u00eda de seguro: <\/strong>Informa tu proveedor de seguros sobre el error lo antes posible. Otorga cualquier evidencia que apoye tu versi\u00f3n de los eventos. Ellos pueden asesorarte en tus pr\u00f3ximos pasos.<\/li>\n<li><strong>Disputa el error formalmente: <\/strong>Para errores sustanciales, podr\u00edas necesitar disputarlos formalmente. Contacta al departamento de polic\u00eda de Smyrna y pide una correcci\u00f3n de tu informe. Otorga documentaci\u00f3n como fotos, testimonios de testigos o registros m\u00e9dicos para solidificar tu reclamo.<\/li>\n<li><strong>Pide un informe corregido: <\/strong>P\u00eddele al departamento de polic\u00eda que env\u00ede un informe revisado con la informaci\u00f3n actual. Mant\u00e9n los registros de toda la comunicaci\u00f3n con ellos para futura referencia.<\/li>\n<li><strong>Busca consejo legal: <\/strong>Si el error persiste y afecta tu reclamo significativamente, considera consultar a un abogado. Un abogado puede guiarte en c\u00f3mo proceder y proteger tus derechos en esta situaci\u00f3n.<\/li>\n<\/ul>\n<h2>Tomar responsabilidad por errores en tu informe (opcional)<\/h2>\n<p>Mientras que el enfoque est\u00e1 en corregir errores hechos por el departamento de polic\u00eda, podr\u00eda haber situaciones donde descubres que otorgaste informaci\u00f3n imprecisa durante el informe de accidente inicial. Aqu\u00ed est\u00e1 lo que tienes que hacer para tomar responsabilidad por dicho error:<\/p>\n<h3>Posesi\u00f3n y Transparencia<\/h3>\n<ul>\n<li><strong>Reconoce el error: <\/strong>Los errores suceden. Acepta la responsabilidad por el error en tu informe y evita culpar a alguien m\u00e1s. Enf\u00f3cate en encontrar una soluci\u00f3n para asegurar un informe preciso.<\/li>\n<li><strong>Contacta al departamento de polic\u00eda de Smyrna: <\/strong>Contacta al departamento de polic\u00eda de Smyrna en Georgia y explica el error espec\u00edfico que hiciste durante tu informe inicial.<\/li>\n<li><strong>Otorga informaci\u00f3n precisa: <\/strong>Se transparente sobre los detalles correctos del accidente. Comparte cualquier informaci\u00f3n adicional o evidencia que podr\u00eda apoyar la versi\u00f3n actual de los eventos.<\/li>\n<li><strong>Pide una correcci\u00f3n: <\/strong>Pide educadamente que el departamento de polic\u00eda corrija el informe con informaci\u00f3n precisa. Ellos podr\u00edan dar una versi\u00f3n revisada reflejando las correcciones.<\/li>\n<li><strong>Experiencia de aprendizaje: <\/strong>Usa esta situaci\u00f3n como una oportunidad para aprender. Cuando reportes futuros accidentes, se m\u00e1s cuidadoso y otorga los detalles m\u00e1s precisos posibles desde el inicio.<\/li>\n<\/ul>\n<p>La honestidad y cooperaci\u00f3n son cruciales en estas situaciones. Tomar responsabilidad y corregir tu error asegura que el informe refleje el incidente precisamente.<\/p>\n<p>Para instrucciones espec\u00edficas adaptadas a tu caso, contacta directamente al departamento de polic\u00eda de Smyrna.<\/p>\n<h3>Considera asesor\u00eda legal<\/h3>\n<p>Mientras que navegar estas situaciones por ti mismo es posible, los asuntos legales complejos podr\u00edan requerir asesor\u00eda legal. Si tienes preocupaciones sobre el impacto del error, especialmente en tu reclamo de seguro o procesos legales potenciales, considera consultar a un abogado confiable.<\/p>\n<p>Nuestro <a href=\"https:\/\/ceolawyer.com\/smyrna-personal-injury\/car-accident-lawyer\/\">bufete de abogados de accidente automovil\u00edstico en Smyrna<\/a> puede otorgar asesor\u00eda legal valiosa y ayudar a proteger tus derechos durante el proceso. \u00a1Contacta al bufete de abogados de lesi\u00f3n personal de CEO Lawyer hoy para una consulta gratis!<\/p>\n","protected":false},"excerpt":{"rendered":"<p>Estar involucrado en un accidente automovil\u00edstico puede ser una experiencia estresante, pero obtener la documentaci\u00f3n necesaria no deber\u00eda sumar a ese estr\u00e9s. No importa si est\u00e1s lidiando con compa\u00f1\u00edas de seguro, persiguiendo un reclamo legal o simplemente buscando claridad en los detalles de tu accidente, tener acceso al informe de accidente automovil\u00edstico es crucial. El [&hellip;]<\/p>\n","protected":false},"author":18,"featured_media":12979,"parent":12737,"menu_order":0,"comment_status":"closed","ping_status":"closed","template":"","meta":{"_acf_changed":false,"footnotes":""},"class_list":["post-12977","page","type-page","status-publish","has-post-thumbnail","hentry"],"acf":[],"yoast_head":"<!-- This site is optimized with the Yoast SEO plugin v27.5 - https:\/\/yoast.com\/product\/yoast-seo-wordpress\/ -->\n<title>C\u00f3mo obtener tu informe de accidente automovil\u00edstico del departamento de polic\u00eda de Smyrna | CEO Lawyer<\/title>\n<meta name=\"description\" content=\"\u00bfHubo un accidente automovil\u00edstico en Smyrna y la polic\u00eda lleg\u00f3 a la escena? Consigue la copia del informe policial y m\u00e1rcanos al (470) 822-9057 para saber qu\u00e9 hacer con ella.\" \/>\n<meta name=\"robots\" content=\"index, follow, max-snippet:-1, max-image-preview:large, max-video-preview:-1\" \/>\n<link rel=\"canonical\" href=\"https:\/\/ceolawyer.com\/espanol\/informe-de-accidente\/informe-policial-de-un-accidente-de-auto-en-georgia\/smyrna\/\" \/>\n<meta property=\"og:locale\" content=\"en_US\" \/>\n<meta property=\"og:type\" content=\"article\" \/>\n<meta property=\"og:title\" content=\"C\u00f3mo obtener tu informe de accidente automovil\u00edstico del departamento de polic\u00eda de Smyrna | CEO Lawyer\" \/>\n<meta property=\"og:description\" content=\"\u00bfHubo un accidente automovil\u00edstico en Smyrna y la polic\u00eda lleg\u00f3 a la escena? Consigue la copia del informe policial y m\u00e1rcanos al (470) 822-9057 para saber qu\u00e9 hacer con ella.\" \/>\n<meta property=\"og:url\" content=\"https:\/\/ceolawyer.com\/espanol\/informe-de-accidente\/informe-policial-de-un-accidente-de-auto-en-georgia\/smyrna\/\" \/>\n<meta property=\"og:site_name\" content=\"CEO Lawyer\" \/>\n<meta property=\"article:modified_time\" content=\"2025-12-23T11:33:44+00:00\" \/>\n<meta property=\"og:image\" content=\"https:\/\/ceolawyer.com\/espanol\/wp-content\/uploads\/sites\/2\/2025\/12\/How-to-Obtain-Your-Smyrna-Police-Department-Car-Accident-Report.webp\" \/>\n\t<meta property=\"og:image:width\" content=\"500\" \/>\n\t<meta property=\"og:image:height\" content=\"300\" \/>\n\t<meta property=\"og:image:type\" content=\"image\/webp\" \/>\n<meta name=\"twitter:card\" content=\"summary_large_image\" \/>\n<meta name=\"twitter:label1\" content=\"Est. reading time\" \/>\n\t<meta name=\"twitter:data1\" content=\"7 minutes\" \/>\n<script type=\"application\/ld+json\" class=\"yoast-schema-graph\">{\"@context\":\"https:\\\/\\\/schema.org\",\"@graph\":[{\"@type\":\"WebPage\",\"@id\":\"https:\\\/\\\/ceolawyer.com\\\/espanol\\\/informe-de-accidente\\\/informe-policial-de-un-accidente-de-auto-en-georgia\\\/smyrna\\\/\",\"url\":\"https:\\\/\\\/ceolawyer.com\\\/espanol\\\/informe-de-accidente\\\/informe-policial-de-un-accidente-de-auto-en-georgia\\\/smyrna\\\/\",\"name\":\"C\u00f3mo obtener tu informe de accidente automovil\u00edstico del departamento de polic\u00eda de Smyrna | CEO Lawyer\",\"isPartOf\":{\"@id\":\"https:\\\/\\\/ceolawyer.com\\\/espanol\\\/#website\"},\"primaryImageOfPage\":{\"@id\":\"https:\\\/\\\/ceolawyer.com\\\/espanol\\\/informe-de-accidente\\\/informe-policial-de-un-accidente-de-auto-en-georgia\\\/smyrna\\\/#primaryimage\"},\"image\":{\"@id\":\"https:\\\/\\\/ceolawyer.com\\\/espanol\\\/informe-de-accidente\\\/informe-policial-de-un-accidente-de-auto-en-georgia\\\/smyrna\\\/#primaryimage\"},\"thumbnailUrl\":\"https:\\\/\\\/ceolawyer.com\\\/espanol\\\/wp-content\\\/uploads\\\/sites\\\/2\\\/2025\\\/12\\\/How-to-Obtain-Your-Smyrna-Police-Department-Car-Accident-Report.webp\",\"datePublished\":\"2025-12-23T11:29:13+00:00\",\"dateModified\":\"2025-12-23T11:33:44+00:00\",\"description\":\"\u00bfHubo un accidente automovil\u00edstico en Smyrna y la polic\u00eda lleg\u00f3 a la escena? Consigue la copia del informe policial y m\u00e1rcanos al (470) 822-9057 para saber qu\u00e9 hacer con ella.\",\"breadcrumb\":{\"@id\":\"https:\\\/\\\/ceolawyer.com\\\/espanol\\\/informe-de-accidente\\\/informe-policial-de-un-accidente-de-auto-en-georgia\\\/smyrna\\\/#breadcrumb\"},\"inLanguage\":\"en-US\",\"potentialAction\":[{\"@type\":\"ReadAction\",\"target\":[\"https:\\\/\\\/ceolawyer.com\\\/espanol\\\/informe-de-accidente\\\/informe-policial-de-un-accidente-de-auto-en-georgia\\\/smyrna\\\/\"]}]},{\"@type\":\"ImageObject\",\"inLanguage\":\"en-US\",\"@id\":\"https:\\\/\\\/ceolawyer.com\\\/espanol\\\/informe-de-accidente\\\/informe-policial-de-un-accidente-de-auto-en-georgia\\\/smyrna\\\/#primaryimage\",\"url\":\"https:\\\/\\\/ceolawyer.com\\\/espanol\\\/wp-content\\\/uploads\\\/sites\\\/2\\\/2025\\\/12\\\/How-to-Obtain-Your-Smyrna-Police-Department-Car-Accident-Report.webp\",\"contentUrl\":\"https:\\\/\\\/ceolawyer.com\\\/espanol\\\/wp-content\\\/uploads\\\/sites\\\/2\\\/2025\\\/12\\\/How-to-Obtain-Your-Smyrna-Police-Department-Car-Accident-Report.webp\",\"width\":500,\"height\":300,\"caption\":\"Una toma baja de un oficial de polic\u00eda con las manos en la cintura mientras est\u00e1 de pie frente a su veh\u00edculo.\"},{\"@type\":\"BreadcrumbList\",\"@id\":\"https:\\\/\\\/ceolawyer.com\\\/espanol\\\/informe-de-accidente\\\/informe-policial-de-un-accidente-de-auto-en-georgia\\\/smyrna\\\/#breadcrumb\",\"itemListElement\":[{\"@type\":\"ListItem\",\"position\":1,\"name\":\"Home\",\"item\":\"https:\\\/\\\/ceolawyer.com\\\/espanol\\\/\"},{\"@type\":\"ListItem\",\"position\":2,\"name\":\"Consigue el Reporte Policial de tu Accidente de Auto\",\"item\":\"https:\\\/\\\/ceolawyer.com\\\/espanol\\\/informe-de-accidente\\\/\"},{\"@type\":\"ListItem\",\"position\":3,\"name\":\"C\u00f3mo Solicitar el Informe Policial de un Accidente de Auto en Georgia\",\"item\":\"https:\\\/\\\/ceolawyer.com\\\/espanol\\\/informe-de-accidente\\\/informe-policial-de-un-accidente-de-auto-en-georgia\\\/\"},{\"@type\":\"ListItem\",\"position\":4,\"name\":\"C\u00f3mo obtener tu informe de accidente automovil\u00edstico del departamento de polic\u00eda de Smyrna\"}]},{\"@type\":\"WebSite\",\"@id\":\"https:\\\/\\\/ceolawyer.com\\\/espanol\\\/#website\",\"url\":\"https:\\\/\\\/ceolawyer.com\\\/espanol\\\/\",\"name\":\"CEO Lawyer\",\"description\":\"Personal Injury Attorney\",\"publisher\":{\"@id\":\"https:\\\/\\\/ceolawyer.com\\\/espanol\\\/#organization\"},\"potentialAction\":[{\"@type\":\"SearchAction\",\"target\":{\"@type\":\"EntryPoint\",\"urlTemplate\":\"https:\\\/\\\/ceolawyer.com\\\/espanol\\\/?s={search_term_string}\"},\"query-input\":{\"@type\":\"PropertyValueSpecification\",\"valueRequired\":true,\"valueName\":\"search_term_string\"}}],\"inLanguage\":\"en-US\"},{\"@type\":\"Organization\",\"@id\":\"https:\\\/\\\/ceolawyer.com\\\/espanol\\\/#organization\",\"name\":\"CEO Lawyer\",\"url\":\"https:\\\/\\\/ceolawyer.com\\\/espanol\\\/\",\"logo\":{\"@type\":\"ImageObject\",\"inLanguage\":\"en-US\",\"@id\":\"https:\\\/\\\/ceolawyer.com\\\/espanol\\\/#\\\/schema\\\/logo\\\/image\\\/\",\"url\":\"https:\\\/\\\/ceolawyer.com\\\/espanol\\\/wp-content\\\/uploads\\\/sites\\\/2\\\/2022\\\/05\\\/CEO_Logo.png\",\"contentUrl\":\"https:\\\/\\\/ceolawyer.com\\\/espanol\\\/wp-content\\\/uploads\\\/sites\\\/2\\\/2022\\\/05\\\/CEO_Logo.png\",\"width\":200,\"height\":108,\"caption\":\"CEO Lawyer\"},\"image\":{\"@id\":\"https:\\\/\\\/ceolawyer.com\\\/espanol\\\/#\\\/schema\\\/logo\\\/image\\\/\"}}]}<\/script>\n<!-- \/ Yoast SEO plugin. -->","yoast_head_json":{"title":"C\u00f3mo obtener tu informe de accidente automovil\u00edstico del departamento de polic\u00eda de Smyrna | CEO Lawyer","description":"\u00bfHubo un accidente automovil\u00edstico en Smyrna y la polic\u00eda lleg\u00f3 a la escena? Consigue la copia del informe policial y m\u00e1rcanos al (470) 822-9057 para saber qu\u00e9 hacer con ella.","robots":{"index":"index","follow":"follow","max-snippet":"max-snippet:-1","max-image-preview":"max-image-preview:large","max-video-preview":"max-video-preview:-1"},"canonical":"https:\/\/ceolawyer.com\/espanol\/informe-de-accidente\/informe-policial-de-un-accidente-de-auto-en-georgia\/smyrna\/","og_locale":"en_US","og_type":"article","og_title":"C\u00f3mo obtener tu informe de accidente automovil\u00edstico del departamento de polic\u00eda de Smyrna | CEO Lawyer","og_description":"\u00bfHubo un accidente automovil\u00edstico en Smyrna y la polic\u00eda lleg\u00f3 a la escena? Consigue la copia del informe policial y m\u00e1rcanos al (470) 822-9057 para saber qu\u00e9 hacer con ella.","og_url":"https:\/\/ceolawyer.com\/espanol\/informe-de-accidente\/informe-policial-de-un-accidente-de-auto-en-georgia\/smyrna\/","og_site_name":"CEO Lawyer","article_modified_time":"2025-12-23T11:33:44+00:00","og_image":[{"width":500,"height":300,"url":"https:\/\/ceolawyer.com\/espanol\/wp-content\/uploads\/sites\/2\/2025\/12\/How-to-Obtain-Your-Smyrna-Police-Department-Car-Accident-Report.webp","type":"image\/webp"}],"twitter_card":"summary_large_image","twitter_misc":{"Est. reading time":"7 minutes"},"schema":{"@context":"https:\/\/schema.org","@graph":[{"@type":"WebPage","@id":"https:\/\/ceolawyer.com\/espanol\/informe-de-accidente\/informe-policial-de-un-accidente-de-auto-en-georgia\/smyrna\/","url":"https:\/\/ceolawyer.com\/espanol\/informe-de-accidente\/informe-policial-de-un-accidente-de-auto-en-georgia\/smyrna\/","name":"C\u00f3mo obtener tu informe de accidente automovil\u00edstico del departamento de polic\u00eda de Smyrna | CEO Lawyer","isPartOf":{"@id":"https:\/\/ceolawyer.com\/espanol\/#website"},"primaryImageOfPage":{"@id":"https:\/\/ceolawyer.com\/espanol\/informe-de-accidente\/informe-policial-de-un-accidente-de-auto-en-georgia\/smyrna\/#primaryimage"},"image":{"@id":"https:\/\/ceolawyer.com\/espanol\/informe-de-accidente\/informe-policial-de-un-accidente-de-auto-en-georgia\/smyrna\/#primaryimage"},"thumbnailUrl":"https:\/\/ceolawyer.com\/espanol\/wp-content\/uploads\/sites\/2\/2025\/12\/How-to-Obtain-Your-Smyrna-Police-Department-Car-Accident-Report.webp","datePublished":"2025-12-23T11:29:13+00:00","dateModified":"2025-12-23T11:33:44+00:00","description":"\u00bfHubo un accidente automovil\u00edstico en Smyrna y la polic\u00eda lleg\u00f3 a la escena? Consigue la copia del informe policial y m\u00e1rcanos al (470) 822-9057 para saber qu\u00e9 hacer con ella.","breadcrumb":{"@id":"https:\/\/ceolawyer.com\/espanol\/informe-de-accidente\/informe-policial-de-un-accidente-de-auto-en-georgia\/smyrna\/#breadcrumb"},"inLanguage":"en-US","potentialAction":[{"@type":"ReadAction","target":["https:\/\/ceolawyer.com\/espanol\/informe-de-accidente\/informe-policial-de-un-accidente-de-auto-en-georgia\/smyrna\/"]}]},{"@type":"ImageObject","inLanguage":"en-US","@id":"https:\/\/ceolawyer.com\/espanol\/informe-de-accidente\/informe-policial-de-un-accidente-de-auto-en-georgia\/smyrna\/#primaryimage","url":"https:\/\/ceolawyer.com\/espanol\/wp-content\/uploads\/sites\/2\/2025\/12\/How-to-Obtain-Your-Smyrna-Police-Department-Car-Accident-Report.webp","contentUrl":"https:\/\/ceolawyer.com\/espanol\/wp-content\/uploads\/sites\/2\/2025\/12\/How-to-Obtain-Your-Smyrna-Police-Department-Car-Accident-Report.webp","width":500,"height":300,"caption":"Una toma baja de un oficial de polic\u00eda con las manos en la cintura mientras est\u00e1 de pie frente a su veh\u00edculo."},{"@type":"BreadcrumbList","@id":"https:\/\/ceolawyer.com\/espanol\/informe-de-accidente\/informe-policial-de-un-accidente-de-auto-en-georgia\/smyrna\/#breadcrumb","itemListElement":[{"@type":"ListItem","position":1,"name":"Home","item":"https:\/\/ceolawyer.com\/espanol\/"},{"@type":"ListItem","position":2,"name":"Consigue el Reporte Policial de tu Accidente de Auto","item":"https:\/\/ceolawyer.com\/espanol\/informe-de-accidente\/"},{"@type":"ListItem","position":3,"name":"C\u00f3mo Solicitar el Informe Policial de un Accidente de Auto en Georgia","item":"https:\/\/ceolawyer.com\/espanol\/informe-de-accidente\/informe-policial-de-un-accidente-de-auto-en-georgia\/"},{"@type":"ListItem","position":4,"name":"C\u00f3mo obtener tu informe de accidente automovil\u00edstico del departamento de polic\u00eda de Smyrna"}]},{"@type":"WebSite","@id":"https:\/\/ceolawyer.com\/espanol\/#website","url":"https:\/\/ceolawyer.com\/espanol\/","name":"CEO Lawyer","description":"Personal Injury Attorney","publisher":{"@id":"https:\/\/ceolawyer.com\/espanol\/#organization"},"potentialAction":[{"@type":"SearchAction","target":{"@type":"EntryPoint","urlTemplate":"https:\/\/ceolawyer.com\/espanol\/?s={search_term_string}"},"query-input":{"@type":"PropertyValueSpecification","valueRequired":true,"valueName":"search_term_string"}}],"inLanguage":"en-US"},{"@type":"Organization","@id":"https:\/\/ceolawyer.com\/espanol\/#organization","name":"CEO Lawyer","url":"https:\/\/ceolawyer.com\/espanol\/","logo":{"@type":"ImageObject","inLanguage":"en-US","@id":"https:\/\/ceolawyer.com\/espanol\/#\/schema\/logo\/image\/","url":"https:\/\/ceolawyer.com\/espanol\/wp-content\/uploads\/sites\/2\/2022\/05\/CEO_Logo.png","contentUrl":"https:\/\/ceolawyer.com\/espanol\/wp-content\/uploads\/sites\/2\/2022\/05\/CEO_Logo.png","width":200,"height":108,"caption":"CEO Lawyer"},"image":{"@id":"https:\/\/ceolawyer.com\/espanol\/#\/schema\/logo\/image\/"}}]}},"_links":{"self":[{"href":"https:\/\/ceolawyer.com\/espanol\/wp-json\/wp\/v2\/pages\/12977","targetHints":{"allow":["GET"]}}],"collection":[{"href":"https:\/\/ceolawyer.com\/espanol\/wp-json\/wp\/v2\/pages"}],"about":[{"href":"https:\/\/ceolawyer.com\/espanol\/wp-json\/wp\/v2\/types\/page"}],"author":[{"embeddable":true,"href":"https:\/\/ceolawyer.com\/espanol\/wp-json\/wp\/v2\/users\/18"}],"replies":[{"embeddable":true,"href":"https:\/\/ceolawyer.com\/espanol\/wp-json\/wp\/v2\/comments?post=12977"}],"version-history":[{"count":0,"href":"https:\/\/ceolawyer.com\/espanol\/wp-json\/wp\/v2\/pages\/12977\/revisions"}],"up":[{"embeddable":true,"href":"https:\/\/ceolawyer.com\/espanol\/wp-json\/wp\/v2\/pages\/12737"}],"wp:featuredmedia":[{"embeddable":true,"href":"https:\/\/ceolawyer.com\/espanol\/wp-json\/wp\/v2\/media\/12979"}],"wp:attachment":[{"href":"https:\/\/ceolawyer.com\/espanol\/wp-json\/wp\/v2\/media?parent=12977"}],"curies":[{"name":"wp","href":"https:\/\/api.w.org\/{rel}","templated":true}]}}