{"id":13026,"date":"2025-12-23T13:14:35","date_gmt":"2025-12-23T13:14:35","guid":{"rendered":"https:\/\/ceolawyer.com\/espanol\/?page_id=13026"},"modified":"2025-12-23T13:18:31","modified_gmt":"2025-12-23T13:18:31","slug":"winder","status":"publish","type":"page","link":"https:\/\/ceolawyer.com\/espanol\/informe-de-accidente\/informe-policial-de-un-accidente-de-auto-en-georgia\/winder\/","title":{"rendered":"C\u00f3mo obtener tu informe de accidente automovil\u00edstico del departamento de polic\u00eda de Winder"},"content":{"rendered":"<p><img decoding=\"async\" class=\"alignright size-full wp-image-13028\" src=\"https:\/\/ceolawyer.com\/espanol\/wp-content\/uploads\/sites\/2\/2025\/12\/How-to-Obtain-Your-Winder-Police-Department-Car-Accident-Report.webp\" alt=\"Un coche de polic\u00eda con sus luces rojas y azules parpadeando en la ciudad por la noche.\" width=\"500\" height=\"300\" srcset=\"https:\/\/ceolawyer.com\/espanol\/wp-content\/uploads\/sites\/2\/2025\/12\/How-to-Obtain-Your-Winder-Police-Department-Car-Accident-Report.webp 500w, https:\/\/ceolawyer.com\/espanol\/wp-content\/uploads\/sites\/2\/2025\/12\/How-to-Obtain-Your-Winder-Police-Department-Car-Accident-Report-300x180.webp 300w\" sizes=\"(max-width: 500px) 100vw, 500px\" \/>Estar en un accidente automovil\u00edstico puede ser una experiencia estresante. Entre los nervios, las reparaciones del carro y el reclamo de seguro, es f\u00e1cil sentirse abrumado.<\/p>\n<p>Un paso importante en el proceso, sin embargo, es obtener una copia del informe de accidente del departamento de polic\u00eda de Winder. Este informe sirve como una pieza vital de documentaci\u00f3n para tu compa\u00f1\u00eda de seguros y puede ser crucial si necesitas buscar asesoramiento legal.<\/p>\n<h2>Por qu\u00e9 necesitas ese informe de accidente automovil\u00edstico del departamento de polic\u00eda de Winder<\/h2>\n<p>Entonces, el polvo se ha asentado (\u00a1con suerte literalmente!), y te est\u00e1s preguntando por qu\u00e9 ese informe de accidente automovil\u00edstico del departamento de polic\u00eda de Winder es tan importante. Este peque\u00f1o pedazo de papel puede ser tu salvaci\u00f3n en varias situaciones:<\/p>\n<ul>\n<li><strong>Reclamo de seguro:<\/strong> tu compa\u00f1\u00eda de seguros depende mucho del informe polic\u00edaco para entender los detalles de un accidente. Esto incluye cosas como qui\u00e9n tuvo la culpa, la magnitud del da\u00f1o y cualquier lesi\u00f3n sufrida. Un informe completo y preciso ayuda a asegurar que tu reclamo sea procesado f\u00e1cil y efectivamente.<\/li>\n<li><strong>Conseguirte la compensaci\u00f3n que mereces: <\/strong>si el accidente no fue tu culpa y necesitas presentar un reclamo contra el seguro del otro conductor, el informe polic\u00edaco sirve como un relato neutral de un tercero de los acontecimientos. Esto puede ser evidencia crucial para conseguirte la compensaci\u00f3n que mereces para reparaciones, facturas m\u00e9dicas y hasta p\u00e9rdida de salario.<\/li>\n<li><strong>Representaci\u00f3n legal: <\/strong>a veces, las cosas se complican despu\u00e9s de un accidente automovil\u00edstico. A lo mejor el otro conductor disputa la culpa, o las lesiones son m\u00e1s severas de lo que se pens\u00f3 inicialmente. En estas situaciones, tener un informe polic\u00edaco a la mano puede ser invaluable para que tu abogado arme un caso fuerte.<\/li>\n<li><strong>Tranquilidad de mente: <\/strong>Aun si el accidente fue menor y no hubo lesiones, tener una copia del informe te otorga una sensaci\u00f3n de seguridad. Es un recuento oficial del evento, con un n\u00famero del informe que puedes referenciar despu\u00e9s si es necesario.<\/li>\n<\/ul>\n<h2>Obtener tu informe de accidente automovil\u00edstico del departamento de polic\u00eda de Winder<\/h2>\n<p>Conseguir ese informe de accidente automovil\u00edstico del departamento de polic\u00eda de Winder no tiene que ser un choque directo con la frustraci\u00f3n. El departamento ofrece varias opciones para tus necesidades, as\u00ed que puedes escoger el camino que te lleve m\u00e1s r\u00e1pido a ellas.<\/p>\n<h3>Pedido en l\u00ednea<\/h3>\n<p>Para una soluci\u00f3n r\u00e1pida, ve al <a href=\"https:\/\/winderga.justfoia.com\/Forms\/Launch\/d705cbd6-1396-49b7-939e-8d86c5a87deb\">sitio de la ciudad de Winder JustFOIA.<\/a> Aqu\u00ed, encontrar\u00e1s un formulario espec\u00edficamente dise\u00f1ado para pedir informes polic\u00edacos. Aseg\u00farate indicar que prefieres una copia electr\u00f3nica si es posible.<\/p>\n<p>Esto puede ahorrarte tiempo valioso esperando el correo. Aun si una versi\u00f3n en l\u00ednea no est\u00e1 disponible, de todos modos te mandar\u00e1n una copia en papel.<\/p>\n<h3>Online Tracking<\/h3>\n<p>Ya que llenaste tu pedido en l\u00ednea, puedes usar el sitio de la ciudad de Winder <a href=\"https:\/\/www.cityofwinder.com\/\">para checar su progreso<\/a>. Esta herramienta te permite ver el estatus de tu pedido para asegurar que no te quedes sin saber nada.<\/p>\n<h3>Recoger el pedido en persona<\/h3>\n<p>Si prefieres un toque personal, puedes visitar la oficina central del secretario municipal localizado en 25 E. Midland Ave, Winder, GA 30680. Recuerda llevar tu n\u00famero de caso (otorgado por un oficial en la escena del accidente) para acelerar el proceso.<\/p>\n<p>Los informes de incidentes cuestan 10 centavos por p\u00e1gina, mientras que los informes de accidentes cuestan $5.00 cerrados.<\/p>\n<p>Ten en mente que sus horas de servicio son de lunes a viernes, 8:00 AM a 4:30 PM, y est\u00e1n cerrados en algunos d\u00edas festivos. Ellos aceptan efectivo, d\u00e9bito y tarjetas de cr\u00e9dito, aunque hay una tarifa de conveniencia del 5% por usar tarjeta.<\/p>\n<h3>BuyCrash.com<\/h3>\n<p>Mientras que el departamento de polic\u00eda de Winder ofrece copias electr\u00f3nicas gratis a trav\u00e9s de JustFOIA para las partes involucradas, existe otra opci\u00f3n, BuyCrash. Este sitio te permite buscar y comprar informes de accidentes, aunque hay tarifas que pueden aplicarse.<\/p>\n<p>Esto es lo que debes hacer:<\/p>\n<ul>\n<li>Haz clic en el link hacia <a href=\"https:\/\/buycrash.lexisnexisrisk.com\/ui\/home\">com<\/a>.<\/li>\n<li>En la p\u00e1gina de buycrash.com escoge Georgia como tu estado.<\/li>\n<li>Escoge la jurisdicci\u00f3n que investig\u00f3 tu accidente automovil\u00edstico del segundo men\u00fa desplegable, es decir, el departamento de polic\u00eda de Winder.<\/li>\n<li>Haz clic en empezar b\u00fasqueda para seguir.<\/li>\n<li>Te pedir\u00e1n escribir detalles, como:\n<ul>\n<li>Apellidos<\/li>\n<li>Fecha del accidente<\/li>\n<li>N\u00famero de caso del informe<\/li>\n<li>VIN (n\u00famero de identificaci\u00f3n vehicular)<\/li>\n<li>N\u00famero de tu licencia de manejo<\/li>\n<\/ul>\n<\/li>\n<\/ul>\n<p><strong>Nota:<\/strong> puede haber una tarifa asociada a este m\u00e9todo.<\/p>\n<p>Tener tu n\u00famero de caso a la mano va a mejorar significativamente el proceso, no importa la ruta que tomes. Recuerda, si encuentras cualquier dificultad para acceder informes en l\u00ednea, intenta refrescar la p\u00e1gina.<\/p>\n<p>Con estas opciones, obtener tu informe de accidente automovil\u00edstico del departamento de polic\u00eda de Winder deber\u00eda ser f\u00e1cil.<\/p>\n<h2>\u00bfC\u00f3mo se afecta mi seguro por un informe de accidente automovil\u00edstico?<\/h2>\n<p>Un informe de accidente automovil\u00edstico del departamento de polic\u00eda de Winder sirve como un registro oficial del accidente, detallando factores como culpables, lesiones sufridas y el alcance del da\u00f1o. Este informe juega un rol vital en tu proceso de reclamo al seguro, ya que le otorga a la compa\u00f1\u00eda de seguros un recuento neutral, de un tercero, de los eventos.<\/p>\n<p>Aqu\u00ed est\u00e1 c\u00f3mo un informe puede afectar tu reclamo de seguro:<\/p>\n<ul>\n<li><strong>Determinando la culpa:<\/strong> El informe polic\u00edaco juega un rol importante para determinar qui\u00e9n tuvo la culpa en el accidente. Un informe preciso y completo mejora tu caso si el accidente no fue culpa tuya y necesitas presentar una demanda hacia la compa\u00f1\u00eda de seguros del otro conductor.<\/li>\n<li><strong>Procesamiento del reclamo: <\/strong>El informe permite que la compa\u00f1\u00eda de seguros califique la validez y el alcance de tu reclamo. Otorga detalles sobre el da\u00f1o en tu veh\u00edculo, cualquier da\u00f1o sufrido y testimonios de testigos (si aplica).<\/li>\n<li><strong>La cantidad merecida: <\/strong>La informaci\u00f3n del informe puede influenciar la cantidad de compensaci\u00f3n que recibes por reparaciones, facturas m\u00e9dicas y salarios perdidos.<\/li>\n<\/ul>\n<h2>\u00bfC\u00f3mo puede ayudar un abogado de accidente automovil\u00edstico a conseguir el mejor resultado para tu reclamo de seguro?<\/h2>\n<ul>\n<li><strong>Negociar con las compa\u00f1\u00edas de seguro: <\/strong>Las compa\u00f1\u00edas de seguro a menudo intentan minimizar el valor de tu reclamo. Un abogado con experiencia en manejar casos de accidentes automovil\u00edsticos puede negociar con la compa\u00f1\u00eda de seguros en tu nombre para asegurar que recibas una compensaci\u00f3n justa.<\/li>\n<li><strong>Entender complejidades:<\/strong> Las p\u00f3lizas de seguro pueden ser complicadas, y un abogado puede ayudarte a entender las complejidades de tu p\u00f3liza y c\u00f3mo aplica para tu situaci\u00f3n en espec\u00edfico.<\/li>\n<li><strong>Recolectar evidencia: <\/strong>Un abogado puede ayudar a recolectar evidencia adicional para apoyar tu caso, como registros m\u00e9dicos, estimados de reparaciones y testimonios de testigos.<\/li>\n<li><strong>Representaci\u00f3n legal: <\/strong>En situaciones donde la compa\u00f1\u00eda de seguros rechaza tu reclamo o te ofrece una liquidaci\u00f3n que crees inadecuada, un abogado te puede representar en el juicio.<\/li>\n<\/ul>\n<p>Si has estado en un accidente automovil\u00edstico y tienes preguntas asociadas al informe de accidente automovil\u00edstico o a tu reclamo de seguro, es sabio consultar a un <a href=\"https:\/\/ceolawyer.com\/georgia-personal-injury\/car-accident-lawyer\/\">abogado experimentado en accidentes automovil\u00edsticos en Georgia<\/a>. Aqu\u00ed est\u00e1 la informaci\u00f3n de contacto para el bufete de abogados de lesi\u00f3n personal de CEO Lawyer: ll\u00e1manos hoy al <a href=\"tel:+14708229057\"><strong>(470) 822-9057<\/strong><\/a> o <a href=\"https:\/\/ceolawyer.com\/georgia-personal-injury\/contact-us\/\">cont\u00e1ctanos en l\u00ednea aqu\u00ed<\/a>.<\/p>\n","protected":false},"excerpt":{"rendered":"<p>Estar en un accidente automovil\u00edstico puede ser una experiencia estresante. Entre los nervios, las reparaciones del carro y el reclamo de seguro, es f\u00e1cil sentirse abrumado. Un paso importante en el proceso, sin embargo, es obtener una copia del informe de accidente del departamento de polic\u00eda de Winder. Este informe sirve como una pieza vital [&hellip;]<\/p>\n","protected":false},"author":18,"featured_media":13028,"parent":12737,"menu_order":0,"comment_status":"closed","ping_status":"closed","template":"","meta":{"_acf_changed":false,"footnotes":""},"class_list":["post-13026","page","type-page","status-publish","has-post-thumbnail","hentry"],"acf":[],"yoast_head":"<!-- This site is optimized with the Yoast SEO plugin v27.2 - https:\/\/yoast.com\/product\/yoast-seo-wordpress\/ -->\n<title>C\u00f3mo obtener tu informe de accidente automovil\u00edstico del departamento de polic\u00eda de Winder | CEO Lawyer<\/title>\n<meta name=\"description\" content=\"\u00bfNecesitas tu informe policial del departamento de polic\u00eda de Winder? Marca al bufete de abogados de lesi\u00f3n personal de CEO Lawyer al (470) 822-9057.\" \/>\n<meta name=\"robots\" content=\"index, follow, max-snippet:-1, max-image-preview:large, max-video-preview:-1\" \/>\n<link rel=\"canonical\" href=\"https:\/\/ceolawyer.com\/espanol\/informe-de-accidente\/informe-policial-de-un-accidente-de-auto-en-georgia\/winder\/\" \/>\n<meta property=\"og:locale\" content=\"en_US\" \/>\n<meta property=\"og:type\" content=\"article\" \/>\n<meta property=\"og:title\" content=\"C\u00f3mo obtener tu informe de accidente automovil\u00edstico del departamento de polic\u00eda de Winder | CEO Lawyer\" \/>\n<meta property=\"og:description\" content=\"\u00bfNecesitas tu informe policial del departamento de polic\u00eda de Winder? Marca al bufete de abogados de lesi\u00f3n personal de CEO Lawyer al (470) 822-9057.\" \/>\n<meta property=\"og:url\" content=\"https:\/\/ceolawyer.com\/espanol\/informe-de-accidente\/informe-policial-de-un-accidente-de-auto-en-georgia\/winder\/\" \/>\n<meta property=\"og:site_name\" content=\"CEO Lawyer\" \/>\n<meta property=\"article:modified_time\" content=\"2025-12-23T13:18:31+00:00\" \/>\n<meta property=\"og:image\" content=\"https:\/\/ceolawyer.com\/espanol\/wp-content\/uploads\/sites\/2\/2025\/12\/How-to-Obtain-Your-Winder-Police-Department-Car-Accident-Report.webp\" \/>\n\t<meta property=\"og:image:width\" content=\"500\" \/>\n\t<meta property=\"og:image:height\" content=\"300\" \/>\n\t<meta property=\"og:image:type\" content=\"image\/webp\" \/>\n<meta name=\"twitter:card\" content=\"summary_large_image\" \/>\n<meta name=\"twitter:label1\" content=\"Est. reading time\" \/>\n\t<meta name=\"twitter:data1\" content=\"6 minutes\" \/>\n<script type=\"application\/ld+json\" class=\"yoast-schema-graph\">{\"@context\":\"https:\/\/schema.org\",\"@graph\":[{\"@type\":\"WebPage\",\"@id\":\"https:\/\/ceolawyer.com\/espanol\/informe-de-accidente\/informe-policial-de-un-accidente-de-auto-en-georgia\/winder\/\",\"url\":\"https:\/\/ceolawyer.com\/espanol\/informe-de-accidente\/informe-policial-de-un-accidente-de-auto-en-georgia\/winder\/\",\"name\":\"C\u00f3mo obtener tu informe de accidente automovil\u00edstico del departamento de polic\u00eda de Winder | CEO Lawyer\",\"isPartOf\":{\"@id\":\"https:\/\/ceolawyer.com\/espanol\/#website\"},\"primaryImageOfPage\":{\"@id\":\"https:\/\/ceolawyer.com\/espanol\/informe-de-accidente\/informe-policial-de-un-accidente-de-auto-en-georgia\/winder\/#primaryimage\"},\"image\":{\"@id\":\"https:\/\/ceolawyer.com\/espanol\/informe-de-accidente\/informe-policial-de-un-accidente-de-auto-en-georgia\/winder\/#primaryimage\"},\"thumbnailUrl\":\"https:\/\/ceolawyer.com\/espanol\/wp-content\/uploads\/sites\/2\/2025\/12\/How-to-Obtain-Your-Winder-Police-Department-Car-Accident-Report.webp\",\"datePublished\":\"2025-12-23T13:14:35+00:00\",\"dateModified\":\"2025-12-23T13:18:31+00:00\",\"description\":\"\u00bfNecesitas tu informe policial del departamento de polic\u00eda de Winder? Marca al bufete de abogados de lesi\u00f3n personal de CEO Lawyer al (470) 822-9057.\",\"breadcrumb\":{\"@id\":\"https:\/\/ceolawyer.com\/espanol\/informe-de-accidente\/informe-policial-de-un-accidente-de-auto-en-georgia\/winder\/#breadcrumb\"},\"inLanguage\":\"en-US\",\"potentialAction\":[{\"@type\":\"ReadAction\",\"target\":[\"https:\/\/ceolawyer.com\/espanol\/informe-de-accidente\/informe-policial-de-un-accidente-de-auto-en-georgia\/winder\/\"]}]},{\"@type\":\"ImageObject\",\"inLanguage\":\"en-US\",\"@id\":\"https:\/\/ceolawyer.com\/espanol\/informe-de-accidente\/informe-policial-de-un-accidente-de-auto-en-georgia\/winder\/#primaryimage\",\"url\":\"https:\/\/ceolawyer.com\/espanol\/wp-content\/uploads\/sites\/2\/2025\/12\/How-to-Obtain-Your-Winder-Police-Department-Car-Accident-Report.webp\",\"contentUrl\":\"https:\/\/ceolawyer.com\/espanol\/wp-content\/uploads\/sites\/2\/2025\/12\/How-to-Obtain-Your-Winder-Police-Department-Car-Accident-Report.webp\",\"width\":500,\"height\":300,\"caption\":\"Un coche de polic\u00eda con sus luces rojas y azules parpadeando en la ciudad por la noche.\"},{\"@type\":\"BreadcrumbList\",\"@id\":\"https:\/\/ceolawyer.com\/espanol\/informe-de-accidente\/informe-policial-de-un-accidente-de-auto-en-georgia\/winder\/#breadcrumb\",\"itemListElement\":[{\"@type\":\"ListItem\",\"position\":1,\"name\":\"Home\",\"item\":\"https:\/\/ceolawyer.com\/espanol\/\"},{\"@type\":\"ListItem\",\"position\":2,\"name\":\"Consigue el Reporte Policial de tu Accidente de Auto\",\"item\":\"https:\/\/ceolawyer.com\/espanol\/informe-de-accidente\/\"},{\"@type\":\"ListItem\",\"position\":3,\"name\":\"C\u00f3mo Solicitar el Informe Policial de un Accidente de Auto en Georgia\",\"item\":\"https:\/\/ceolawyer.com\/espanol\/informe-de-accidente\/informe-policial-de-un-accidente-de-auto-en-georgia\/\"},{\"@type\":\"ListItem\",\"position\":4,\"name\":\"C\u00f3mo obtener tu informe de accidente automovil\u00edstico del departamento de polic\u00eda de Winder\"}]},{\"@type\":\"WebSite\",\"@id\":\"https:\/\/ceolawyer.com\/espanol\/#website\",\"url\":\"https:\/\/ceolawyer.com\/espanol\/\",\"name\":\"CEO Lawyer\",\"description\":\"Personal Injury Attorney\",\"publisher\":{\"@id\":\"https:\/\/ceolawyer.com\/espanol\/#organization\"},\"potentialAction\":[{\"@type\":\"SearchAction\",\"target\":{\"@type\":\"EntryPoint\",\"urlTemplate\":\"https:\/\/ceolawyer.com\/espanol\/?s={search_term_string}\"},\"query-input\":{\"@type\":\"PropertyValueSpecification\",\"valueRequired\":true,\"valueName\":\"search_term_string\"}}],\"inLanguage\":\"en-US\"},{\"@type\":\"Organization\",\"@id\":\"https:\/\/ceolawyer.com\/espanol\/#organization\",\"name\":\"CEO Lawyer\",\"url\":\"https:\/\/ceolawyer.com\/espanol\/\",\"logo\":{\"@type\":\"ImageObject\",\"inLanguage\":\"en-US\",\"@id\":\"https:\/\/ceolawyer.com\/espanol\/#\/schema\/logo\/image\/\",\"url\":\"https:\/\/ceolawyer.com\/espanol\/wp-content\/uploads\/sites\/2\/2022\/05\/CEO_Logo.png\",\"contentUrl\":\"https:\/\/ceolawyer.com\/espanol\/wp-content\/uploads\/sites\/2\/2022\/05\/CEO_Logo.png\",\"width\":200,\"height\":108,\"caption\":\"CEO Lawyer\"},\"image\":{\"@id\":\"https:\/\/ceolawyer.com\/espanol\/#\/schema\/logo\/image\/\"}}]}<\/script>\n<!-- \/ Yoast SEO plugin. -->","yoast_head_json":{"title":"C\u00f3mo obtener tu informe de accidente automovil\u00edstico del departamento de polic\u00eda de Winder | CEO Lawyer","description":"\u00bfNecesitas tu informe policial del departamento de polic\u00eda de Winder? Marca al bufete de abogados de lesi\u00f3n personal de CEO Lawyer al (470) 822-9057.","robots":{"index":"index","follow":"follow","max-snippet":"max-snippet:-1","max-image-preview":"max-image-preview:large","max-video-preview":"max-video-preview:-1"},"canonical":"https:\/\/ceolawyer.com\/espanol\/informe-de-accidente\/informe-policial-de-un-accidente-de-auto-en-georgia\/winder\/","og_locale":"en_US","og_type":"article","og_title":"C\u00f3mo obtener tu informe de accidente automovil\u00edstico del departamento de polic\u00eda de Winder | CEO Lawyer","og_description":"\u00bfNecesitas tu informe policial del departamento de polic\u00eda de Winder? Marca al bufete de abogados de lesi\u00f3n personal de CEO Lawyer al (470) 822-9057.","og_url":"https:\/\/ceolawyer.com\/espanol\/informe-de-accidente\/informe-policial-de-un-accidente-de-auto-en-georgia\/winder\/","og_site_name":"CEO Lawyer","article_modified_time":"2025-12-23T13:18:31+00:00","og_image":[{"width":500,"height":300,"url":"https:\/\/ceolawyer.com\/espanol\/wp-content\/uploads\/sites\/2\/2025\/12\/How-to-Obtain-Your-Winder-Police-Department-Car-Accident-Report.webp","type":"image\/webp"}],"twitter_card":"summary_large_image","twitter_misc":{"Est. reading time":"6 minutes"},"schema":{"@context":"https:\/\/schema.org","@graph":[{"@type":"WebPage","@id":"https:\/\/ceolawyer.com\/espanol\/informe-de-accidente\/informe-policial-de-un-accidente-de-auto-en-georgia\/winder\/","url":"https:\/\/ceolawyer.com\/espanol\/informe-de-accidente\/informe-policial-de-un-accidente-de-auto-en-georgia\/winder\/","name":"C\u00f3mo obtener tu informe de accidente automovil\u00edstico del departamento de polic\u00eda de Winder | CEO Lawyer","isPartOf":{"@id":"https:\/\/ceolawyer.com\/espanol\/#website"},"primaryImageOfPage":{"@id":"https:\/\/ceolawyer.com\/espanol\/informe-de-accidente\/informe-policial-de-un-accidente-de-auto-en-georgia\/winder\/#primaryimage"},"image":{"@id":"https:\/\/ceolawyer.com\/espanol\/informe-de-accidente\/informe-policial-de-un-accidente-de-auto-en-georgia\/winder\/#primaryimage"},"thumbnailUrl":"https:\/\/ceolawyer.com\/espanol\/wp-content\/uploads\/sites\/2\/2025\/12\/How-to-Obtain-Your-Winder-Police-Department-Car-Accident-Report.webp","datePublished":"2025-12-23T13:14:35+00:00","dateModified":"2025-12-23T13:18:31+00:00","description":"\u00bfNecesitas tu informe policial del departamento de polic\u00eda de Winder? Marca al bufete de abogados de lesi\u00f3n personal de CEO Lawyer al (470) 822-9057.","breadcrumb":{"@id":"https:\/\/ceolawyer.com\/espanol\/informe-de-accidente\/informe-policial-de-un-accidente-de-auto-en-georgia\/winder\/#breadcrumb"},"inLanguage":"en-US","potentialAction":[{"@type":"ReadAction","target":["https:\/\/ceolawyer.com\/espanol\/informe-de-accidente\/informe-policial-de-un-accidente-de-auto-en-georgia\/winder\/"]}]},{"@type":"ImageObject","inLanguage":"en-US","@id":"https:\/\/ceolawyer.com\/espanol\/informe-de-accidente\/informe-policial-de-un-accidente-de-auto-en-georgia\/winder\/#primaryimage","url":"https:\/\/ceolawyer.com\/espanol\/wp-content\/uploads\/sites\/2\/2025\/12\/How-to-Obtain-Your-Winder-Police-Department-Car-Accident-Report.webp","contentUrl":"https:\/\/ceolawyer.com\/espanol\/wp-content\/uploads\/sites\/2\/2025\/12\/How-to-Obtain-Your-Winder-Police-Department-Car-Accident-Report.webp","width":500,"height":300,"caption":"Un coche de polic\u00eda con sus luces rojas y azules parpadeando en la ciudad por la noche."},{"@type":"BreadcrumbList","@id":"https:\/\/ceolawyer.com\/espanol\/informe-de-accidente\/informe-policial-de-un-accidente-de-auto-en-georgia\/winder\/#breadcrumb","itemListElement":[{"@type":"ListItem","position":1,"name":"Home","item":"https:\/\/ceolawyer.com\/espanol\/"},{"@type":"ListItem","position":2,"name":"Consigue el Reporte Policial de tu Accidente de Auto","item":"https:\/\/ceolawyer.com\/espanol\/informe-de-accidente\/"},{"@type":"ListItem","position":3,"name":"C\u00f3mo Solicitar el Informe Policial de un Accidente de Auto en Georgia","item":"https:\/\/ceolawyer.com\/espanol\/informe-de-accidente\/informe-policial-de-un-accidente-de-auto-en-georgia\/"},{"@type":"ListItem","position":4,"name":"C\u00f3mo obtener tu informe de accidente automovil\u00edstico del departamento de polic\u00eda de Winder"}]},{"@type":"WebSite","@id":"https:\/\/ceolawyer.com\/espanol\/#website","url":"https:\/\/ceolawyer.com\/espanol\/","name":"CEO Lawyer","description":"Personal Injury Attorney","publisher":{"@id":"https:\/\/ceolawyer.com\/espanol\/#organization"},"potentialAction":[{"@type":"SearchAction","target":{"@type":"EntryPoint","urlTemplate":"https:\/\/ceolawyer.com\/espanol\/?s={search_term_string}"},"query-input":{"@type":"PropertyValueSpecification","valueRequired":true,"valueName":"search_term_string"}}],"inLanguage":"en-US"},{"@type":"Organization","@id":"https:\/\/ceolawyer.com\/espanol\/#organization","name":"CEO Lawyer","url":"https:\/\/ceolawyer.com\/espanol\/","logo":{"@type":"ImageObject","inLanguage":"en-US","@id":"https:\/\/ceolawyer.com\/espanol\/#\/schema\/logo\/image\/","url":"https:\/\/ceolawyer.com\/espanol\/wp-content\/uploads\/sites\/2\/2022\/05\/CEO_Logo.png","contentUrl":"https:\/\/ceolawyer.com\/espanol\/wp-content\/uploads\/sites\/2\/2022\/05\/CEO_Logo.png","width":200,"height":108,"caption":"CEO Lawyer"},"image":{"@id":"https:\/\/ceolawyer.com\/espanol\/#\/schema\/logo\/image\/"}}]}},"_links":{"self":[{"href":"https:\/\/ceolawyer.com\/espanol\/wp-json\/wp\/v2\/pages\/13026","targetHints":{"allow":["GET"]}}],"collection":[{"href":"https:\/\/ceolawyer.com\/espanol\/wp-json\/wp\/v2\/pages"}],"about":[{"href":"https:\/\/ceolawyer.com\/espanol\/wp-json\/wp\/v2\/types\/page"}],"author":[{"embeddable":true,"href":"https:\/\/ceolawyer.com\/espanol\/wp-json\/wp\/v2\/users\/18"}],"replies":[{"embeddable":true,"href":"https:\/\/ceolawyer.com\/espanol\/wp-json\/wp\/v2\/comments?post=13026"}],"version-history":[{"count":0,"href":"https:\/\/ceolawyer.com\/espanol\/wp-json\/wp\/v2\/pages\/13026\/revisions"}],"up":[{"embeddable":true,"href":"https:\/\/ceolawyer.com\/espanol\/wp-json\/wp\/v2\/pages\/12737"}],"wp:featuredmedia":[{"embeddable":true,"href":"https:\/\/ceolawyer.com\/espanol\/wp-json\/wp\/v2\/media\/13028"}],"wp:attachment":[{"href":"https:\/\/ceolawyer.com\/espanol\/wp-json\/wp\/v2\/media?parent=13026"}],"curies":[{"name":"wp","href":"https:\/\/api.w.org\/{rel}","templated":true}]}}