{"id":13124,"date":"2026-03-11T11:56:23","date_gmt":"2026-03-11T11:56:23","guid":{"rendered":"https:\/\/ceolawyer.com\/espanol\/?page_id=13124"},"modified":"2026-03-11T12:17:22","modified_gmt":"2026-03-11T12:17:22","slug":"abogado-accidentes-choque-y-fuga","status":"publish","type":"page","link":"https:\/\/ceolawyer.com\/espanol\/lesiones-personales\/abogado-accidentes-choque-y-fuga\/","title":{"rendered":"Abogado de accidente de choque y fuga"},"content":{"rendered":"<p>Resumen clave: Por qu\u00e9 necesitas a un abogado de accidentes de choque y fuga<\/p>\n<ul>\n<li>En un choque y fuga, puedes presentar una reclamaci\u00f3n contra tu propia aseguradora si el responsable no es identificado.<\/li>\n<li>Coberturas como Protecci\u00f3n contra Lesiones Personales, conductor sin seguro y colisi\u00f3n pueden ayudarte a cubrir da\u00f1os econ\u00f3micos.<\/li>\n<li>Re\u00fane evidencia en la escena: fotos, datos del veh\u00edculo, testigos y direcci\u00f3n de fuga.<\/li>\n<li>Documenta todas tus lesiones y gastos m\u00e9dicos desde el primer d\u00eda.<\/li>\n<li>CEO Lawyer Personal Injury Law Firm eval\u00faa cada caso de choque y fuga para determinar las opciones legales disponibles.<\/li>\n<\/ul>\n<p>\u00bfNecesitas apoyo legal? Llama al <a href=\"tel:+18332542923\">(833) 254-2923<\/a>.<\/p>\n<p><img decoding=\"async\" class=\"alignright size-full wp-image-13126\" src=\"https:\/\/ceolawyer.com\/espanol\/wp-content\/uploads\/sites\/2\/2026\/03\/hit-and-run-lawyer-es.webp\" alt=\"Un accidente de choque y fuga\" width=\"500\" height=\"333\" srcset=\"https:\/\/ceolawyer.com\/espanol\/wp-content\/uploads\/sites\/2\/2026\/03\/hit-and-run-lawyer-es.webp 500w, https:\/\/ceolawyer.com\/espanol\/wp-content\/uploads\/sites\/2\/2026\/03\/hit-and-run-lawyer-es-300x200.webp 300w\" sizes=\"(max-width: 500px) 100vw, 500px\" \/>Los accidentes de choque y fuga ocurren cuando uno o m\u00e1s conductores est\u00e1n involucrados en una colisi\u00f3n y al menos uno de ellos abandona la escena del accidente. Aunque estos accidentes pueden ser frustrantes en el mejor de los casos y mortales en el peor, las sanciones por huir del lugar del accidente var\u00edan seg\u00fan el estado. Por esta raz\u00f3n, si estuviste involucrado en un accidente de choque y fuga, deber\u00edas considerar contratar a un abogado de choque y fuga para ayudarte a determinar la estrategia legal m\u00e1s adecuada para tu situaci\u00f3n particular. Como regla general, nunca es buena idea abandonar la escena de un accidente. En la mayor\u00eda de los estados, no importa si t\u00fa fuiste o no el responsable del choque: si te vas del lugar, puedes enfrentar cargos por choque y fuga. Existen algunas excepciones, como cuando abandonas la escena en un \u00e1rea rural para llamar a los servicios de emergencia, o cuando se trata de un choque menor en un estacionamiento y dejas tu informaci\u00f3n de contacto al otro conductor.<\/p>\n<p>Los accidentes de choque y fuga pueden ser m\u00e1s complejos que otros tipos de accidentes automovil\u00edsticos porque puede que no tengas identificada a la otra parte ni a su compa\u00f1\u00eda de seguros. Si no puedes identificar al otro conductor, es posible que tengas que presentar tu reclamaci\u00f3n ante tu propia aseguradora. Es normal que te sientas abrumado en estos momentos, pero un abogado de CEO Lawyer Personal Injury Law Firm puede ayudarte a proteger tus derechos legales. Nuestro equipo tiene experiencia tratando con compa\u00f1\u00edas de seguros que intentan resolver los casos por menos de lo que podr\u00eda corresponder seg\u00fan la ley. Obt\u00e9n la representaci\u00f3n legal que necesitas para buscar un acuerdo justo conforme a las circunstancias de tu caso. Contacta a nuestros abogados de lesiones y accidentes en l\u00ednea o llama hoy al <a href=\"tel:+18332542923\">(833) 254-2923<\/a>.<\/p>\n<h2>Por qu\u00e9 los conductores huyen de la escena de un accidente<\/h2>\n<p>Un accidente de choque y fuga puede ser especialmente estresante porque te quedas pregunt\u00e1ndote por qu\u00e9 el otro conductor no se qued\u00f3 para asumir su responsabilidad. Existen varias razones por las que una persona puede huir de la escena de un accidente. Algunas de las razones m\u00e1s comunes son: conducir bajo los efectos del alcohol o drogas, manejar sin licencia y conducir sin seguro. Tambi\u00e9n existen otros factores menos frecuentes, como transportar drogas ilegales en el veh\u00edculo, tener una orden de arresto pendiente o conducir un veh\u00edculo no registrado o robado.<\/p>\n<p>Ninguna de estas razones justifica abandonar la escena de un accidente. Estad\u00edsticamente, los conductores que huyen suelen ser hombres menores de 25 a\u00f1os. Adem\u00e1s, muchos accidentes de choque y fuga ocurren contra veh\u00edculos estacionados y con da\u00f1os m\u00ednimos.<\/p>\n<h2>Tipos de accidentes de choque y fuga<\/h2>\n<p>Existen tres tipos generales de accidentes de choque y fuga en los que puedes verte involucrado.<\/p>\n<ol>\n<li>Un accidente de choque y fuga en el que solo hay da\u00f1os materiales: En este escenario, nadie result\u00f3 lesionado. Puede que estuvieras o no dentro del veh\u00edculo al momento del impacto. Este es el tipo menos grave y es com\u00fan en estacionamientos y en choques menores.<\/li>\n<li>Un accidente de choque y fuga con da\u00f1os materiales y lesiones: En este caso, no solo tu veh\u00edculo sufri\u00f3 da\u00f1os. T\u00fa, un pasajero o incluso un peat\u00f3n resultaron lesionados, ya sea de manera leve o grave.<\/li>\n<li>Un accidente de choque y fuga con resultado fatal: Este es el tipo m\u00e1s grave. En esta situaci\u00f3n, si el conductor es identificado y detenido por la polic\u00eda, puede enfrentar consecuencias penales severas, incluyendo prisi\u00f3n.<\/li>\n<\/ol>\n<p>Como v\u00edctima, puedes tener <a href=\"https:\/\/ceolawyer.com\/faq\/georgia-law\/hit-run-accident\/how-can-i-sue-a-person-for-a-hit-and-run\/\">derecho a solicitar compensaci\u00f3n<\/a> en cualquiera de estos tres tipos de accidentes, conforme a la ley aplicable. Dependiendo del estado donde ocurri\u00f3 el accidente, las sanciones para el conductor responsable pueden ser significativas.<\/p>\n<h2>Un abogado de choque y fuga conoce las leyes de tu estado<\/h2>\n<p>Despu\u00e9s de resultar lesionado en un accidente de choque y fuga, puedes sentirte confundido sobre c\u00f3mo continuar con tu caso. Tal vez hiciste todo correctamente, pero la polic\u00eda no logr\u00f3 localizar al otro conductor. O quiz\u00e1s s\u00ed fue identificado, pero no cuenta con seguro. Por estas razones, estos casos pueden ser dif\u00edciles de manejar por tu cuenta. Un <a href=\"https:\/\/ceolawyer.com\/personal-injury\/\">abogado de lesiones personales<\/a> ha manejado situaciones similares y sabe qu\u00e9 pasos tomar para buscar compensaci\u00f3n por los da\u00f1os a tu veh\u00edculo y tus gastos m\u00e9dicos. Cada estado tiene sus propias leyes en relaci\u00f3n con los accidentes de choque y fuga. No se espera que conozcas a fondo la ley de lesiones personales, pero un abogado puede ayudarte a entender tu caso y desarrollar una estrategia legal s\u00f3lida para buscar compensaci\u00f3n por tus lesiones, da\u00f1os y p\u00e9rdidas. Generalmente, existen <a href=\"https:\/\/www.nolo.com\/legal-encyclopedia\/consequences-hit-run-accident.html\">tres tipos de sanciones<\/a>:<\/p>\n<ul>\n<li><strong>Penales: <\/strong>En algunos estados, abandonar la escena de un accidente conlleva consecuencias penales graves. En ciertos casos, puede considerarse delito grave si una persona huye de un accidente en el que alguien result\u00f3 lesionado. La persona lesionada no tiene que ser el otro conductor; tambi\u00e9n puede ser un pasajero o un peat\u00f3n. Muchos estados que tipifican el choque y fuga como delito grave imponen multas que pueden oscilar entre $5,000 y $20,000. Dependiendo de las circunstancias y la gravedad de las lesiones, huir del lugar puede implicar pena de prisi\u00f3n.<\/li>\n<li><strong>Administrativas: <\/strong>Las sanciones administrativas var\u00edan seg\u00fan el estado. Si eres condenado por un choque y fuga, podr\u00edas perder tu licencia de conducir. El per\u00edodo de suspensi\u00f3n o revocaci\u00f3n depender\u00e1 de las circunstancias espec\u00edficas del accidente.<\/li>\n<li><strong>Civiles: <\/strong>Las sanciones civiles se refieren a la compensaci\u00f3n econ\u00f3mica que el conductor responsable puede deber a la persona lesionada si esta decide presentar una demanda. En este caso, es recomendable contar con un abogado de lesiones por choque y fuga que represente tus intereses.<\/li>\n<\/ul>\n<h2>C\u00f3mo puede ayudarte un despacho de choque y fuga si el otro conductor nunca es identificado<\/h2>\n<p>A pesar de que vivimos en una era con c\u00e1maras en el tablero, vigilancia en carreteras y sistemas de seguridad en propiedades privadas, en algunos casos los conductores que huyen nunca son identificados. Si resultaste lesionado en un accidente, puede parecer que no tienes forma de recuperar tus p\u00e9rdidas. Sin embargo, en muchas situaciones puedes presentar una reclamaci\u00f3n ante tu propia compa\u00f1\u00eda de seguros. A continuaci\u00f3n, se describen las formas m\u00e1s comunes de buscar compensaci\u00f3n por tus p\u00e9rdidas despu\u00e9s de un accidente.<\/p>\n<ul>\n<li><strong>Protecci\u00f3n contra Lesiones Personales: <\/strong>Si vives en un estado con sistema de seguro sin culpa, tu propia p\u00f3liza puede incluir cobertura para compensar tus facturas m\u00e9dicas, salarios perdidos y da\u00f1os a tu propiedad personal. Estas p\u00f3lizas, com\u00fanmente llamadas \u201c<a href=\"https:\/\/www.alllaw.com\/articles\/nolo\/auto-accident\/pip-personal-injury-protection-claims.html\">Protecci\u00f3n contra Lesiones Personales<\/a>\u201d, generalmente cubren solo p\u00e9rdidas econ\u00f3micas, por lo que no incluye compensaci\u00f3n por dolor y sufrimiento.<\/li>\n<li><strong>Cobertura para conductores sin seguro:<\/strong> Es recomendable contar con una <a href=\"https:\/\/ceolawyer.com\/personal-injury\/uninsured-motorist-accident-lawyer\/\">cobertura contra conductores sin seguro<\/a> en tu p\u00f3liza de autom\u00f3vil. Este tipo de cobertura puede ayudarte no solo en un accidente de choque y fuga, sino tambi\u00e9n si alguien te choca y no tiene seguro de auto.<\/li>\n<li><strong>Cobertura por colisi\u00f3n:<\/strong> Esta cobertura aplica a los da\u00f1os sufridos por tu veh\u00edculo, pero no cubre otras p\u00e9rdidas o da\u00f1os adicionales.<\/li>\n<\/ul>\n<p>En conjunto, estas coberturas pueden ayudar a cubrir tus da\u00f1os econ\u00f3micos, pero podr\u00edan no cubrir da\u00f1os no econ\u00f3micos, como dolor y sufrimiento, p\u00e9rdida de ingresos futuros o disminuci\u00f3n de tu capacidad de generar ingresos, dependiendo de tu p\u00f3liza y la ley aplicable.<\/p>\n<p>Aunque est\u00e9s tratando con tu propia aseguradora, es importante tomar ciertas precauciones para proteger tu reclamaci\u00f3n. Nunca admitas culpa por el accidente. Si bien debes reportar el accidente a tu compa\u00f1\u00eda de seguros lo antes posible, tambi\u00e9n podr\u00edas considerar hablar con un <a href=\"https:\/\/ceolawyer.com\/personal-injury\/car-accident-lawyer\/\">abogado de accidentes de auto<\/a> antes de proporcionar una declaraci\u00f3n escrita o grabada, especialmente si la aseguradora la solicita.<\/p>\n<h2>Qu\u00e9 debes hacer si est\u00e1s en un accidente de choque y fuga<\/h2>\n<p>Los accidentes de choque y fuga pueden ser especialmente confusos. Es normal sentir miedo o enojo porque el otro conductor abandon\u00f3 la escena de manera irresponsable. Hay ciertas acciones que debes tomar antes de retirarte del lugar del accidente, siempre que sea seguro hacerlo:<\/p>\n<ul>\n<li>Primero, verifica el estado de cualquier pasajero en tu veh\u00edculo y de otras personas que hayan podido estar involucradas.<\/li>\n<li>Llama a las autoridades de emergencia lo antes posible. Aunque creas que no tienes lesiones graves, permite que un profesional m\u00e9dico te eval\u00fae. Algunas lesiones pueden no parecer serias al inicio o incluso tardar d\u00edas en manifestarse.<\/li>\n<li>Conserva toda la documentaci\u00f3n relacionada con tus lesiones y guarda copias de todos los gastos m\u00e9dicos.<\/li>\n<li>Si cuentas con c\u00e1mara en el tablero u otro sistema de grabaci\u00f3n en tu veh\u00edculo, informa a las autoridades sobre estos dispositivos.<\/li>\n<li>Si es seguro hacerlo, re\u00fane la mayor cantidad de informaci\u00f3n posible en el lugar. Trata de recordar todos los detalles del veh\u00edculo que huy\u00f3 y an\u00f3talos. Proporciona esta informaci\u00f3n a la polic\u00eda. Si puedes, registra la marca, modelo, color y cualquier otro detalle que recuerdes, como el n\u00famero de placa. Incluso informaci\u00f3n parcial puede ser \u00fatil. Tambi\u00e9n intenta recordar la direcci\u00f3n en la que circulaba el veh\u00edculo antes y despu\u00e9s del impacto.<\/li>\n<li>Si lograste ver al conductor, anota cualquier dato sobre su apariencia, como g\u00e9nero, edad aproximada, rasgos f\u00edsicos o vestimenta.<\/li>\n<li>Anota los nombres y datos de contacto de cualquier testigo, as\u00ed como detalles de lo que observaron. A veces los testigos no ofrecen toda la informaci\u00f3n de inmediato, as\u00ed que haz preguntas claras para obtener un relato completo. Puedes preguntar:<\/li>\n<li>\u00bfViste c\u00f3mo ocurri\u00f3 el accidente?<\/li>\n<li>\u00bfPuedes describir el veh\u00edculo?<\/li>\n<li>\u00bfViste al conductor y puedes describirlo?<\/li>\n<li>\u00bfObservaste la placa u otra informaci\u00f3n identificable?<\/li>\n<li>\u00bfSabes en qu\u00e9 direcci\u00f3n ven\u00eda o hacia d\u00f3nde huy\u00f3 el veh\u00edculo?<\/li>\n<li>Toma fotograf\u00edas del lugar del accidente y documenta todos los da\u00f1os y lesiones. Guarda copias para tu abogado.<\/li>\n<\/ul>\n<h2>El equipo legal de choque y fuga de CEO Lawyer Personal Injury Law Firm est\u00e1 aqu\u00ed para ayudarte despu\u00e9s de tu accidente<\/h2>\n<p>CEO Lawyer Personal Injury Law Firm es uno de los despachos de m\u00e1s r\u00e1pido crecimiento en Estados Unidos. Nuestro equipo ha manejado casos similares y est\u00e1 preparado para representarte en la b\u00fasqueda de la compensaci\u00f3n disponible conforme a la ley. (Los resultados anteriores no garantizan resultados similares.) Los accidentes que involucran choque y fuga pueden ser especialmente complejos. Por eso es importante contar con un equipo con experiencia que conozca las leyes de tu estado y que est\u00e9 preparado para tratar con compa\u00f1\u00edas de seguros que intentan ofrecer acuerdos bajos. Para muchas personas, tratar con aseguradoras no es algo cotidiano. Para nuestro equipo legal, es parte de su pr\u00e1ctica diaria. En casos de choque y fuga, puede que no est\u00e9s lidiando con la aseguradora de otra persona, sino con la tuya. Es importante recordar que las compa\u00f1\u00edas de seguros buscan proteger sus propios intereses comerciales.<\/p>\n<p>Si estuviste involucrado en un accidente de choque y fuga, puedes comunicarte con el equipo de la CEO Lawyer Personal Injury Law Firm para recibir orientaci\u00f3n sobre tus opciones legales y la compensaci\u00f3n que podr\u00edas solicitar por gastos m\u00e9dicos, da\u00f1os a la propiedad y otras p\u00e9rdidas relacionadas con el accidente. <a href=\"https:\/\/ceolawyer.com\/contact-us\/\">Contacta a nuestro equipo hoy<\/a> para una consulta sin compromiso al <a href=\"tel:+18332542923\">(833) 254-2923<\/a>.<\/p>\n","protected":false},"excerpt":{"rendered":"<p>Resumen clave: Por qu\u00e9 necesitas a un abogado de accidentes de choque y fuga En un choque y fuga, puedes presentar una reclamaci\u00f3n contra tu propia aseguradora si el responsable no es identificado. Coberturas como Protecci\u00f3n contra Lesiones Personales, conductor sin seguro y colisi\u00f3n pueden ayudarte a cubrir da\u00f1os econ\u00f3micos. Re\u00fane evidencia en la escena: [&hellip;]<\/p>\n","protected":false},"author":18,"featured_media":13126,"parent":13085,"menu_order":0,"comment_status":"closed","ping_status":"closed","template":"","meta":{"_acf_changed":false,"footnotes":""},"class_list":["post-13124","page","type-page","status-publish","has-post-thumbnail","hentry"],"acf":[],"yoast_head":"<!-- This site is optimized with the Yoast SEO plugin v27.2 - https:\/\/yoast.com\/product\/yoast-seo-wordpress\/ -->\n<title>Abogado de accidentes de choque y fuga | CEO Lawyer<\/title>\n<meta name=\"description\" content=\"Los abogados de accidentes por choque y fuga de CEO Lawyer Personal Injury Law Firm est\u00e1n listos para ayudarte a ganar tu caso. Llama hoy al 833-254-2923.\" \/>\n<meta name=\"robots\" content=\"index, follow, max-snippet:-1, max-image-preview:large, max-video-preview:-1\" \/>\n<link rel=\"canonical\" href=\"https:\/\/ceolawyer.com\/espanol\/lesiones-personales\/abogado-accidentes-choque-y-fuga\/\" \/>\n<meta property=\"og:locale\" content=\"en_US\" \/>\n<meta property=\"og:type\" content=\"article\" \/>\n<meta property=\"og:title\" content=\"Abogado de accidentes de choque y fuga | CEO Lawyer\" \/>\n<meta property=\"og:description\" content=\"Los abogados de accidentes por choque y fuga de CEO Lawyer Personal Injury Law Firm est\u00e1n listos para ayudarte a ganar tu caso. Llama hoy al 833-254-2923.\" \/>\n<meta property=\"og:url\" content=\"https:\/\/ceolawyer.com\/espanol\/lesiones-personales\/abogado-accidentes-choque-y-fuga\/\" \/>\n<meta property=\"og:site_name\" content=\"CEO Lawyer\" \/>\n<meta property=\"article:modified_time\" content=\"2026-03-11T12:17:22+00:00\" \/>\n<meta property=\"og:image\" content=\"https:\/\/ceolawyer.com\/espanol\/wp-content\/uploads\/sites\/2\/2026\/03\/hit-and-run-lawyer-es.webp\" \/>\n\t<meta property=\"og:image:width\" content=\"500\" \/>\n\t<meta property=\"og:image:height\" content=\"333\" \/>\n\t<meta property=\"og:image:type\" content=\"image\/webp\" \/>\n<meta name=\"twitter:card\" content=\"summary_large_image\" \/>\n<meta name=\"twitter:label1\" content=\"Est. reading time\" \/>\n\t<meta name=\"twitter:data1\" content=\"9 minutes\" \/>\n<script type=\"application\/ld+json\" class=\"yoast-schema-graph\">{\"@context\":\"https:\/\/schema.org\",\"@graph\":[{\"@type\":\"WebPage\",\"@id\":\"https:\/\/ceolawyer.com\/espanol\/lesiones-personales\/abogado-accidentes-choque-y-fuga\/\",\"url\":\"https:\/\/ceolawyer.com\/espanol\/lesiones-personales\/abogado-accidentes-choque-y-fuga\/\",\"name\":\"Abogado de accidentes de choque y fuga | CEO Lawyer\",\"isPartOf\":{\"@id\":\"https:\/\/ceolawyer.com\/espanol\/#website\"},\"primaryImageOfPage\":{\"@id\":\"https:\/\/ceolawyer.com\/espanol\/lesiones-personales\/abogado-accidentes-choque-y-fuga\/#primaryimage\"},\"image\":{\"@id\":\"https:\/\/ceolawyer.com\/espanol\/lesiones-personales\/abogado-accidentes-choque-y-fuga\/#primaryimage\"},\"thumbnailUrl\":\"https:\/\/ceolawyer.com\/espanol\/wp-content\/uploads\/sites\/2\/2026\/03\/hit-and-run-lawyer-es.webp\",\"datePublished\":\"2026-03-11T11:56:23+00:00\",\"dateModified\":\"2026-03-11T12:17:22+00:00\",\"description\":\"Los abogados de accidentes por choque y fuga de CEO Lawyer Personal Injury Law Firm est\u00e1n listos para ayudarte a ganar tu caso. Llama hoy al 833-254-2923.\",\"breadcrumb\":{\"@id\":\"https:\/\/ceolawyer.com\/espanol\/lesiones-personales\/abogado-accidentes-choque-y-fuga\/#breadcrumb\"},\"inLanguage\":\"en-US\",\"potentialAction\":[{\"@type\":\"ReadAction\",\"target\":[\"https:\/\/ceolawyer.com\/espanol\/lesiones-personales\/abogado-accidentes-choque-y-fuga\/\"]}]},{\"@type\":\"ImageObject\",\"inLanguage\":\"en-US\",\"@id\":\"https:\/\/ceolawyer.com\/espanol\/lesiones-personales\/abogado-accidentes-choque-y-fuga\/#primaryimage\",\"url\":\"https:\/\/ceolawyer.com\/espanol\/wp-content\/uploads\/sites\/2\/2026\/03\/hit-and-run-lawyer-es.webp\",\"contentUrl\":\"https:\/\/ceolawyer.com\/espanol\/wp-content\/uploads\/sites\/2\/2026\/03\/hit-and-run-lawyer-es.webp\",\"width\":500,\"height\":333,\"caption\":\"Un accidente de choque y fuga\"},{\"@type\":\"BreadcrumbList\",\"@id\":\"https:\/\/ceolawyer.com\/espanol\/lesiones-personales\/abogado-accidentes-choque-y-fuga\/#breadcrumb\",\"itemListElement\":[{\"@type\":\"ListItem\",\"position\":1,\"name\":\"Home\",\"item\":\"https:\/\/ceolawyer.com\/espanol\/\"},{\"@type\":\"ListItem\",\"position\":2,\"name\":\"Abogado de lesiones personales\",\"item\":\"https:\/\/ceolawyer.com\/espanol\/lesiones-personales\/\"},{\"@type\":\"ListItem\",\"position\":3,\"name\":\"Abogado de accidente de choque y fuga\"}]},{\"@type\":\"WebSite\",\"@id\":\"https:\/\/ceolawyer.com\/espanol\/#website\",\"url\":\"https:\/\/ceolawyer.com\/espanol\/\",\"name\":\"CEO Lawyer\",\"description\":\"Personal Injury Attorney\",\"publisher\":{\"@id\":\"https:\/\/ceolawyer.com\/espanol\/#organization\"},\"potentialAction\":[{\"@type\":\"SearchAction\",\"target\":{\"@type\":\"EntryPoint\",\"urlTemplate\":\"https:\/\/ceolawyer.com\/espanol\/?s={search_term_string}\"},\"query-input\":{\"@type\":\"PropertyValueSpecification\",\"valueRequired\":true,\"valueName\":\"search_term_string\"}}],\"inLanguage\":\"en-US\"},{\"@type\":\"Organization\",\"@id\":\"https:\/\/ceolawyer.com\/espanol\/#organization\",\"name\":\"CEO Lawyer\",\"url\":\"https:\/\/ceolawyer.com\/espanol\/\",\"logo\":{\"@type\":\"ImageObject\",\"inLanguage\":\"en-US\",\"@id\":\"https:\/\/ceolawyer.com\/espanol\/#\/schema\/logo\/image\/\",\"url\":\"https:\/\/ceolawyer.com\/espanol\/wp-content\/uploads\/sites\/2\/2022\/05\/CEO_Logo.png\",\"contentUrl\":\"https:\/\/ceolawyer.com\/espanol\/wp-content\/uploads\/sites\/2\/2022\/05\/CEO_Logo.png\",\"width\":200,\"height\":108,\"caption\":\"CEO Lawyer\"},\"image\":{\"@id\":\"https:\/\/ceolawyer.com\/espanol\/#\/schema\/logo\/image\/\"}}]}<\/script>\n<!-- \/ Yoast SEO plugin. -->","yoast_head_json":{"title":"Abogado de accidentes de choque y fuga | CEO Lawyer","description":"Los abogados de accidentes por choque y fuga de CEO Lawyer Personal Injury Law Firm est\u00e1n listos para ayudarte a ganar tu caso. Llama hoy al 833-254-2923.","robots":{"index":"index","follow":"follow","max-snippet":"max-snippet:-1","max-image-preview":"max-image-preview:large","max-video-preview":"max-video-preview:-1"},"canonical":"https:\/\/ceolawyer.com\/espanol\/lesiones-personales\/abogado-accidentes-choque-y-fuga\/","og_locale":"en_US","og_type":"article","og_title":"Abogado de accidentes de choque y fuga | CEO Lawyer","og_description":"Los abogados de accidentes por choque y fuga de CEO Lawyer Personal Injury Law Firm est\u00e1n listos para ayudarte a ganar tu caso. Llama hoy al 833-254-2923.","og_url":"https:\/\/ceolawyer.com\/espanol\/lesiones-personales\/abogado-accidentes-choque-y-fuga\/","og_site_name":"CEO Lawyer","article_modified_time":"2026-03-11T12:17:22+00:00","og_image":[{"width":500,"height":333,"url":"https:\/\/ceolawyer.com\/espanol\/wp-content\/uploads\/sites\/2\/2026\/03\/hit-and-run-lawyer-es.webp","type":"image\/webp"}],"twitter_card":"summary_large_image","twitter_misc":{"Est. reading time":"9 minutes"},"schema":{"@context":"https:\/\/schema.org","@graph":[{"@type":"WebPage","@id":"https:\/\/ceolawyer.com\/espanol\/lesiones-personales\/abogado-accidentes-choque-y-fuga\/","url":"https:\/\/ceolawyer.com\/espanol\/lesiones-personales\/abogado-accidentes-choque-y-fuga\/","name":"Abogado de accidentes de choque y fuga | CEO Lawyer","isPartOf":{"@id":"https:\/\/ceolawyer.com\/espanol\/#website"},"primaryImageOfPage":{"@id":"https:\/\/ceolawyer.com\/espanol\/lesiones-personales\/abogado-accidentes-choque-y-fuga\/#primaryimage"},"image":{"@id":"https:\/\/ceolawyer.com\/espanol\/lesiones-personales\/abogado-accidentes-choque-y-fuga\/#primaryimage"},"thumbnailUrl":"https:\/\/ceolawyer.com\/espanol\/wp-content\/uploads\/sites\/2\/2026\/03\/hit-and-run-lawyer-es.webp","datePublished":"2026-03-11T11:56:23+00:00","dateModified":"2026-03-11T12:17:22+00:00","description":"Los abogados de accidentes por choque y fuga de CEO Lawyer Personal Injury Law Firm est\u00e1n listos para ayudarte a ganar tu caso. Llama hoy al 833-254-2923.","breadcrumb":{"@id":"https:\/\/ceolawyer.com\/espanol\/lesiones-personales\/abogado-accidentes-choque-y-fuga\/#breadcrumb"},"inLanguage":"en-US","potentialAction":[{"@type":"ReadAction","target":["https:\/\/ceolawyer.com\/espanol\/lesiones-personales\/abogado-accidentes-choque-y-fuga\/"]}]},{"@type":"ImageObject","inLanguage":"en-US","@id":"https:\/\/ceolawyer.com\/espanol\/lesiones-personales\/abogado-accidentes-choque-y-fuga\/#primaryimage","url":"https:\/\/ceolawyer.com\/espanol\/wp-content\/uploads\/sites\/2\/2026\/03\/hit-and-run-lawyer-es.webp","contentUrl":"https:\/\/ceolawyer.com\/espanol\/wp-content\/uploads\/sites\/2\/2026\/03\/hit-and-run-lawyer-es.webp","width":500,"height":333,"caption":"Un accidente de choque y fuga"},{"@type":"BreadcrumbList","@id":"https:\/\/ceolawyer.com\/espanol\/lesiones-personales\/abogado-accidentes-choque-y-fuga\/#breadcrumb","itemListElement":[{"@type":"ListItem","position":1,"name":"Home","item":"https:\/\/ceolawyer.com\/espanol\/"},{"@type":"ListItem","position":2,"name":"Abogado de lesiones personales","item":"https:\/\/ceolawyer.com\/espanol\/lesiones-personales\/"},{"@type":"ListItem","position":3,"name":"Abogado de accidente de choque y fuga"}]},{"@type":"WebSite","@id":"https:\/\/ceolawyer.com\/espanol\/#website","url":"https:\/\/ceolawyer.com\/espanol\/","name":"CEO Lawyer","description":"Personal Injury Attorney","publisher":{"@id":"https:\/\/ceolawyer.com\/espanol\/#organization"},"potentialAction":[{"@type":"SearchAction","target":{"@type":"EntryPoint","urlTemplate":"https:\/\/ceolawyer.com\/espanol\/?s={search_term_string}"},"query-input":{"@type":"PropertyValueSpecification","valueRequired":true,"valueName":"search_term_string"}}],"inLanguage":"en-US"},{"@type":"Organization","@id":"https:\/\/ceolawyer.com\/espanol\/#organization","name":"CEO Lawyer","url":"https:\/\/ceolawyer.com\/espanol\/","logo":{"@type":"ImageObject","inLanguage":"en-US","@id":"https:\/\/ceolawyer.com\/espanol\/#\/schema\/logo\/image\/","url":"https:\/\/ceolawyer.com\/espanol\/wp-content\/uploads\/sites\/2\/2022\/05\/CEO_Logo.png","contentUrl":"https:\/\/ceolawyer.com\/espanol\/wp-content\/uploads\/sites\/2\/2022\/05\/CEO_Logo.png","width":200,"height":108,"caption":"CEO Lawyer"},"image":{"@id":"https:\/\/ceolawyer.com\/espanol\/#\/schema\/logo\/image\/"}}]}},"_links":{"self":[{"href":"https:\/\/ceolawyer.com\/espanol\/wp-json\/wp\/v2\/pages\/13124","targetHints":{"allow":["GET"]}}],"collection":[{"href":"https:\/\/ceolawyer.com\/espanol\/wp-json\/wp\/v2\/pages"}],"about":[{"href":"https:\/\/ceolawyer.com\/espanol\/wp-json\/wp\/v2\/types\/page"}],"author":[{"embeddable":true,"href":"https:\/\/ceolawyer.com\/espanol\/wp-json\/wp\/v2\/users\/18"}],"replies":[{"embeddable":true,"href":"https:\/\/ceolawyer.com\/espanol\/wp-json\/wp\/v2\/comments?post=13124"}],"version-history":[{"count":0,"href":"https:\/\/ceolawyer.com\/espanol\/wp-json\/wp\/v2\/pages\/13124\/revisions"}],"up":[{"embeddable":true,"href":"https:\/\/ceolawyer.com\/espanol\/wp-json\/wp\/v2\/pages\/13085"}],"wp:featuredmedia":[{"embeddable":true,"href":"https:\/\/ceolawyer.com\/espanol\/wp-json\/wp\/v2\/media\/13126"}],"wp:attachment":[{"href":"https:\/\/ceolawyer.com\/espanol\/wp-json\/wp\/v2\/media?parent=13124"}],"curies":[{"name":"wp","href":"https:\/\/api.w.org\/{rel}","templated":true}]}}