{"id":13133,"date":"2026-03-11T12:30:55","date_gmt":"2026-03-11T12:30:55","guid":{"rendered":"https:\/\/ceolawyer.com\/espanol\/?page_id=13133"},"modified":"2026-03-11T12:35:24","modified_gmt":"2026-03-11T12:35:24","slug":"abogado-negligencia","status":"publish","type":"page","link":"https:\/\/ceolawyer.com\/espanol\/lesiones-personales\/abogado-negligencia\/","title":{"rendered":"Abogado de negligencia"},"content":{"rendered":"<p>Resumen clave: Por qu\u00e9 necesitas a un abogado de negligencia<\/p>\n<ul>\n<li>Busca orientaci\u00f3n legal con CEO Lawyer Personal Injury Law Firm si sufriste da\u00f1os por negligencia y quieres conocer tus opciones de compensaci\u00f3n.<\/li>\n<li>Reclama facturas m\u00e9dicas pasadas y futuras, incluidos tratamientos, rehabilitaci\u00f3n y cuidados continuos relacionados con tu lesi\u00f3n.<\/li>\n<li>Obt\u00e9n compensaci\u00f3n por dolor y sufrimiento, angustia emocional y p\u00e9rdida del disfrute de la vida cuando corresponda.<\/li>\n<li>Reclama da\u00f1os a la propiedad, incluyendo reparaci\u00f3n o reemplazo de bienes afectados por la negligencia.<\/li>\n<li>Recibe representaci\u00f3n sin costos iniciales: solo pagas honorarios si se logra una recuperaci\u00f3n econ\u00f3mica en tu caso.<\/li>\n<\/ul>\n<p>\u00bfNecesitas apoyo? Llama al <a href=\"tel:+18332542923\">(833) 254-2923<\/a>.<\/p>\n<p><img decoding=\"async\" class=\"alignright size-full wp-image-13135\" src=\"https:\/\/ceolawyer.com\/espanol\/wp-content\/uploads\/sites\/2\/2026\/03\/negligence-lawyer-es.webp\" alt=\"Negligencia\" width=\"500\" height=\"333\" srcset=\"https:\/\/ceolawyer.com\/espanol\/wp-content\/uploads\/sites\/2\/2026\/03\/negligence-lawyer-es.webp 500w, https:\/\/ceolawyer.com\/espanol\/wp-content\/uploads\/sites\/2\/2026\/03\/negligence-lawyer-es-300x200.webp 300w\" sizes=\"(max-width: 500px) 100vw, 500px\" \/>La negligencia es un t\u00e9rmino que puede sonar elevado y acad\u00e9mico, pero sus efectos tienen un impacto inmediato que golpea tr\u00e1gicamente muy cerca de casa. Cada vez que alguien act\u00faa de manera negligente, ya sea una persona o una empresa, pone en riesgo la seguridad e incluso la vida de otras personas. Cuando la negligencia resulta en una lesi\u00f3n personal grave o en la muerte, la parte negligente puede ser considerada responsable por el sufrimiento y las p\u00e9rdidas econ\u00f3micas que haya causado, conforme a la ley aplicable. Un abogado de negligencia puede representar a la persona lesionada, ayud\u00e1ndote a documentar tu accidente, establecer pruebas clave y buscar la m\u00e1xima compensaci\u00f3n disponible por todos los da\u00f1os recuperables.<\/p>\n<p>Deja que el equipo de <a href=\"https:\/\/ceolawyer.com\/personal-injury\/\">abogados de lesiones personales<\/a> de CEO Lawyer Personal Injury Law Firm te ayude despu\u00e9s de que t\u00fa y tu familia hayan sido afectados por negligencia. Estamos enfocados en el cliente y tenemos la misi\u00f3n de ayudar a quienes cuentan con acceso limitado a recursos legales. Nuestra reputaci\u00f3n se ha construido trabajando para buscar compensaci\u00f3n de todas las fuentes disponibles, con el objetivo de que puedas retomar tu vida lo antes posible. Contacta a nuestros abogados de lesiones y accidentes en l\u00ednea o llama hoy al <a href=\"tel:+18332542923\">(833) 254-2923<\/a> para programar tu revisi\u00f3n gratuita de caso y descubrir por qu\u00e9 tantas personas conf\u00edan en CEO Lawyer Personal Injury Law Firm cuando m\u00e1s lo necesitan.<\/p>\n<h2>\u00bfQu\u00e9 es la negligencia?<\/h2>\n<p>La negligencia es un t\u00e9rmino legal amplio que puede resumirse en una sola idea: alguien hizo algo que no deb\u00eda hacer, y eso provoc\u00f3 que otra persona resultara lesionada. De manera m\u00e1s espec\u00edfica, la negligencia involucra cuatro elementos principales: deber de cuidado, incumplimiento del deber, causalidad directa y da\u00f1os.<\/p>\n<h3>Deber de cuidado<\/h3>\n<p>El deber de cuidado es una obligaci\u00f3n espec\u00edfica destinada a proteger la salud, la seguridad y la propiedad de otras personas. Todos tenemos el deber de obedecer la ley y actuar de manera razonablemente segura. Los propietarios de inmuebles tienen la obligaci\u00f3n de inspeccionar su propiedad, darle mantenimiento y eliminar peligros en la medida de lo posible. Las empresas, los propietarios y los fabricantes de productos tienen el deber de advertir a los clientes y a otras personas en riesgo sobre cualquier peligro derivado de sus propias acciones. Los profesionales tienen deberes adicionales, definidos por regulaciones espec\u00edficas, as\u00ed como por est\u00e1ndares y directrices profesionales establecidos para su industria en particular.<\/p>\n<h3>Incumplimiento del deber de cuidado<\/h3>\n<p>Un incumplimiento ocurre cada vez que alguien no cumple con su deber de cuidado. Puede realizar acciones espec\u00edficas que violen la ley, como conducir bajo los efectos del alcohol. Tambi\u00e9n puede omitir una acci\u00f3n que habr\u00eda evitado que alguien resultara lesionado, como no recoger una manguera despu\u00e9s de realizar mantenimiento de jardiner\u00eda en una propiedad en alquiler.<\/p>\n<h3>Causa pr\u00f3xima<\/h3>\n<p>En un caso de negligencia, el incumplimiento del deber de cuidado por parte de la persona responsable debe ser la causa m\u00e1s directa o \u201cpr\u00f3xima\u201d de la lesi\u00f3n del demandante. En otras palabras, debes estar preparado para demostrar que tu lesi\u00f3n fue causada directamente por un incumplimiento espec\u00edfico del deber de cuidado. En algunas situaciones puede existir un incumplimiento y producirse una lesi\u00f3n, pero que no est\u00e9n relacionados entre s\u00ed. Para demostrar responsabilidad de manera concreta, tu abogado de negligencia debe establecer ese v\u00ednculo directo.<\/p>\n<h3>Da\u00f1os<\/h3>\n<p>Los da\u00f1os son todas las p\u00e9rdidas sufridas por la persona lesionada como consecuencia del incumplimiento del deber de cuidado por parte de la persona responsable. Las categor\u00edas de da\u00f1os incluyen da\u00f1os especiales, que suman todos los costos monetarios derivados de la lesi\u00f3n, como el costo de la atenci\u00f3n m\u00e9dica necesaria. Una indemnizaci\u00f3n tambi\u00e9n puede incluir da\u00f1os generales no econ\u00f3micos, como el dolor y sufrimiento de la v\u00edctima. Todos los tipos de da\u00f1os deben poder recuperarse a trav\u00e9s del sistema legal \u2014 o, en muchos casos, mediante una reclamaci\u00f3n al seguro \u2014 para que la parte negligente pueda ser considerada legalmente responsable por ellos.<\/p>\n<h2>Tipos comunes de casos que maneja un abogado de negligencia<\/h2>\n<p>A continuaci\u00f3n, se presentan algunos de los tipos m\u00e1s comunes de casos de lesiones personales que involucran negligencia.<\/p>\n<h3>Accidentes de tr\u00e1nsito<\/h3>\n<p>Los accidentes automovil\u00edsticos, accidentes de camiones, accidentes de peatones, accidentes de bicicleta y otros incidentes relacionados con el tr\u00e1fico son causas principales de lesiones y muerte en los Estados Unidos. Seg\u00fan los Centros para el Control y la Prevenci\u00f3n de Enfermedades de los Estados Unidos (CDC), los choques de veh\u00edculos motorizados son una de las <a href=\"https:\/\/www.cdc.gov\/transportation-safety\/\">principales causas de muerte<\/a>, cobrando m\u00e1s de 100 vidas cada d\u00eda. La Administraci\u00f3n Nacional de Seguridad del Tr\u00e1fico en las Carreteras (NHTSA) informa que las acciones del conductor son la causa m\u00e1s inmediata de un choque en el 94% de los casos. La mayor\u00eda de estos accidentes involucran alg\u00fan tipo de error del conductor, o negligencia, incluyendo conducir distra\u00eddo, conducci\u00f3n imprudente, conducir con sue\u00f1o, exceso de velocidad, maniobras ilegales y errores de desempe\u00f1o.<\/p>\n<h3>Lesiones en propiedades<\/h3>\n<p>Las lesiones que ocurren en propiedades p\u00fablicas, privadas o gubernamentales conllevan el riesgo de consecuencias m\u00e9dicas graves, incluyendo la muerte. Uno de los escenarios m\u00e1s comunes en estos casos es que la <a href=\"https:\/\/ceolawyer.com\/personal-injury\/slip-and-fall-injury-accident-lawyer\/\">v\u00edctima resbale o tropiece y luego caiga<\/a>, resultando lesionada. Las ca\u00eddas suelen ser causadas por descuido, falta de mantenimiento adecuado de la propiedad, falta de advertencia, falta de atenci\u00f3n a peligros o incumplimiento de leyes, c\u00f3digos, ordenanzas y regulaciones. Las lesiones en una propiedad tambi\u00e9n pueden ocurrir debido a objetos que caen, colapsos estructurales, incidentes de atrapamiento entre o contra objetos y riesgos ambientales como la electricidad.<\/p>\n<h3>Negligencia m\u00e9dica<\/h3>\n<p>La negligencia m\u00e9dica es un <a href=\"https:\/\/ceolawyer.com\/personal-injury\/medical-malpractice-lawyer\/\">tipo espec\u00edfico de negligencia<\/a> cometida por un proveedor de atenci\u00f3n m\u00e9dica, generalmente un m\u00e9dico. Se espera que los proveedores de atenci\u00f3n cumplan con sus deberes generales de cuidado y sigan los est\u00e1ndares profesionales al tratar a cada paciente. Las desviaciones del est\u00e1ndar de atenci\u00f3n pueden provocar lesiones como diagn\u00f3sticos err\u00f3neos, cirug\u00edas en el lado equivocado, interacciones medicamentosas, accidentes quir\u00fargicos o abandono del paciente.<\/p>\n<h3>Negligencia profesional<\/h3>\n<p>La negligencia m\u00e9dica no es la \u00fanica forma de negligencia profesional que puede causar da\u00f1os graves. Cada vez que un profesional toma atajos o no cumple con su deber de cuidado, pueden producirse lesiones o incluso la muerte. Por ejemplo, un contratista de construcci\u00f3n puede edificar una estructura insegura, o un equipo de limpieza puede liberar sustancias t\u00f3xicas en un lugar de trabajo. Cualquier lesi\u00f3n causada por el incumplimiento de deberes profesionales puede dar lugar a reclamaciones por negligencia y a una posible compensaci\u00f3n para las v\u00edctimas conforme a la ley aplicable. La negligencia profesional tambi\u00e9n puede involucrar da\u00f1os econ\u00f3micos en lugar de lesiones f\u00edsicas, como cuando un equipo de jardiner\u00eda provoca que un s\u00f3tano se inunde y una vivienda colapse.<\/p>\n<h2>\u00bfQu\u00e9 da\u00f1os se pueden reclamar en un caso de negligencia?<\/h2>\n<p>Los da\u00f1os var\u00edan seg\u00fan cada caso en particular. Algunos de los tipos m\u00e1s comunes de da\u00f1os incluyen los siguientes:<\/p>\n<h3>Facturas m\u00e9dicas<\/h3>\n<p>Todas las facturas m\u00e9dicas, pasadas y futuras, pueden estar cubiertas por un acuerdo por negligencia o una indemnizaci\u00f3n otorgada por un tribunal, seg\u00fan corresponda. Eso incluye los costos de transporte en ambulancia, atenci\u00f3n de emergencia, hospitalizaci\u00f3n, estudios diagn\u00f3sticos, pruebas, medicamentos, atenci\u00f3n de enfermer\u00eda, atenci\u00f3n m\u00e9dica especializada y todos los dem\u00e1s procedimientos o gastos razonables y necesarios.<\/p>\n<p>Muchas personas lesionadas que no cuentan con representaci\u00f3n legal no toman en cuenta los costos futuros que tambi\u00e9n deber\u00e1n enfrentar. Estos costos incluyen citas de seguimiento, rehabilitaci\u00f3n y el impacto de condiciones m\u00e9dicas secundarias directamente causadas por la lesi\u00f3n inicial.<\/p>\n<h3>Salarios perdidos<\/h3>\n<p>Los salarios perdidos se refieren a todos los ingresos que la persona lesionada deja de percibir. Cualquier ingreso que pierdas debido a tu lesi\u00f3n puede ser reclamado en un caso de lesiones personales conforme a la ley aplicable. Esto incluye situaciones en las que debes utilizar tus d\u00edas acumulados por enfermedad o vacaciones.<\/p>\n<p>Una reclamaci\u00f3n por salarios perdidos tambi\u00e9n contempla los casos en los que puedes generar ingresos, pero con una capacidad reducida en comparaci\u00f3n con antes del accidente. En situaciones de reducci\u00f3n permanente del potencial de ingresos, la v\u00edctima puede recibir compensaci\u00f3n por p\u00e9rdidas futuras, as\u00ed como por los costos de capacitaci\u00f3n para ingresar a una nueva profesi\u00f3n.<\/p>\n<h3>Gastos de bolsillo<\/h3>\n<p>Los gastos t\u00edpicos relacionados con la negligencia incluyen costos de transporte a citas m\u00e9dicas, la compra de dispositivos m\u00e9dicos de venta libre, el alquiler de veh\u00edculos y otras compras razonables y necesarias derivadas de la lesi\u00f3n.<\/p>\n<h3>Servicios dom\u00e9sticos de reemplazo<\/h3>\n<p>En situaciones en las que la persona lesionada realizaba servicios dom\u00e9sticos para s\u00ed misma o para su hogar, es posible que se pueda solicitar una compensaci\u00f3n razonable para reemplazar esos servicios. Algunos ejemplos incluyen el costo de pagar una lavander\u00eda para lavar la ropa o contratar a una persona para limpiar la casa varias veces por semana.<\/p>\n<h3>Dolor y sufrimiento y otros da\u00f1os generales<\/h3>\n<p>El dolor y sufrimiento que hayas experimentado como resultado directo de la negligencia de la parte responsable puede incluirse en un acuerdo o demanda, conforme a la ley aplicable. Este da\u00f1o puede reflejarse en la incapacidad para realizar o disfrutar ciertas actividades que antes formaban parte de tu vida, incluso en situaciones de par\u00e1lisis temporal o permanente.<\/p>\n<p>La p\u00e9rdida del disfrute de la vida puede presentarse como una reclamaci\u00f3n independiente o como parte del dolor y sufrimiento. Otros da\u00f1os generales pueden incluir compensaci\u00f3n por angustia emocional y p\u00e9rdida de consorcio, es decir, la disminuci\u00f3n en la capacidad de disfrutar relaciones familiares o con tu pareja como antes.<\/p>\n<h3>Da\u00f1os a la propiedad<\/h3>\n<p>En los casos en que la negligencia cause da\u00f1os a la propiedad, los costos de reparaci\u00f3n o reemplazo pueden recuperarse mediante una reclamaci\u00f3n por negligencia. Un ejemplo com\u00fan es la reparaci\u00f3n de un veh\u00edculo da\u00f1ado en un accidente automovil\u00edstico. Algunos casos tambi\u00e9n pueden involucrar \u00fanicamente da\u00f1os a la propiedad, cuando la negligencia provoca la p\u00e9rdida o un da\u00f1o cuantificable significativo a bienes materiales.<\/p>\n<h2>Defiende tu derecho a buscar compensaci\u00f3n despu\u00e9s de ser afectado por negligencia con un despacho de abogados de negligencia<\/h2>\n<p>El equipo legal de abogados con experiencia en negligencia de CEO Lawyer Personal Injury Law Firm est\u00e1 preparado para trabajar estrat\u00e9gicamente en tu caso y aumentar sus probabilidades de \u00e9xito, conforme a los hechos y la ley aplicable. Contamos con experiencia en leyes de negligencia y en resultados de casos previos en m\u00faltiples estados, y estamos preparados para acudir a donde te encuentres para ayudarte en tu proceso de recuperaci\u00f3n despu\u00e9s de un accidente. Lo m\u00e1s importante es que todos nuestros servicios se ofrecen sin costos iniciales para ti. Solo cobramos honorarios si logramos recuperar una compensaci\u00f3n econ\u00f3mica en tu caso. Esto significa que no asumes riesgo financiero al buscar nuestra ayuda, y personas de todos los niveles de ingresos pueden acceder a la representaci\u00f3n legal que necesitan. Representamos a personas frente a aseguradoras, corporaciones y otras partes con amplios recursos.<\/p>\n<p>Descubre c\u00f3mo nuestro equipo puede ayudarte a buscar una recuperaci\u00f3n despu\u00e9s de un accidente causado por la negligencia de otra persona durante una revisi\u00f3n de caso 100% gratuita, confidencial y sin compromiso. Programa tu consulta gratuita con un abogado de negligencia ahora al contactarnos a trav\u00e9s de nuestro conveniente <a href=\"https:\/\/ceolawyer.com\/contact-us\/\">formulario en l\u00ednea<\/a> o llamando al <a href=\"tel:+18332542923\">(833) 254-2923<\/a>.<\/p>\n","protected":false},"excerpt":{"rendered":"<p>Resumen clave: Por qu\u00e9 necesitas a un abogado de negligencia Busca orientaci\u00f3n legal con CEO Lawyer Personal Injury Law Firm si sufriste da\u00f1os por negligencia y quieres conocer tus opciones de compensaci\u00f3n. Reclama facturas m\u00e9dicas pasadas y futuras, incluidos tratamientos, rehabilitaci\u00f3n y cuidados continuos relacionados con tu lesi\u00f3n. Obt\u00e9n compensaci\u00f3n por dolor y sufrimiento, angustia [&hellip;]<\/p>\n","protected":false},"author":18,"featured_media":13135,"parent":13085,"menu_order":0,"comment_status":"closed","ping_status":"closed","template":"","meta":{"_acf_changed":false,"footnotes":""},"class_list":["post-13133","page","type-page","status-publish","has-post-thumbnail","hentry"],"acf":[],"yoast_head":"<!-- This site is optimized with the Yoast SEO plugin v27.2 - https:\/\/yoast.com\/product\/yoast-seo-wordpress\/ -->\n<title>Abofado de negligencia | CEO Lawyer<\/title>\n<meta name=\"description\" content=\"Los abogados de negligencia de CEO Lawyer Personal Injury Law Firm har\u00e1n todo lo necesario para ganar tu caso. Llama al 833-254-2923.\" \/>\n<meta name=\"robots\" content=\"index, follow, max-snippet:-1, max-image-preview:large, max-video-preview:-1\" \/>\n<link rel=\"canonical\" href=\"https:\/\/ceolawyer.com\/espanol\/lesiones-personales\/abogado-negligencia\/\" \/>\n<meta property=\"og:locale\" content=\"en_US\" \/>\n<meta property=\"og:type\" content=\"article\" \/>\n<meta property=\"og:title\" content=\"Abofado de negligencia | CEO Lawyer\" \/>\n<meta property=\"og:description\" content=\"Los abogados de negligencia de CEO Lawyer Personal Injury Law Firm har\u00e1n todo lo necesario para ganar tu caso. Llama al 833-254-2923.\" \/>\n<meta property=\"og:url\" content=\"https:\/\/ceolawyer.com\/espanol\/lesiones-personales\/abogado-negligencia\/\" \/>\n<meta property=\"og:site_name\" content=\"CEO Lawyer\" \/>\n<meta property=\"article:modified_time\" content=\"2026-03-11T12:35:24+00:00\" \/>\n<meta property=\"og:image\" content=\"https:\/\/ceolawyer.com\/espanol\/wp-content\/uploads\/sites\/2\/2026\/03\/negligence-lawyer-es.webp\" \/>\n\t<meta property=\"og:image:width\" content=\"500\" \/>\n\t<meta property=\"og:image:height\" content=\"333\" \/>\n\t<meta property=\"og:image:type\" content=\"image\/webp\" \/>\n<meta name=\"twitter:card\" content=\"summary_large_image\" \/>\n<meta name=\"twitter:label1\" content=\"Est. reading time\" \/>\n\t<meta name=\"twitter:data1\" content=\"9 minutes\" \/>\n<script type=\"application\/ld+json\" class=\"yoast-schema-graph\">{\"@context\":\"https:\/\/schema.org\",\"@graph\":[{\"@type\":\"WebPage\",\"@id\":\"https:\/\/ceolawyer.com\/espanol\/lesiones-personales\/abogado-negligencia\/\",\"url\":\"https:\/\/ceolawyer.com\/espanol\/lesiones-personales\/abogado-negligencia\/\",\"name\":\"Abofado de negligencia | CEO Lawyer\",\"isPartOf\":{\"@id\":\"https:\/\/ceolawyer.com\/espanol\/#website\"},\"primaryImageOfPage\":{\"@id\":\"https:\/\/ceolawyer.com\/espanol\/lesiones-personales\/abogado-negligencia\/#primaryimage\"},\"image\":{\"@id\":\"https:\/\/ceolawyer.com\/espanol\/lesiones-personales\/abogado-negligencia\/#primaryimage\"},\"thumbnailUrl\":\"https:\/\/ceolawyer.com\/espanol\/wp-content\/uploads\/sites\/2\/2026\/03\/negligence-lawyer-es.webp\",\"datePublished\":\"2026-03-11T12:30:55+00:00\",\"dateModified\":\"2026-03-11T12:35:24+00:00\",\"description\":\"Los abogados de negligencia de CEO Lawyer Personal Injury Law Firm har\u00e1n todo lo necesario para ganar tu caso. Llama al 833-254-2923.\",\"breadcrumb\":{\"@id\":\"https:\/\/ceolawyer.com\/espanol\/lesiones-personales\/abogado-negligencia\/#breadcrumb\"},\"inLanguage\":\"en-US\",\"potentialAction\":[{\"@type\":\"ReadAction\",\"target\":[\"https:\/\/ceolawyer.com\/espanol\/lesiones-personales\/abogado-negligencia\/\"]}]},{\"@type\":\"ImageObject\",\"inLanguage\":\"en-US\",\"@id\":\"https:\/\/ceolawyer.com\/espanol\/lesiones-personales\/abogado-negligencia\/#primaryimage\",\"url\":\"https:\/\/ceolawyer.com\/espanol\/wp-content\/uploads\/sites\/2\/2026\/03\/negligence-lawyer-es.webp\",\"contentUrl\":\"https:\/\/ceolawyer.com\/espanol\/wp-content\/uploads\/sites\/2\/2026\/03\/negligence-lawyer-es.webp\",\"width\":500,\"height\":333,\"caption\":\"Negligencia\"},{\"@type\":\"BreadcrumbList\",\"@id\":\"https:\/\/ceolawyer.com\/espanol\/lesiones-personales\/abogado-negligencia\/#breadcrumb\",\"itemListElement\":[{\"@type\":\"ListItem\",\"position\":1,\"name\":\"Home\",\"item\":\"https:\/\/ceolawyer.com\/espanol\/\"},{\"@type\":\"ListItem\",\"position\":2,\"name\":\"Abogado de lesiones personales\",\"item\":\"https:\/\/ceolawyer.com\/espanol\/lesiones-personales\/\"},{\"@type\":\"ListItem\",\"position\":3,\"name\":\"Abogado de negligencia\"}]},{\"@type\":\"WebSite\",\"@id\":\"https:\/\/ceolawyer.com\/espanol\/#website\",\"url\":\"https:\/\/ceolawyer.com\/espanol\/\",\"name\":\"CEO Lawyer\",\"description\":\"Personal Injury Attorney\",\"publisher\":{\"@id\":\"https:\/\/ceolawyer.com\/espanol\/#organization\"},\"potentialAction\":[{\"@type\":\"SearchAction\",\"target\":{\"@type\":\"EntryPoint\",\"urlTemplate\":\"https:\/\/ceolawyer.com\/espanol\/?s={search_term_string}\"},\"query-input\":{\"@type\":\"PropertyValueSpecification\",\"valueRequired\":true,\"valueName\":\"search_term_string\"}}],\"inLanguage\":\"en-US\"},{\"@type\":\"Organization\",\"@id\":\"https:\/\/ceolawyer.com\/espanol\/#organization\",\"name\":\"CEO Lawyer\",\"url\":\"https:\/\/ceolawyer.com\/espanol\/\",\"logo\":{\"@type\":\"ImageObject\",\"inLanguage\":\"en-US\",\"@id\":\"https:\/\/ceolawyer.com\/espanol\/#\/schema\/logo\/image\/\",\"url\":\"https:\/\/ceolawyer.com\/espanol\/wp-content\/uploads\/sites\/2\/2022\/05\/CEO_Logo.png\",\"contentUrl\":\"https:\/\/ceolawyer.com\/espanol\/wp-content\/uploads\/sites\/2\/2022\/05\/CEO_Logo.png\",\"width\":200,\"height\":108,\"caption\":\"CEO Lawyer\"},\"image\":{\"@id\":\"https:\/\/ceolawyer.com\/espanol\/#\/schema\/logo\/image\/\"}}]}<\/script>\n<!-- \/ Yoast SEO plugin. -->","yoast_head_json":{"title":"Abofado de negligencia | CEO Lawyer","description":"Los abogados de negligencia de CEO Lawyer Personal Injury Law Firm har\u00e1n todo lo necesario para ganar tu caso. Llama al 833-254-2923.","robots":{"index":"index","follow":"follow","max-snippet":"max-snippet:-1","max-image-preview":"max-image-preview:large","max-video-preview":"max-video-preview:-1"},"canonical":"https:\/\/ceolawyer.com\/espanol\/lesiones-personales\/abogado-negligencia\/","og_locale":"en_US","og_type":"article","og_title":"Abofado de negligencia | CEO Lawyer","og_description":"Los abogados de negligencia de CEO Lawyer Personal Injury Law Firm har\u00e1n todo lo necesario para ganar tu caso. Llama al 833-254-2923.","og_url":"https:\/\/ceolawyer.com\/espanol\/lesiones-personales\/abogado-negligencia\/","og_site_name":"CEO Lawyer","article_modified_time":"2026-03-11T12:35:24+00:00","og_image":[{"width":500,"height":333,"url":"https:\/\/ceolawyer.com\/espanol\/wp-content\/uploads\/sites\/2\/2026\/03\/negligence-lawyer-es.webp","type":"image\/webp"}],"twitter_card":"summary_large_image","twitter_misc":{"Est. reading time":"9 minutes"},"schema":{"@context":"https:\/\/schema.org","@graph":[{"@type":"WebPage","@id":"https:\/\/ceolawyer.com\/espanol\/lesiones-personales\/abogado-negligencia\/","url":"https:\/\/ceolawyer.com\/espanol\/lesiones-personales\/abogado-negligencia\/","name":"Abofado de negligencia | CEO Lawyer","isPartOf":{"@id":"https:\/\/ceolawyer.com\/espanol\/#website"},"primaryImageOfPage":{"@id":"https:\/\/ceolawyer.com\/espanol\/lesiones-personales\/abogado-negligencia\/#primaryimage"},"image":{"@id":"https:\/\/ceolawyer.com\/espanol\/lesiones-personales\/abogado-negligencia\/#primaryimage"},"thumbnailUrl":"https:\/\/ceolawyer.com\/espanol\/wp-content\/uploads\/sites\/2\/2026\/03\/negligence-lawyer-es.webp","datePublished":"2026-03-11T12:30:55+00:00","dateModified":"2026-03-11T12:35:24+00:00","description":"Los abogados de negligencia de CEO Lawyer Personal Injury Law Firm har\u00e1n todo lo necesario para ganar tu caso. Llama al 833-254-2923.","breadcrumb":{"@id":"https:\/\/ceolawyer.com\/espanol\/lesiones-personales\/abogado-negligencia\/#breadcrumb"},"inLanguage":"en-US","potentialAction":[{"@type":"ReadAction","target":["https:\/\/ceolawyer.com\/espanol\/lesiones-personales\/abogado-negligencia\/"]}]},{"@type":"ImageObject","inLanguage":"en-US","@id":"https:\/\/ceolawyer.com\/espanol\/lesiones-personales\/abogado-negligencia\/#primaryimage","url":"https:\/\/ceolawyer.com\/espanol\/wp-content\/uploads\/sites\/2\/2026\/03\/negligence-lawyer-es.webp","contentUrl":"https:\/\/ceolawyer.com\/espanol\/wp-content\/uploads\/sites\/2\/2026\/03\/negligence-lawyer-es.webp","width":500,"height":333,"caption":"Negligencia"},{"@type":"BreadcrumbList","@id":"https:\/\/ceolawyer.com\/espanol\/lesiones-personales\/abogado-negligencia\/#breadcrumb","itemListElement":[{"@type":"ListItem","position":1,"name":"Home","item":"https:\/\/ceolawyer.com\/espanol\/"},{"@type":"ListItem","position":2,"name":"Abogado de lesiones personales","item":"https:\/\/ceolawyer.com\/espanol\/lesiones-personales\/"},{"@type":"ListItem","position":3,"name":"Abogado de negligencia"}]},{"@type":"WebSite","@id":"https:\/\/ceolawyer.com\/espanol\/#website","url":"https:\/\/ceolawyer.com\/espanol\/","name":"CEO Lawyer","description":"Personal Injury Attorney","publisher":{"@id":"https:\/\/ceolawyer.com\/espanol\/#organization"},"potentialAction":[{"@type":"SearchAction","target":{"@type":"EntryPoint","urlTemplate":"https:\/\/ceolawyer.com\/espanol\/?s={search_term_string}"},"query-input":{"@type":"PropertyValueSpecification","valueRequired":true,"valueName":"search_term_string"}}],"inLanguage":"en-US"},{"@type":"Organization","@id":"https:\/\/ceolawyer.com\/espanol\/#organization","name":"CEO Lawyer","url":"https:\/\/ceolawyer.com\/espanol\/","logo":{"@type":"ImageObject","inLanguage":"en-US","@id":"https:\/\/ceolawyer.com\/espanol\/#\/schema\/logo\/image\/","url":"https:\/\/ceolawyer.com\/espanol\/wp-content\/uploads\/sites\/2\/2022\/05\/CEO_Logo.png","contentUrl":"https:\/\/ceolawyer.com\/espanol\/wp-content\/uploads\/sites\/2\/2022\/05\/CEO_Logo.png","width":200,"height":108,"caption":"CEO Lawyer"},"image":{"@id":"https:\/\/ceolawyer.com\/espanol\/#\/schema\/logo\/image\/"}}]}},"_links":{"self":[{"href":"https:\/\/ceolawyer.com\/espanol\/wp-json\/wp\/v2\/pages\/13133","targetHints":{"allow":["GET"]}}],"collection":[{"href":"https:\/\/ceolawyer.com\/espanol\/wp-json\/wp\/v2\/pages"}],"about":[{"href":"https:\/\/ceolawyer.com\/espanol\/wp-json\/wp\/v2\/types\/page"}],"author":[{"embeddable":true,"href":"https:\/\/ceolawyer.com\/espanol\/wp-json\/wp\/v2\/users\/18"}],"replies":[{"embeddable":true,"href":"https:\/\/ceolawyer.com\/espanol\/wp-json\/wp\/v2\/comments?post=13133"}],"version-history":[{"count":0,"href":"https:\/\/ceolawyer.com\/espanol\/wp-json\/wp\/v2\/pages\/13133\/revisions"}],"up":[{"embeddable":true,"href":"https:\/\/ceolawyer.com\/espanol\/wp-json\/wp\/v2\/pages\/13085"}],"wp:featuredmedia":[{"embeddable":true,"href":"https:\/\/ceolawyer.com\/espanol\/wp-json\/wp\/v2\/media\/13135"}],"wp:attachment":[{"href":"https:\/\/ceolawyer.com\/espanol\/wp-json\/wp\/v2\/media?parent=13133"}],"curies":[{"name":"wp","href":"https:\/\/api.w.org\/{rel}","templated":true}]}}