{"id":13148,"date":"2026-03-11T13:01:23","date_gmt":"2026-03-11T13:01:23","guid":{"rendered":"https:\/\/ceolawyer.com\/espanol\/?page_id=13148"},"modified":"2026-03-11T13:04:49","modified_gmt":"2026-03-11T13:04:49","slug":"abogado-accidentes-de-uber","status":"publish","type":"page","link":"https:\/\/ceolawyer.com\/espanol\/lesiones-personales\/abogado-accidentes-de-uber\/","title":{"rendered":"Abogado de accidentes de Uber"},"content":{"rendered":"<p>Resumen clave<\/p>\n<ul>\n<li>Analizamos qui\u00e9n puede ser responsable en un accidente de Uber, incluyendo conductores, fabricantes y entidades gubernamentales.<\/li>\n<li>Explicamos los tipos de da\u00f1os que podr\u00edas reclamar, tanto econ\u00f3micos como no econ\u00f3micos.<\/li>\n<li>Detallamos c\u00f3mo funcionan las coberturas de seguro de Uber seg\u00fan el per\u00edodo del conductor en la aplicaci\u00f3n.<\/li>\n<li>Describimos c\u00f3mo un abogado puede investigar, evaluar responsabilidad y negociar con aseguradoras en tu nombre.<\/li>\n<li>CEO Lawyer Personal Injury Law Firm ofrece evaluaciones de caso sin costo para personas lesionadas en accidentes de Uber.<\/li>\n<\/ul>\n<p>\u00bfNecesitas apoyo? Llama al <a href=\"tel:+18332542923\">(833) 254-2923<\/a>.<\/p>\n<p>Si sufriste lesiones en un accidente de Uber, es posible que te sientas asustado y ansioso sobre qu\u00e9 hacer despu\u00e9s. Aunque los accidentes de Uber pueden ser devastadores, ocurren cada vez con mayor frecuencia cada a\u00f1o, as\u00ed que no est\u00e1s solo. Un abogado de accidentes de Uber puede ayudarte a navegar el proceso legal, que puede ser complejo, y orientarte para buscar la compensaci\u00f3n que puedas necesitar conforme a la ley.<\/p>\n<p>Un abogado de accidentes de Uber puede revisar todos los hechos de tu caso para determinar qui\u00e9n podr\u00eda ser considerado responsable y ayudarte a identificar los da\u00f1os que hayas sufrido como resultado del accidente. Ya sea que fueras pasajero, conductor o peat\u00f3n involucrado en un accidente de Uber, es importante que entiendas tus derechos y c\u00f3mo un abogado puede asistirte. Con un profesional legal de tu lado, puedes tener mayor tranquilidad sabiendo que tu caso est\u00e1 siendo manejado de manera estrat\u00e9gica y diligente.<\/p>\n<p>No dudes en comunicarte hoy mismo con el equipo de CEO Lawyer Personal Injury Law Firm. Bajo el liderazgo de su fundador y director, Ali Awad, contamos con un equipo legal con experiencia en accidentes de Uber que sabe c\u00f3mo utilizar las leyes y regulaciones federales, estatales y locales a tu favor.<\/p>\n<p>Tu primera consulta siempre es gratuita y confidencial, sin obligaci\u00f3n de continuar trabajando juntos despu\u00e9s. Tambi\u00e9n podemos ofrecer representaci\u00f3n bajo honorarios por contingencia, lo que significa que no pagar\u00e1s por nuestros servicios a menos que logremos obtener compensaci\u00f3n para ti. Los resultados pasados no garantizan resultados similares.<\/p>\n<h2>\u00bfQu\u00e9 es un abogado de accidentes de Uber?<\/h2>\n<p>Un profesional legal con licencia y experiencia en presentar y litigar reclamaciones relacionadas con accidentes que involucran veh\u00edculos de Uber. Trabaja para proteger los derechos de personas que resultan lesionadas o sufren da\u00f1os como consecuencia de estos accidentes. Con su conocimiento profesional, puede ayudarte a entender tus derechos legales, evaluar el alcance de tus da\u00f1os y negociar con las compa\u00f1\u00edas de seguros para buscar un acuerdo justo conforme a las circunstancias. Un abogado ideal de accidentes de Uber debe contar con habilidades esenciales:<\/p>\n<ul>\n<li>Conocimiento de las leyes y regulaciones estatales relacionadas con accidentes de Uber.<\/li>\n<li>Experiencia negociando con compa\u00f1\u00edas de seguros.<\/li>\n<li>Recursos suficientes para investigar a fondo tu reclamaci\u00f3n y construir un caso s\u00f3lido.<\/li>\n<li>Comprensi\u00f3n profunda de las complejidades asociadas con los casos de accidentes de Uber.<\/li>\n<li>Compromiso con la protecci\u00f3n de tus intereses y la b\u00fasqueda de justicia conforme a la ley.<\/li>\n<\/ul>\n<p>Con un abogado de tu lado, puedes contar con representaci\u00f3n s\u00f3lida y efectiva para tu reclamaci\u00f3n, as\u00ed como mayor tranquilidad durante el proceso. Nuestro <a href=\"https:\/\/ceolawyer.com\/case-results\/\">historial de acuerdos y resoluciones favorables<\/a> para clientes lesionados respalda nuestra experiencia, aunque cada caso es diferente. Comun\u00edcate para hablar con un abogado que pueda ayudarte a entender el sistema y evitar errores comunes que podr\u00edan afectar tu capacidad de buscar la compensaci\u00f3n completa disponible.<\/p>\n<h2>\u00bfCu\u00e1ndo deber\u00edas recurrir a un abogado de accidentes de Uber?<\/h2>\n<p>Si sufriste lesiones en un accidente de Uber, quiz\u00e1s te preguntes si vale la pena presentar una reclamaci\u00f3n contra la empresa de transporte por aplicaci\u00f3n. La realidad es que enfrentar a una compa\u00f1\u00eda de esta magnitud para buscar compensaci\u00f3n por la totalidad de tus da\u00f1os puede ser un proceso dif\u00edcil e intimidante. En algunos casos, pueden ofrecer acuerdos por montos limitados; en otros, podr\u00edan intentar evitar responsabilidad por distintas razones.<\/p>\n<p>Aunque Uber y otras empresas de transporte compartido pueden contar con estrategias legales para limitar su responsabilidad, tambi\u00e9n existen protecciones legales a nivel estatal y federal que buscan garantizar que puedas reclamar la compensaci\u00f3n que la ley permita en tu situaci\u00f3n. Algunos ejemplos de distintos tipos de accidentes de Uber incluyen:<\/p>\n<ul>\n<li>Colisiones vehiculares causadas por negligencia del conductor de Uber que afectan a pasajeros u otras personas en la v\u00eda.<\/li>\n<li>Lesiones derivadas de un veh\u00edculo de Uber con <a href=\"https:\/\/www.uber.com\/us\/en\/drive\/requirements\/vehicle-requirements\/?city=new-york\">mantenimiento inadecuado<\/a>.<\/li>\n<li>Condiciones inseguras de la carretera que provocan lesiones a conductores o pasajeros mientras viajan en un Uber.<\/li>\n<li>Agresiones o agresiones sexuales sufridas por un pasajero durante un viaje con un conductor de Uber.<\/li>\n<\/ul>\n<p>Si estuviste involucrado en un accidente, es importante consultar con un abogado con licencia para analizar tu caso.<\/p>\n<h2>\u00bfCu\u00e1les son las causas m\u00e1s comunes de accidentes de Uber?<\/h2>\n<p>Con el aumento en el uso de aplicaciones de transporte, cada a\u00f1o se reportan m\u00e1s accidentes. Entre las causas m\u00e1s comunes de accidentes de Uber se encuentran:<\/p>\n<ul>\n<li>Negligencia o descuido del conductor.<\/li>\n<li>Conducir bajo la influencia del alcohol.<\/li>\n<li>Conducci\u00f3n distra\u00edda.<\/li>\n<li>Fallas mec\u00e1nicas o mantenimiento inadecuado del veh\u00edculo.<\/li>\n<li>Malas condiciones de la carretera o se\u00f1alizaci\u00f3n insuficiente.<\/li>\n<li>Incumplimiento de las leyes de tr\u00e1nsito.<\/li>\n<li>Desconocimiento de las v\u00edas, autopistas y calles.<\/li>\n<li>Conductores sin licencia v\u00e1lida o con historial de conductas peligrosas.<\/li>\n<\/ul>\n<p>En general, los factores m\u00e1s frecuentes que contribuyen a los accidentes de Uber incluyen conductas imprudentes y el incumplimiento de las normas de tr\u00e1nsito. Conductores que env\u00edan mensajes de texto mientras conducen, exceden los l\u00edmites de velocidad, siguen demasiado de cerca a otros veh\u00edculos, ignoran se\u00f1ales de alto o sem\u00e1foros en rojo, o conducen bajo los efectos de drogas o alcohol, ponen en riesgo su vida y la de los dem\u00e1s.<\/p>\n<p>La seguridad siempre debe ser la prioridad principal al estar al volante. No hacerlo puede resultar en consecuencias f\u00edsicas y financieras graves.<\/p>\n<h2>\u00bfCu\u00e1ntos accidentes de uber ocurren cada a\u00f1o?<\/h2>\n<p>En 2022, se realizaron m\u00e1s de <a href=\"https:\/\/www.businessofapps.com\/data\/uber-statistics\/\">7.6 mil millones de viajes de Uber en todo el mundo<\/a>. La empresa no publica todos los detalles sobre la cantidad exacta de choques y accidentes cada a\u00f1o, pero considerando el volumen diario de viajes, es inevitable que ocurran accidentes. Entre 2019 y 2020, <a href=\"https:\/\/www.theverge.com\/2022\/7\/1\/23191123\/uber-safety-report-sexual-assault-traffic-death-2019-2020\">la empresa estuvo involucrada en 91 accidentes fatales<\/a> que resultaron en un total de 101 muertes. Las colisiones fatales ocurrieron por diversos factores, incluidos conducir bajo la influencia del alcohol, exceso de velocidad y la presencia de usuarios vulnerables en la v\u00eda.<\/p>\n<p>Adem\u00e1s de otros conductores, peatones y ciclistas tambi\u00e9n estuvieron involucrados en varios incidentes, as\u00ed como usuarios de scooters y motociclistas terceros. Un estudio de 2018 realizado por la Universidad de Chicago y la Universidad de Rice encontr\u00f3 que Uber y Lyft contribuyeron a un aumento del 2% al 3% en las muertes por accidentes de tr\u00e1nsito en Estados Unidos desde 2011.<\/p>\n<p>Asimismo, estad\u00edsticas que la empresa ha comenzado a reportar indican que entre 2017 y 2018 se registraron <a href=\"https:\/\/www.theverge.com\/2022\/7\/1\/23191123\/uber-safety-report-sexual-assault-traffic-death-2019-2020\">5,981 agresiones<\/a>. Posteriormente, entre 2019 y 2020, se reportaron 3,824 agresiones sexuales durante viajes de Uber. Es importante tener en cuenta que tambi\u00e9n puedes buscar compensaci\u00f3n cuando ocurren este tipo de agresiones. Un abogado de accidentes de Uber puede orientarte y representarte en este tipo de situaciones conforme a la ley aplicable.<\/p>\n<h2>\u00bfQui\u00e9n puede ser responsable en un accidente de uber?<\/h2>\n<p>Si sufriste lesiones en un accidente de Uber, es natural que quieras saber qui\u00e9n puede ser considerado responsable por los da\u00f1os que has sufrido. M\u00e1s all\u00e1 de Uber, existen varias otras partes que podr\u00edan ser consideradas responsables en un caso de accidente:<\/p>\n<p>El otro conductor involucrado en el choque.<\/p>\n<p>El fabricante de una pieza automotriz defectuosa.<\/p>\n<p>Un municipio o gobierno local responsable de una carretera o intersecci\u00f3n peligrosa.<\/p>\n<p>El empleador de un conductor que estaba trabajando al momento del accidente.<\/p>\n<p>El paso m\u00e1s importante que dar\u00e1 un abogado de accidentes de Uber es realizar una investigaci\u00f3n exhaustiva sobre los detalles de la participaci\u00f3n de cada parte en tu accidente. Tu abogado puede revisar reportes policiales, expedientes m\u00e9dicos, declaraciones de testigos y otras pruebas para determinar la responsabilidad y evaluar si cualquier oferta de acuerdo propuesta por las partes involucradas es justa. Con su ayuda, puedes aumentar tus posibilidades de recuperar una compensaci\u00f3n por tus p\u00e9rdidas.<\/p>\n<h2>\u00bfQu\u00e9 da\u00f1os podr\u00edas reclamar en un caso de accidente de uber?<\/h2>\n<p>Si estuviste involucrado en un accidente de Uber, podr\u00edas tener derecho a dos tipos de da\u00f1os: econ\u00f3micos y no econ\u00f3micos.<\/p>\n<h3>Da\u00f1os econ\u00f3micos<\/h3>\n<p>Son aquellos que implican un costo financiero directo. Pueden incluir salarios perdidos, facturas m\u00e9dicas, da\u00f1os o reemplazo de propiedad, as\u00ed como gastos de transporte o cuidado infantil, adem\u00e1s de cualquier otro gasto de tu bolsillo derivado de tu lesi\u00f3n.<\/p>\n<h3>Da\u00f1os no econ\u00f3micos<\/h3>\n<p>Se refieren a p\u00e9rdidas intangibles. Dependiendo de las circunstancias, podr\u00edas buscar compensaci\u00f3n por dolor y sufrimiento, trauma emocional, p\u00e9rdida de consorcio y otras consecuencias que no pueden asignarse a una cantidad espec\u00edfica en d\u00f3lares.<\/p>\n<p>Ten en cuenta que los da\u00f1os que podr\u00edas recuperar probablemente depender\u00e1n del tipo de <a href=\"https:\/\/www.uber.com\/us\/en\/drive\/insurance\/\">cobertura de seguro<\/a> que tenga el conductor de Uber. Existen tres tipos principales de cobertura: cobertura para viajes compartidos (rideshare), protecci\u00f3n contra lesiones personales (PIP) y cobertura para conductores sin seguro o sin cobertura suficiente (UM\/UIM).<\/p>\n<p>El tipo de seguro aplicable depender\u00e1 de la etapa (o \u201c<a href=\"https:\/\/www.thezebra.com\/auto-insurance\/driver\/profession\/uber-car-insurance-requirements\/\">per\u00edodo<\/a>\u201d) en la que se encontraba el conductor cuando ocurri\u00f3 la colisi\u00f3n. Por ejemplo, si el conductor estaba transportando activamente a un pasajero, podr\u00edas tener acceso a una cobertura mayor que si el conductor solo se dirig\u00eda a recoger a alguien.<\/p>\n<h2>\u00bfQu\u00e9 cobertura ofrece uber en caso de accidentes y lesiones?<\/h2>\n<p>El tipo de cobertura disponible depende tanto de la p\u00f3liza que el conductor ya tenga como de su estado en la aplicaci\u00f3n al momento del accidente. Cuando el conductor est\u00e1 conectado a la aplicaci\u00f3n y esperando una solicitud de viaje, Uber complementa su p\u00f3liza existente para garantizar al menos lo siguiente:<\/p>\n<ul>\n<li>$50,000 d\u00f3lares por lesiones corporales por persona.<\/li>\n<li>$100,000 d\u00f3lares por lesiones corporales por accidente.<\/li>\n<li>$25,000 d\u00f3lares por da\u00f1os a la propiedad por accidente.<\/li>\n<\/ul>\n<p>Cuando el conductor transporta a un pasajero o va en camino a recogerlo, la compa\u00f1\u00eda ofrece hasta $1,000,000 en cobertura de responsabilidad excedente. Esta cobertura solo est\u00e1 disponible cuando el conductor realiza una transacci\u00f3n leg\u00edtima de transporte, y pueden aplicarse otras condiciones. Uber es conocida por interpretar estrictamente los t\u00e9rminos de sus p\u00f3lizas para limitar el pago de cobertura en la medida permitida. No asumas que no tienes cobertura disponible para tus lesiones.<\/p>\n<p>Hablar con un <a href=\"https:\/\/ceolawyer.com\/personal-injury\/\">abogado de lesiones personales<\/a> puede ayudarte a entender tus derechos y a enfrentar las t\u00e1cticas que algunas compa\u00f1\u00edas de transporte compartido utilizan para reducir su exposici\u00f3n a responsabilidad.<\/p>\n<h2>\u00bfC\u00f3mo puede ayudarte un abogado de accidentes de uber a determinar el valor de tu caso?<\/h2>\n<p>Si sufriste lesiones en un accidente de Uber, es normal preguntarte cu\u00e1nto podr\u00eda valer tu caso. Conocer una posible estimaci\u00f3n puede ayudarte a tomar decisiones informadas sobre c\u00f3mo avanzar con tu reclamaci\u00f3n. Un abogado de accidentes de Uber puede orientarte sobre el valor potencial de tu caso y ayudarte a buscar la compensaci\u00f3n que corresponda conforme a la ley. Estos son algunos de los pasos que el equipo de CEO Lawyer Personal Injury Law Firm puede tomar para evaluar tu caso:<\/p>\n<h2>Estimar los da\u00f1os<\/h2>\n<p>Sus abogados tienen experiencia evaluando este tipo de reclamaciones y analizar\u00e1n tu caso desde una perspectiva legal para estimar una cantidad razonable, bas\u00e1ndose en casos similares y en los procedimientos aplicables.<\/p>\n<h2>Investigar las leyes locales<\/h2>\n<p>Las leyes sobre compensaci\u00f3n por accidentes var\u00edan seg\u00fan el estado. Un abogado con experiencia puede identificar las normas relevantes que podr\u00edan influir en el valor de tu caso.<\/p>\n<h2>Evaluar la responsabilidad<\/h2>\n<p>Si m\u00e1s de una parte es responsable de tus da\u00f1os o existen circunstancias que influyan en la determinaci\u00f3n de responsabilidad, tu abogado puede ayudarte a investigar estos factores y buscar que cada parte asuma su posible responsabilidad conforme a la ley.<\/p>\n<h2>Negociar con las compa\u00f1\u00edas de seguros<\/h2>\n<p>Negociar directamente con aseguradoras puede ser complejo. Un <a href=\"https:\/\/ceolawyer.com\/personal-injury\/car-accident-lawyer\/\">abogado de accidentes automovil\u00edsticos<\/a> puede representarte durante las negociaciones y trabajar para buscar una compensaci\u00f3n justa seg\u00fan los hechos de tu caso. \u00bfQuieres saber m\u00e1s? Puedes utilizar la herramienta gratuita de estimaci\u00f3n de casos al final de esta p\u00e1gina.<\/p>\n<h2>Contacta hoy a una firma de abogados de accidentes de uber<\/h2>\n<p>El equipo de CEO Lawyer Personal Injury Law Firm est\u00e1 comprometido a apoyarte en momentos dif\u00edciles. Pueden ayudarte a comprender el alcance de tus derechos legales y a tomar medidas para buscar la compensaci\u00f3n que podr\u00edas tener derecho a reclamar.<\/p>\n<p>Comun\u00edcate hoy para programar una evaluaci\u00f3n de caso sin costo y sin compromiso con un abogado con experiencia en accidentes de Uber utilizando el <a href=\"https:\/\/ceolawyer.com\/contact-us\/\">formulario de contacto<\/a> en nuestra p\u00e1gina. Tambi\u00e9n puedes llamarnos al <a href=\"tel:+18332542923\">(833) 254-2923<\/a>.<\/p>\n","protected":false},"excerpt":{"rendered":"<p>Resumen clave Analizamos qui\u00e9n puede ser responsable en un accidente de Uber, incluyendo conductores, fabricantes y entidades gubernamentales. Explicamos los tipos de da\u00f1os que podr\u00edas reclamar, tanto econ\u00f3micos como no econ\u00f3micos. Detallamos c\u00f3mo funcionan las coberturas de seguro de Uber seg\u00fan el per\u00edodo del conductor en la aplicaci\u00f3n. Describimos c\u00f3mo un abogado puede investigar, evaluar [&hellip;]<\/p>\n","protected":false},"author":18,"featured_media":0,"parent":13085,"menu_order":0,"comment_status":"closed","ping_status":"closed","template":"","meta":{"_acf_changed":false,"footnotes":""},"class_list":["post-13148","page","type-page","status-publish","hentry"],"acf":[],"yoast_head":"<!-- This site is optimized with the Yoast SEO plugin v27.2 - https:\/\/yoast.com\/product\/yoast-seo-wordpress\/ -->\n<title>Abogado de accidentes de Uber | CEO Lawyer<\/title>\n<meta name=\"description\" content=\"\u00bfTe lastimaste en un accidente mientras viajabas en Uber? Los abogados de accidentes en viajes compartidos de CEO Lawyer Personal Injury Law Firm est\u00e1n aqu\u00ed para ayudarte. Llama al 833-254-2923.\" \/>\n<meta name=\"robots\" content=\"index, follow, max-snippet:-1, max-image-preview:large, max-video-preview:-1\" \/>\n<link rel=\"canonical\" href=\"https:\/\/ceolawyer.com\/espanol\/lesiones-personales\/abogado-accidentes-de-uber\/\" \/>\n<meta property=\"og:locale\" content=\"en_US\" \/>\n<meta property=\"og:type\" content=\"article\" \/>\n<meta property=\"og:title\" content=\"Abogado de accidentes de Uber | CEO Lawyer\" \/>\n<meta property=\"og:description\" content=\"\u00bfTe lastimaste en un accidente mientras viajabas en Uber? Los abogados de accidentes en viajes compartidos de CEO Lawyer Personal Injury Law Firm est\u00e1n aqu\u00ed para ayudarte. Llama al 833-254-2923.\" \/>\n<meta property=\"og:url\" content=\"https:\/\/ceolawyer.com\/espanol\/lesiones-personales\/abogado-accidentes-de-uber\/\" \/>\n<meta property=\"og:site_name\" content=\"CEO Lawyer\" \/>\n<meta property=\"article:modified_time\" content=\"2026-03-11T13:04:49+00:00\" \/>\n<meta name=\"twitter:card\" content=\"summary_large_image\" \/>\n<meta name=\"twitter:label1\" content=\"Est. reading time\" \/>\n\t<meta name=\"twitter:data1\" content=\"10 minutes\" \/>\n<script type=\"application\/ld+json\" class=\"yoast-schema-graph\">{\"@context\":\"https:\/\/schema.org\",\"@graph\":[{\"@type\":\"WebPage\",\"@id\":\"https:\/\/ceolawyer.com\/espanol\/lesiones-personales\/abogado-accidentes-de-uber\/\",\"url\":\"https:\/\/ceolawyer.com\/espanol\/lesiones-personales\/abogado-accidentes-de-uber\/\",\"name\":\"Abogado de accidentes de Uber | CEO Lawyer\",\"isPartOf\":{\"@id\":\"https:\/\/ceolawyer.com\/espanol\/#website\"},\"datePublished\":\"2026-03-11T13:01:23+00:00\",\"dateModified\":\"2026-03-11T13:04:49+00:00\",\"description\":\"\u00bfTe lastimaste en un accidente mientras viajabas en Uber? Los abogados de accidentes en viajes compartidos de CEO Lawyer Personal Injury Law Firm est\u00e1n aqu\u00ed para ayudarte. Llama al 833-254-2923.\",\"breadcrumb\":{\"@id\":\"https:\/\/ceolawyer.com\/espanol\/lesiones-personales\/abogado-accidentes-de-uber\/#breadcrumb\"},\"inLanguage\":\"en-US\",\"potentialAction\":[{\"@type\":\"ReadAction\",\"target\":[\"https:\/\/ceolawyer.com\/espanol\/lesiones-personales\/abogado-accidentes-de-uber\/\"]}]},{\"@type\":\"BreadcrumbList\",\"@id\":\"https:\/\/ceolawyer.com\/espanol\/lesiones-personales\/abogado-accidentes-de-uber\/#breadcrumb\",\"itemListElement\":[{\"@type\":\"ListItem\",\"position\":1,\"name\":\"Home\",\"item\":\"https:\/\/ceolawyer.com\/espanol\/\"},{\"@type\":\"ListItem\",\"position\":2,\"name\":\"Abogado de lesiones personales\",\"item\":\"https:\/\/ceolawyer.com\/espanol\/lesiones-personales\/\"},{\"@type\":\"ListItem\",\"position\":3,\"name\":\"Abogado de accidentes de Uber\"}]},{\"@type\":\"WebSite\",\"@id\":\"https:\/\/ceolawyer.com\/espanol\/#website\",\"url\":\"https:\/\/ceolawyer.com\/espanol\/\",\"name\":\"CEO Lawyer\",\"description\":\"Personal Injury Attorney\",\"publisher\":{\"@id\":\"https:\/\/ceolawyer.com\/espanol\/#organization\"},\"potentialAction\":[{\"@type\":\"SearchAction\",\"target\":{\"@type\":\"EntryPoint\",\"urlTemplate\":\"https:\/\/ceolawyer.com\/espanol\/?s={search_term_string}\"},\"query-input\":{\"@type\":\"PropertyValueSpecification\",\"valueRequired\":true,\"valueName\":\"search_term_string\"}}],\"inLanguage\":\"en-US\"},{\"@type\":\"Organization\",\"@id\":\"https:\/\/ceolawyer.com\/espanol\/#organization\",\"name\":\"CEO Lawyer\",\"url\":\"https:\/\/ceolawyer.com\/espanol\/\",\"logo\":{\"@type\":\"ImageObject\",\"inLanguage\":\"en-US\",\"@id\":\"https:\/\/ceolawyer.com\/espanol\/#\/schema\/logo\/image\/\",\"url\":\"https:\/\/ceolawyer.com\/espanol\/wp-content\/uploads\/sites\/2\/2022\/05\/CEO_Logo.png\",\"contentUrl\":\"https:\/\/ceolawyer.com\/espanol\/wp-content\/uploads\/sites\/2\/2022\/05\/CEO_Logo.png\",\"width\":200,\"height\":108,\"caption\":\"CEO Lawyer\"},\"image\":{\"@id\":\"https:\/\/ceolawyer.com\/espanol\/#\/schema\/logo\/image\/\"}}]}<\/script>\n<!-- \/ Yoast SEO plugin. -->","yoast_head_json":{"title":"Abogado de accidentes de Uber | CEO Lawyer","description":"\u00bfTe lastimaste en un accidente mientras viajabas en Uber? Los abogados de accidentes en viajes compartidos de CEO Lawyer Personal Injury Law Firm est\u00e1n aqu\u00ed para ayudarte. Llama al 833-254-2923.","robots":{"index":"index","follow":"follow","max-snippet":"max-snippet:-1","max-image-preview":"max-image-preview:large","max-video-preview":"max-video-preview:-1"},"canonical":"https:\/\/ceolawyer.com\/espanol\/lesiones-personales\/abogado-accidentes-de-uber\/","og_locale":"en_US","og_type":"article","og_title":"Abogado de accidentes de Uber | CEO Lawyer","og_description":"\u00bfTe lastimaste en un accidente mientras viajabas en Uber? Los abogados de accidentes en viajes compartidos de CEO Lawyer Personal Injury Law Firm est\u00e1n aqu\u00ed para ayudarte. Llama al 833-254-2923.","og_url":"https:\/\/ceolawyer.com\/espanol\/lesiones-personales\/abogado-accidentes-de-uber\/","og_site_name":"CEO Lawyer","article_modified_time":"2026-03-11T13:04:49+00:00","twitter_card":"summary_large_image","twitter_misc":{"Est. reading time":"10 minutes"},"schema":{"@context":"https:\/\/schema.org","@graph":[{"@type":"WebPage","@id":"https:\/\/ceolawyer.com\/espanol\/lesiones-personales\/abogado-accidentes-de-uber\/","url":"https:\/\/ceolawyer.com\/espanol\/lesiones-personales\/abogado-accidentes-de-uber\/","name":"Abogado de accidentes de Uber | CEO Lawyer","isPartOf":{"@id":"https:\/\/ceolawyer.com\/espanol\/#website"},"datePublished":"2026-03-11T13:01:23+00:00","dateModified":"2026-03-11T13:04:49+00:00","description":"\u00bfTe lastimaste en un accidente mientras viajabas en Uber? Los abogados de accidentes en viajes compartidos de CEO Lawyer Personal Injury Law Firm est\u00e1n aqu\u00ed para ayudarte. Llama al 833-254-2923.","breadcrumb":{"@id":"https:\/\/ceolawyer.com\/espanol\/lesiones-personales\/abogado-accidentes-de-uber\/#breadcrumb"},"inLanguage":"en-US","potentialAction":[{"@type":"ReadAction","target":["https:\/\/ceolawyer.com\/espanol\/lesiones-personales\/abogado-accidentes-de-uber\/"]}]},{"@type":"BreadcrumbList","@id":"https:\/\/ceolawyer.com\/espanol\/lesiones-personales\/abogado-accidentes-de-uber\/#breadcrumb","itemListElement":[{"@type":"ListItem","position":1,"name":"Home","item":"https:\/\/ceolawyer.com\/espanol\/"},{"@type":"ListItem","position":2,"name":"Abogado de lesiones personales","item":"https:\/\/ceolawyer.com\/espanol\/lesiones-personales\/"},{"@type":"ListItem","position":3,"name":"Abogado de accidentes de Uber"}]},{"@type":"WebSite","@id":"https:\/\/ceolawyer.com\/espanol\/#website","url":"https:\/\/ceolawyer.com\/espanol\/","name":"CEO Lawyer","description":"Personal Injury Attorney","publisher":{"@id":"https:\/\/ceolawyer.com\/espanol\/#organization"},"potentialAction":[{"@type":"SearchAction","target":{"@type":"EntryPoint","urlTemplate":"https:\/\/ceolawyer.com\/espanol\/?s={search_term_string}"},"query-input":{"@type":"PropertyValueSpecification","valueRequired":true,"valueName":"search_term_string"}}],"inLanguage":"en-US"},{"@type":"Organization","@id":"https:\/\/ceolawyer.com\/espanol\/#organization","name":"CEO Lawyer","url":"https:\/\/ceolawyer.com\/espanol\/","logo":{"@type":"ImageObject","inLanguage":"en-US","@id":"https:\/\/ceolawyer.com\/espanol\/#\/schema\/logo\/image\/","url":"https:\/\/ceolawyer.com\/espanol\/wp-content\/uploads\/sites\/2\/2022\/05\/CEO_Logo.png","contentUrl":"https:\/\/ceolawyer.com\/espanol\/wp-content\/uploads\/sites\/2\/2022\/05\/CEO_Logo.png","width":200,"height":108,"caption":"CEO Lawyer"},"image":{"@id":"https:\/\/ceolawyer.com\/espanol\/#\/schema\/logo\/image\/"}}]}},"_links":{"self":[{"href":"https:\/\/ceolawyer.com\/espanol\/wp-json\/wp\/v2\/pages\/13148","targetHints":{"allow":["GET"]}}],"collection":[{"href":"https:\/\/ceolawyer.com\/espanol\/wp-json\/wp\/v2\/pages"}],"about":[{"href":"https:\/\/ceolawyer.com\/espanol\/wp-json\/wp\/v2\/types\/page"}],"author":[{"embeddable":true,"href":"https:\/\/ceolawyer.com\/espanol\/wp-json\/wp\/v2\/users\/18"}],"replies":[{"embeddable":true,"href":"https:\/\/ceolawyer.com\/espanol\/wp-json\/wp\/v2\/comments?post=13148"}],"version-history":[{"count":0,"href":"https:\/\/ceolawyer.com\/espanol\/wp-json\/wp\/v2\/pages\/13148\/revisions"}],"up":[{"embeddable":true,"href":"https:\/\/ceolawyer.com\/espanol\/wp-json\/wp\/v2\/pages\/13085"}],"wp:attachment":[{"href":"https:\/\/ceolawyer.com\/espanol\/wp-json\/wp\/v2\/media?parent=13148"}],"curies":[{"name":"wp","href":"https:\/\/api.w.org\/{rel}","templated":true}]}}